{"id":8891,"date":"2022-09-08T20:47:44","date_gmt":"2022-09-08T18:47:44","guid":{"rendered":"https:\/\/theresales.nl\/?post_type=product&#038;p=8891"},"modified":"2026-01-24T11:56:15","modified_gmt":"2026-01-24T10:56:15","slug":"ferm-living-kerzenhalter-luce","status":"publish","type":"product","link":"https:\/\/theresales.nl\/de\/product\/ferm-living-candle-holder-luce\/","title":{"rendered":"Ferm Living Kerzenhalter Luce"},"content":{"rendered":"<p>Deutsch <a href=\"https:\/\/fermliving.com\/collections\/aw22-collection?gclid=Cj0KCQiA4uCcBhDdARIsAH5jyUkM6AJ_s4--55NQTnRuz-Gx1bP_MIXg20NoHPPcrffh_dJ3DBF4A7oaAvkuEALw_wcB\">Ferm Leben<\/a> Kerzenhalter Luce Steckt ein antikes <a href=\"https:\/\/theresales.nl\/de\/produktkategorie\/wohnaccessoires\/\">Kerzenst\u00e4nder<\/a> in einem modernen Gewand und Sie erhalten den Luce Kerzenst\u00e4nder von Ferm Living. Das hitzebest\u00e4ndige Glas verleiht ihm nicht nur ein modernes Aussehen, sondern sch\u00fctzt auch die Kerze vor Wind oder Zugluft. Stimmungsoll, nicht wahr!<\/p>","protected":false},"excerpt":{"rendered":"<div class=\"woocommerce-product-details__short-description\">\n<p><strong>Neupreis: 39,- \u20ac<\/strong><\/p>\n<p><strong>Abmessungen<\/strong><br \/>\nBreite: 14,5 cm<strong><br \/>\n<\/strong>H\u00f6he: 14 cm<br \/>\nTiefe: 17 cm<\/p>\n<p><strong>Farbe<\/strong>Glas<\/p>\n<\/div>\n<div class=\"woocommerce-product-details__short-description\">\n<p><strong>Material<\/strong>Glas<\/p>\n<p><b>Anzahl St\u00fcck: 6<\/b><\/p>\n<\/div>","protected":false},"featured_media":9186,"template":"","meta":{"_acf_changed":false},"product_brand":[],"product_cat":[90],"product_tag":[307],"ontwerper":[],"class_list":{"0":"post-8891","1":"product","2":"type-product","3":"status-publish","4":"has-post-thumbnail","6":"product_cat-woonaccessoires","7":"product_tag-ferm-living","9":"first","10":"instock","11":"shipping-taxable","12":"purchasable","13":"product-type-simple"},"acf":[],"yoast_head":"<!-- This site is optimized with the Yoast SEO plugin v27.5 - https:\/\/yoast.com\/product\/yoast-seo-wordpress\/ -->\n<title>Ferm Living Candle Holder Luce - TheReSales<\/title>\n<meta name=\"description\" content=\"De Ferm Living Candle Holder Luce\u00a0Steekt een antieke kandelaar in een modern jasje en je krijgt de Luce kandelaar van Ferm Living. Het hittebestendige glas.\" \/>\n<meta name=\"robots\" content=\"index, follow, max-snippet:-1, max-image-preview:large, max-video-preview:-1\" \/>\n<link rel=\"canonical\" href=\"https:\/\/theresales.nl\/de\/produkt\/ferm-living-kerzenhalter-luce\/\" \/>\n<meta property=\"og:locale\" content=\"de_DE\" \/>\n<meta property=\"og:type\" content=\"article\" \/>\n<meta property=\"og:title\" content=\"Ferm Living Candle Holder Luce - TheReSales\" \/>\n<meta property=\"og:description\" content=\"De Ferm Living Candle Holder Luce\u00a0Steekt een antieke kandelaar in een modern jasje en je krijgt de Luce kandelaar van Ferm Living. Het hittebestendige glas.\" \/>\n<meta property=\"og:url\" content=\"https:\/\/theresales.nl\/de\/produkt\/ferm-living-kerzenhalter-luce\/\" \/>\n<meta property=\"og:site_name\" content=\"TheReSales\" \/>\n<meta property=\"article:publisher\" content=\"https:\/\/www.facebook.com\/theresales.nl\" \/>\n<meta property=\"article:modified_time\" content=\"2026-01-24T10:56:15+00:00\" \/>\n<meta property=\"og:image\" content=\"https:\/\/theresales.nl\/wp-content\/uploads\/2022\/09\/20220503_104210131_iOS.jpg\" \/>\n\t<meta property=\"og:image:width\" content=\"1500\" \/>\n\t<meta property=\"og:image:height\" content=\"1125\" \/>\n\t<meta property=\"og:image:type\" content=\"image\/jpeg\" \/>\n<meta name=\"twitter:card\" content=\"summary_large_image\" \/>\n<meta name=\"twitter:label1\" content=\"Gesch\u00e4tzte Lesezeit\" \/>\n\t<meta name=\"twitter:data1\" content=\"1\u00a0Minute\" \/>\n<!-- \/ Yoast SEO plugin. -->","yoast_head_json":{"title":"Ferm Living Kerzenhalter Luce - TheReSales","description":"Platzieren Sie einen antiken Kerzenst\u00e4nder in einem modernen Gewand und Sie erhalten den Luce Kerzenst\u00e4nder von Ferm Living. Das hitzebest\u00e4ndige Glas.","robots":{"index":"index","follow":"follow","max-snippet":"max-snippet:-1","max-image-preview":"max-image-preview:large","max-video-preview":"max-video-preview:-1"},"canonical":"https:\/\/theresales.nl\/de\/produkt\/ferm-living-kerzenhalter-luce\/","og_locale":"de_DE","og_type":"article","og_title":"Ferm Living Candle Holder Luce - TheReSales","og_description":"De Ferm Living Candle Holder Luce\u00a0Steekt een antieke kandelaar in een modern jasje en je krijgt de Luce kandelaar van Ferm Living. Het hittebestendige glas.","og_url":"https:\/\/theresales.nl\/de\/produkt\/ferm-living-kerzenhalter-luce\/","og_site_name":"TheReSales","article_publisher":"https:\/\/www.facebook.com\/theresales.nl","article_modified_time":"2026-01-24T10:56:15+00:00","og_image":[{"width":1500,"height":1125,"url":"https:\/\/theresales.nl\/wp-content\/uploads\/2022\/09\/20220503_104210131_iOS.jpg","type":"image\/jpeg"}],"twitter_card":"summary_large_image","twitter_misc":{"Gesch\u00e4tzte Lesezeit":"1\u00a0Minute"},"schema":{"@context":"https:\/\/schema.org","@graph":[{"@type":"WebPage","@id":"https:\/\/theresales.nl\/product\/ferm-living-candle-holder-luce\/","url":"https:\/\/theresales.nl\/product\/ferm-living-candle-holder-luce\/","name":"Ferm Living Kerzenhalter Luce - TheReSales","isPartOf":{"@id":"https:\/\/theresales.nl\/#website"},"primaryImageOfPage":{"@id":"https:\/\/theresales.nl\/product\/ferm-living-candle-holder-luce\/#primaryimage"},"image":{"@id":"https:\/\/theresales.nl\/product\/ferm-living-candle-holder-luce\/#primaryimage"},"thumbnailUrl":"https:\/\/theresales.nl\/wp-content\/uploads\/2022\/09\/20220503_104210131_iOS.jpg","datePublished":"2022-09-08T18:47:44+00:00","dateModified":"2026-01-24T10:56:15+00:00","description":"Platzieren Sie einen antiken Kerzenst\u00e4nder in einem modernen Gewand und Sie erhalten den Luce Kerzenst\u00e4nder von Ferm Living. Das hitzebest\u00e4ndige Glas.","breadcrumb":{"@id":"https:\/\/theresales.nl\/product\/ferm-living-candle-holder-luce\/#breadcrumb"},"inLanguage":"de","potentialAction":[{"@type":"ReadAction","target":["https:\/\/theresales.nl\/product\/ferm-living-candle-holder-luce\/"]}]},{"@type":"ImageObject","inLanguage":"de","@id":"https:\/\/theresales.nl\/product\/ferm-living-candle-holder-luce\/#primaryimage","url":"https:\/\/theresales.nl\/wp-content\/uploads\/2022\/09\/20220503_104210131_iOS.jpg","contentUrl":"https:\/\/theresales.nl\/wp-content\/uploads\/2022\/09\/20220503_104210131_iOS.jpg","width":1500,"height":1125,"caption":"woonaccessoires-ferm-living-candle-holder-luce-theresales"},{"@type":"BreadcrumbList","@id":"https:\/\/theresales.nl\/product\/ferm-living-candle-holder-luce\/#breadcrumb","itemListElement":[{"@type":"ListItem","position":1,"name":"Home","item":"https:\/\/theresales.nl\/"},{"@type":"ListItem","position":2,"name":"Collectie","item":"https:\/\/theresales.nl\/collectie\/"},{"@type":"ListItem","position":3,"name":"Ferm Living Candle Holder Luce"}]},{"@type":"WebSite","@id":"https:\/\/theresales.nl\/#website","url":"https:\/\/theresales.nl\/","name":"TheReSales","description":"Tweedehands Design Meubelen","publisher":{"@id":"https:\/\/theresales.nl\/#organization"},"potentialAction":[{"@type":"SearchAction","target":{"@type":"EntryPoint","urlTemplate":"https:\/\/theresales.nl\/?s={search_term_string}"},"query-input":{"@type":"PropertyValueSpecification","valueRequired":true,"valueName":"search_term_string"}}],"inLanguage":"de"},{"@type":"Organization","@id":"https:\/\/theresales.nl\/#organization","name":"TheReSales","url":"https:\/\/theresales.nl\/","logo":{"@type":"ImageObject","inLanguage":"de","@id":"https:\/\/theresales.nl\/#\/schema\/logo\/image\/","url":"https:\/\/theresales.nl\/wp-content\/uploads\/2026\/04\/Logo-TheReSales.png","contentUrl":"https:\/\/theresales.nl\/wp-content\/uploads\/2026\/04\/Logo-TheReSales.png","width":1200,"height":304,"caption":"TheReSales"},"image":{"@id":"https:\/\/theresales.nl\/#\/schema\/logo\/image\/"},"sameAs":["https:\/\/www.facebook.com\/theresales.nl","https:\/\/www.instagram.com\/_theresales_\/","https:\/\/nl.pinterest.com\/theresalesgroningen\/","https:\/\/www.linkedin.com\/company\/theresales\/"]}]}},"_links":{"self":[{"href":"https:\/\/theresales.nl\/de\/wp-json\/wp\/v2\/product\/8891","targetHints":{"allow":["GET"]}}],"collection":[{"href":"https:\/\/theresales.nl\/de\/wp-json\/wp\/v2\/product"}],"about":[{"href":"https:\/\/theresales.nl\/de\/wp-json\/wp\/v2\/types\/product"}],"wp:featuredmedia":[{"embeddable":true,"href":"https:\/\/theresales.nl\/de\/wp-json\/wp\/v2\/media\/9186"}],"wp:attachment":[{"href":"https:\/\/theresales.nl\/de\/wp-json\/wp\/v2\/media?parent=8891"}],"wp:term":[{"taxonomy":"product_brand","embeddable":true,"href":"https:\/\/theresales.nl\/de\/wp-json\/wp\/v2\/product_brand?post=8891"},{"taxonomy":"product_cat","embeddable":true,"href":"https:\/\/theresales.nl\/de\/wp-json\/wp\/v2\/product_cat?post=8891"},{"taxonomy":"product_tag","embeddable":true,"href":"https:\/\/theresales.nl\/de\/wp-json\/wp\/v2\/product_tag?post=8891"},{"taxonomy":"ontwerper","embeddable":true,"href":"https:\/\/theresales.nl\/de\/wp-json\/wp\/v2\/ontwerper?post=8891"}],"curies":[{"name":"wp","href":"https:\/\/api.w.org\/{rel}","templated":true}]}}

<p>Deutsch <a href="https://fermliving.com/collections/aw22-collection?gclid=Cj0KCQiA4uCcBhDdARIsAH5jyUkM6AJ_s4--55NQTnRuz-Gx1bP_MIXg20NoHPPcrffh_dJ3DBF4A7oaAvkuEALw_wcB">Ferm Leben</a> Kerzenhalter Luce Steckt ein antikes <a href="https://theresales.nl/de/produktkategorie/wohnaccessoires/">Kerzenständer</a> in einem modernen Gewand und Sie erhalten den Luce Kerzenständer von Ferm Living. Das hitzebeständige Glas verleiht ihm nicht nur ein modernes Aussehen, sondern schützt auch die Kerze vor Wind oder Zugluft. Stimmungsoll, nicht wahr!</p>

<div class="woocommerce-product-details__short-description">
<p><strong>Neupreis: 39,- €</strong></p>
<p><strong>Abmessungen</strong><br />
Breite: 14,5 cm<strong><br />
</strong>Höhe: 14 cm<br />
Tiefe: 17 cm</p>
<p><strong>Farbe</strong>Glas</p>
</div>
<div class="woocommerce-product-details__short-description">
<p><strong>Material</strong>Glas</p>
<p><b>Anzahl Stück: 6</b></p>
</div>

<!-- This site is optimized with the Yoast SEO plugin v27.5 - https://yoast.com/product/yoast-seo-wordpress/ -->
<title>Ferm Living Candle Holder Luce - TheReSales</title>
<meta name="description" content="De Ferm Living Candle Holder Luce Steekt een antieke kandelaar in een modern jasje en je krijgt de Luce kandelaar van Ferm Living. Het hittebestendige glas." />
<meta name="robots" content="index, follow, max-snippet:-1, max-image-preview:large, max-video-preview:-1" />
<link rel="canonical" href="https://theresales.nl/de/produkt/ferm-living-kerzenhalter-luce/" />
<meta property="og:locale" content="de_DE" />
<meta property="og:type" content="article" />
<meta property="og:title" content="Ferm Living Candle Holder Luce - TheReSales" />
<meta property="og:description" content="De Ferm Living Candle Holder Luce Steekt een antieke kandelaar in een modern jasje en je krijgt de Luce kandelaar van Ferm Living. Het hittebestendige glas." />
<meta property="og:url" content="https://theresales.nl/de/produkt/ferm-living-kerzenhalter-luce/" />
<meta property="og:site_name" content="TheReSales" />
<meta property="article:publisher" content="https://www.facebook.com/theresales.nl" />
<meta property="article:modified_time" content="2026-01-24T10:56:15+00:00" />
<meta property="og:image" content="https://theresales.nl/wp-content/uploads/2022/09/20220503_104210131_iOS.jpg" />
	<meta property="og:image:width" content="1500" />
	<meta property="og:image:height" content="1125" />
	<meta property="og:image:type" content="image/jpeg" />
<meta name="twitter:card" content="summary_large_image" />
<meta name="twitter:label1" content="Geschätzte Lesezeit" />
	<meta name="twitter:data1" content="1 Minute" />
<!-- / Yoast SEO plugin. -->

Platzieren Sie einen antiken Kerzenständer in einem modernen Gewand und Sie erhalten den Luce Kerzenständer von Ferm Living. Das hitzebeständige Glas.
