{"id":50886,"date":"2026-04-16T16:04:54","date_gmt":"2026-04-16T14:04:54","guid":{"rendered":"https:\/\/theresales.nl\/?post_type=product&#038;p=50886"},"modified":"2026-04-16T16:10:27","modified_gmt":"2026-04-16T14:10:27","slug":"buzzispace-buzzicube-3d-rosa","status":"publish","type":"product","link":"https:\/\/theresales.nl\/de\/product\/buzzispace-buzzicube-3d-roze\/","title":{"rendered":"BuzziSpace BuzziCube 3D rosa"},"content":{"rendered":"<p data-path-to-node=\"2\">Diese <b data-path-to-node=\"2\" data-index-in-node=\"5\">BuzziSpace BuzziCube 3D<\/b> <strong>rosa<\/strong> ist eigenwillig und funktional <a href=\"https:\/\/theresales.nl\/de\/produktkategorie\/poef-hocker-voetenbank\/\">Puff<\/a>, entworfen von dem <b data-path-to-node=\"2\" data-index-in-node=\"89\">BuzziSpace Design Team<\/b> in Zusammenarbeit mit Designer <b data-path-to-node=\"2\" data-index-in-node=\"143\">Alain Gilles<\/b> f\u00fcr die 3D-Gestaltung). Was diesen Hocker wirklich besonders macht, ist nicht nur die auff\u00e4llige rosa Farbe, sondern auch die akustische Wirkung: Der W\u00fcrfel besteht aus schallabsorbierendem Schaumstoff und ist mit recyceltem Filzstoff bezogen (<b data-path-to-node=\"2\" data-index-in-node=\"370\">BuzziFelt<\/b>damit, wodurch er hilft, den Nachhall in einem Raum zu reduzieren.<\/p>\n<p data-path-to-node=\"3\">Die 3D-Struktur verleiht dem Hocker eine moderne, fast architektonische Ausstrahlung. Er ist mit einer strapazierf\u00e4higen Mischung aus recycelter Wolle und Polyacryl bezogen, was ihn weich und gleichzeitig sehr abriebfest macht. Wie auf den Fotos zu sehen ist, befindet sich dieser <b data-path-to-node=\"2\" data-index-in-node=\"5\"><a href=\"https:\/\/www.instagram.com\/buzzispace\/\">BuzziRaum<\/a> <\/b> <b data-path-to-node=\"3\" data-index-in-node=\"250\"><a href=\"https:\/\/theresales.nl\/de\/merke\/buzzispace\/\">BuzziW\u00fcrfel<\/a> 3D<\/b> <strong>rosa<\/strong> in einem ausgezeichneten Zustand und er sieht aus wie neu. Dank des Schwarzen <b data-path-to-node=\"3\" data-index-in-node=\"335\">Anti-Rutsch-Unterseite<\/b> er bleibt fest an seinem Platz, egal ob Sie ihn als zus\u00e4tzliche Sitzgelegenheit, Fu\u00dfhocker oder Dekorationsgegenstand verwenden. Ein fr\u00f6hlicher und praktischer Designklassiker, der Ihrem Interieur sofort Atmosph\u00e4re und Ruhe verleiht.<\/p>","protected":false},"excerpt":{"rendered":"<p><strong>Abmessungen<\/strong><br \/>\nBreite: 90 cm<br \/>\nTiefe: 47 cm<br \/>\nH\u00f6he: 47 cm<\/p>\n<p><strong>Farbe<\/strong> Rosa<\/p>\n<p><strong>Material<\/strong> Hochwertiger Filz (oft <b data-path-to-node=\"1,0,0\" data-index-in-node=\"34\">BuzziFelt<\/b>). Dies ist hergestellt aus 100% recycelten PET-Flaschen.<\/p>","protected":false},"featured_media":50887,"template":"","meta":{"_acf_changed":false},"product_brand":[],"product_cat":[25],"product_tag":[334],"ontwerper":[],"class_list":{"0":"post-50886","1":"product","2":"type-product","3":"status-publish","4":"has-post-thumbnail","6":"product_cat-poef-hocker-voetenbank","7":"product_tag-buzzispace","9":"first","10":"instock","11":"shipping-taxable","12":"purchasable","13":"product-type-simple"},"acf":[],"yoast_head":"<!-- This site is optimized with the Yoast SEO plugin v27.5 - https:\/\/yoast.com\/product\/yoast-seo-wordpress\/ -->\n<title>BuzziSpace BuzziCube 3D roze - TheReSales<\/title>\n<meta name=\"description\" content=\"BuzziSpace BuzziCube 3D roze poef. Akoestisch design van Alain Gilles, gemaakt van gerecyclede viltstof. Zo goed als nieuw en direct leverbaar.\" \/>\n<meta name=\"robots\" content=\"index, follow, max-snippet:-1, max-image-preview:large, max-video-preview:-1\" \/>\n<link rel=\"canonical\" href=\"https:\/\/theresales.nl\/de\/produkt\/buzzispace-buzzicube-3d-rosa\/\" \/>\n<meta property=\"og:locale\" content=\"de_DE\" \/>\n<meta property=\"og:type\" content=\"article\" \/>\n<meta property=\"og:title\" content=\"BuzziSpace BuzziCube 3D roze - TheReSales\" \/>\n<meta property=\"og:description\" content=\"BuzziSpace BuzziCube 3D roze poef. Akoestisch design van Alain Gilles, gemaakt van gerecyclede viltstof. Zo goed als nieuw en direct leverbaar.\" \/>\n<meta property=\"og:url\" content=\"https:\/\/theresales.nl\/de\/produkt\/buzzispace-buzzicube-3d-rosa\/\" \/>\n<meta property=\"og:site_name\" content=\"TheReSales\" \/>\n<meta property=\"article:publisher\" content=\"https:\/\/www.facebook.com\/theresales.nl\" \/>\n<meta property=\"article:modified_time\" content=\"2026-04-16T14:10:27+00:00\" \/>\n<meta property=\"og:image\" content=\"https:\/\/theresales.nl\/wp-content\/uploads\/2026\/04\/roze-1.png\" \/>\n\t<meta property=\"og:image:width\" content=\"1200\" \/>\n\t<meta property=\"og:image:height\" content=\"900\" \/>\n\t<meta property=\"og:image:type\" content=\"image\/png\" \/>\n<meta name=\"twitter:card\" content=\"summary_large_image\" \/>\n<meta name=\"twitter:label1\" content=\"Gesch\u00e4tzte Lesezeit\" \/>\n\t<meta name=\"twitter:data1\" content=\"1\u00a0Minute\" \/>\n<!-- \/ Yoast SEO plugin. -->","yoast_head_json":{"title":"BuzziSpace BuzziCube 3D rosa - TheReSales","description":"BuzziSpace BuzziCube 3D rosa Pouf. Akustisches Design von Alain Gilles, gefertigt aus recyceltem Filz. Praktisch neu und sofort lieferbar.","robots":{"index":"index","follow":"follow","max-snippet":"max-snippet:-1","max-image-preview":"max-image-preview:large","max-video-preview":"max-video-preview:-1"},"canonical":"https:\/\/theresales.nl\/de\/produkt\/buzzispace-buzzicube-3d-rosa\/","og_locale":"de_DE","og_type":"article","og_title":"BuzziSpace BuzziCube 3D roze - TheReSales","og_description":"BuzziSpace BuzziCube 3D roze poef. Akoestisch design van Alain Gilles, gemaakt van gerecyclede viltstof. Zo goed als nieuw en direct leverbaar.","og_url":"https:\/\/theresales.nl\/de\/produkt\/buzzispace-buzzicube-3d-rosa\/","og_site_name":"TheReSales","article_publisher":"https:\/\/www.facebook.com\/theresales.nl","article_modified_time":"2026-04-16T14:10:27+00:00","og_image":[{"width":1200,"height":900,"url":"https:\/\/theresales.nl\/wp-content\/uploads\/2026\/04\/roze-1.png","type":"image\/png"}],"twitter_card":"summary_large_image","twitter_misc":{"Gesch\u00e4tzte Lesezeit":"1\u00a0Minute"},"schema":{"@context":"https:\/\/schema.org","@graph":[{"@type":"WebPage","@id":"https:\/\/theresales.nl\/product\/buzzispace-buzzicube-3d-roze\/","url":"https:\/\/theresales.nl\/product\/buzzispace-buzzicube-3d-roze\/","name":"BuzziSpace BuzziCube 3D rosa - TheReSales","isPartOf":{"@id":"https:\/\/theresales.nl\/#website"},"primaryImageOfPage":{"@id":"https:\/\/theresales.nl\/product\/buzzispace-buzzicube-3d-roze\/#primaryimage"},"image":{"@id":"https:\/\/theresales.nl\/product\/buzzispace-buzzicube-3d-roze\/#primaryimage"},"thumbnailUrl":"https:\/\/theresales.nl\/wp-content\/uploads\/2026\/04\/roze-1.png","datePublished":"2026-04-16T14:04:54+00:00","dateModified":"2026-04-16T14:10:27+00:00","description":"BuzziSpace BuzziCube 3D rosa Pouf. Akustisches Design von Alain Gilles, gefertigt aus recyceltem Filz. Praktisch neu und sofort lieferbar.","breadcrumb":{"@id":"https:\/\/theresales.nl\/product\/buzzispace-buzzicube-3d-roze\/#breadcrumb"},"inLanguage":"de","potentialAction":[{"@type":"ReadAction","target":["https:\/\/theresales.nl\/product\/buzzispace-buzzicube-3d-roze\/"]}]},{"@type":"ImageObject","inLanguage":"de","@id":"https:\/\/theresales.nl\/product\/buzzispace-buzzicube-3d-roze\/#primaryimage","url":"https:\/\/theresales.nl\/wp-content\/uploads\/2026\/04\/roze-1.png","contentUrl":"https:\/\/theresales.nl\/wp-content\/uploads\/2026\/04\/roze-1.png","width":1200,"height":900,"caption":"BuzziSpace-BuzziCube-3D-roze-theresales"},{"@type":"BreadcrumbList","@id":"https:\/\/theresales.nl\/product\/buzzispace-buzzicube-3d-roze\/#breadcrumb","itemListElement":[{"@type":"ListItem","position":1,"name":"Home","item":"https:\/\/theresales.nl\/"},{"@type":"ListItem","position":2,"name":"Collectie","item":"https:\/\/theresales.nl\/collectie\/"},{"@type":"ListItem","position":3,"name":"BuzziSpace BuzziCube 3D roze"}]},{"@type":"WebSite","@id":"https:\/\/theresales.nl\/#website","url":"https:\/\/theresales.nl\/","name":"TheReSales","description":"Tweedehands Design Meubelen","publisher":{"@id":"https:\/\/theresales.nl\/#organization"},"potentialAction":[{"@type":"SearchAction","target":{"@type":"EntryPoint","urlTemplate":"https:\/\/theresales.nl\/?s={search_term_string}"},"query-input":{"@type":"PropertyValueSpecification","valueRequired":true,"valueName":"search_term_string"}}],"inLanguage":"de"},{"@type":"Organization","@id":"https:\/\/theresales.nl\/#organization","name":"TheReSales","url":"https:\/\/theresales.nl\/","logo":{"@type":"ImageObject","inLanguage":"de","@id":"https:\/\/theresales.nl\/#\/schema\/logo\/image\/","url":"https:\/\/theresales.nl\/wp-content\/uploads\/2026\/04\/Logo-TheReSales.png","contentUrl":"https:\/\/theresales.nl\/wp-content\/uploads\/2026\/04\/Logo-TheReSales.png","width":1200,"height":304,"caption":"TheReSales"},"image":{"@id":"https:\/\/theresales.nl\/#\/schema\/logo\/image\/"},"sameAs":["https:\/\/www.facebook.com\/theresales.nl","https:\/\/www.instagram.com\/_theresales_\/","https:\/\/nl.pinterest.com\/theresalesgroningen\/","https:\/\/www.linkedin.com\/company\/theresales\/"]}]}},"_links":{"self":[{"href":"https:\/\/theresales.nl\/de\/wp-json\/wp\/v2\/product\/50886","targetHints":{"allow":["GET"]}}],"collection":[{"href":"https:\/\/theresales.nl\/de\/wp-json\/wp\/v2\/product"}],"about":[{"href":"https:\/\/theresales.nl\/de\/wp-json\/wp\/v2\/types\/product"}],"wp:featuredmedia":[{"embeddable":true,"href":"https:\/\/theresales.nl\/de\/wp-json\/wp\/v2\/media\/50887"}],"wp:attachment":[{"href":"https:\/\/theresales.nl\/de\/wp-json\/wp\/v2\/media?parent=50886"}],"wp:term":[{"taxonomy":"product_brand","embeddable":true,"href":"https:\/\/theresales.nl\/de\/wp-json\/wp\/v2\/product_brand?post=50886"},{"taxonomy":"product_cat","embeddable":true,"href":"https:\/\/theresales.nl\/de\/wp-json\/wp\/v2\/product_cat?post=50886"},{"taxonomy":"product_tag","embeddable":true,"href":"https:\/\/theresales.nl\/de\/wp-json\/wp\/v2\/product_tag?post=50886"},{"taxonomy":"ontwerper","embeddable":true,"href":"https:\/\/theresales.nl\/de\/wp-json\/wp\/v2\/ontwerper?post=50886"}],"curies":[{"name":"wp","href":"https:\/\/api.w.org\/{rel}","templated":true}]}}

<p data-path-to-node="2">Diese <b data-path-to-node="2" data-index-in-node="5">BuzziSpace BuzziCube 3D</b> <strong>rosa</strong> ist eigenwillig und funktional <a href="https://theresales.nl/de/produktkategorie/poef-hocker-voetenbank/">Puff</a>, entworfen von dem <b data-path-to-node="2" data-index-in-node="89">BuzziSpace Design Team</b> in Zusammenarbeit mit Designer <b data-path-to-node="2" data-index-in-node="143">Alain Gilles</b> für die 3D-Gestaltung). Was diesen Hocker wirklich besonders macht, ist nicht nur die auffällige rosa Farbe, sondern auch die akustische Wirkung: Der Würfel besteht aus schallabsorbierendem Schaumstoff und ist mit recyceltem Filzstoff bezogen (<b data-path-to-node="2" data-index-in-node="370">BuzziFelt</b>damit, wodurch er hilft, den Nachhall in einem Raum zu reduzieren.</p>
<p data-path-to-node="3">Die 3D-Struktur verleiht dem Hocker eine moderne, fast architektonische Ausstrahlung. Er ist mit einer strapazierfähigen Mischung aus recycelter Wolle und Polyacryl bezogen, was ihn weich und gleichzeitig sehr abriebfest macht. Wie auf den Fotos zu sehen ist, befindet sich dieser <b data-path-to-node="2" data-index-in-node="5"><a href="https://www.instagram.com/buzzispace/">BuzziRaum</a> </b> <b data-path-to-node="3" data-index-in-node="250"><a href="https://theresales.nl/de/merke/buzzispace/">BuzziWürfel</a> 3D</b> <strong>rosa</strong> in einem ausgezeichneten Zustand und er sieht aus wie neu. Dank des Schwarzen <b data-path-to-node="3" data-index-in-node="335">Anti-Rutsch-Unterseite</b> er bleibt fest an seinem Platz, egal ob Sie ihn als zusätzliche Sitzgelegenheit, Fußhocker oder Dekorationsgegenstand verwenden. Ein fröhlicher und praktischer Designklassiker, der Ihrem Interieur sofort Atmosphäre und Ruhe verleiht.</p>

<p><strong>Abmessungen</strong><br />
Breite: 90 cm<br />
Tiefe: 47 cm<br />
Höhe: 47 cm</p>
<p><strong>Farbe</strong> Rosa</p>
<p><strong>Material</strong> Hochwertiger Filz (oft <b data-path-to-node="1,0,0" data-index-in-node="34">BuzziFelt</b>). Dies ist hergestellt aus 100% recycelten PET-Flaschen.</p>

<!-- This site is optimized with the Yoast SEO plugin v27.5 - https://yoast.com/product/yoast-seo-wordpress/ -->
<title>BuzziSpace BuzziCube 3D roze - TheReSales</title>
<meta name="description" content="BuzziSpace BuzziCube 3D roze poef. Akoestisch design van Alain Gilles, gemaakt van gerecyclede viltstof. Zo goed als nieuw en direct leverbaar." />
<meta name="robots" content="index, follow, max-snippet:-1, max-image-preview:large, max-video-preview:-1" />
<link rel="canonical" href="https://theresales.nl/de/produkt/buzzispace-buzzicube-3d-rosa/" />
<meta property="og:locale" content="de_DE" />
<meta property="og:type" content="article" />
<meta property="og:title" content="BuzziSpace BuzziCube 3D roze - TheReSales" />
<meta property="og:description" content="BuzziSpace BuzziCube 3D roze poef. Akoestisch design van Alain Gilles, gemaakt van gerecyclede viltstof. Zo goed als nieuw en direct leverbaar." />
<meta property="og:url" content="https://theresales.nl/de/produkt/buzzispace-buzzicube-3d-rosa/" />
<meta property="og:site_name" content="TheReSales" />
<meta property="article:publisher" content="https://www.facebook.com/theresales.nl" />
<meta property="article:modified_time" content="2026-04-16T14:10:27+00:00" />
<meta property="og:image" content="https://theresales.nl/wp-content/uploads/2026/04/roze-1.png" />
	<meta property="og:image:width" content="1200" />
	<meta property="og:image:height" content="900" />
	<meta property="og:image:type" content="image/png" />
<meta name="twitter:card" content="summary_large_image" />
<meta name="twitter:label1" content="Geschätzte Lesezeit" />
	<meta name="twitter:data1" content="1 Minute" />
<!-- / Yoast SEO plugin. -->
