{"id":47147,"date":"2025-09-03T10:27:45","date_gmt":"2025-09-03T08:27:45","guid":{"rendered":"https:\/\/theresales.nl\/?post_type=product&#038;p=47147"},"modified":"2026-01-02T14:01:16","modified_gmt":"2026-01-02T13:01:16","slug":"martin-visser-br-02","status":"publish","type":"product","link":"https:\/\/theresales.nl\/de\/product\/martin-visser-br-02\/","title":{"rendered":"Martin Visser BR-02"},"content":{"rendered":"<p>De BR-02 ist ein Entwurf von <a href=\"https:\/\/www.martinvisser.info\/over.html\">Martin Visser<\/a> f\u00fcr die Marke Spectrum. Die <span>BR 02 <a href=\"https:\/\/theresales.nl\/de\/produktkategorie\/banken\/\">Schlafbank<\/a> ist eines seiner ikonischsten Designs und f\u00fcgt sich nahtlos in Vissers charakteristische Handschrift ein: schlichtes und funktionales Design pr\u00e4gt seine zahlreichen Entw\u00fcrfe.<\/span><\/p>","protected":false},"excerpt":{"rendered":"<p><strong>Abmessungen<\/strong><br \/>\n<span>Breite: 192 cm<\/span><br \/>\n<span>Tiefe: 82 cm<\/span><br \/>\n<span>H\u00f6he: 70 cm<\/span><\/p>\n<p><strong>Farbe\u00a0 <\/strong>Witz<\/p>\n<p><strong>Material<\/strong> Himmel<\/p>","protected":false},"featured_media":47148,"template":"","meta":{"_acf_changed":false},"product_brand":[],"product_cat":[74],"product_tag":[262],"ontwerper":[],"class_list":{"0":"post-47147","1":"product","2":"type-product","3":"status-publish","4":"has-post-thumbnail","6":"product_cat-banken","7":"product_tag-martin-visser","9":"first","10":"instock","11":"shipping-taxable","12":"purchasable","13":"product-type-simple"},"acf":[],"yoast_head":"<!-- This site is optimized with the Yoast SEO plugin v27.5 - https:\/\/yoast.com\/product\/yoast-seo-wordpress\/ -->\n<title>Martin Visser BR-02 - TheReSales<\/title>\n<meta name=\"description\" content=\"De BR-02 is een ontwerp van Martin Visser voor het Merk Spectrum. De BR 02 slaapbank is een van zijn meest iconische ontwerpen.\" \/>\n<meta name=\"robots\" content=\"index, follow, max-snippet:-1, max-image-preview:large, max-video-preview:-1\" \/>\n<link rel=\"canonical\" href=\"https:\/\/theresales.nl\/de\/produkt\/martin-visser-br-02\/\" \/>\n<meta property=\"og:locale\" content=\"de_DE\" \/>\n<meta property=\"og:type\" content=\"article\" \/>\n<meta property=\"og:title\" content=\"Martin Visser BR-02 - TheReSales\" \/>\n<meta property=\"og:description\" content=\"De BR-02 is een ontwerp van Martin Visser voor het Merk Spectrum. De BR 02 slaapbank is een van zijn meest iconische ontwerpen.\" \/>\n<meta property=\"og:url\" content=\"https:\/\/theresales.nl\/de\/produkt\/martin-visser-br-02\/\" \/>\n<meta property=\"og:site_name\" content=\"TheReSales\" \/>\n<meta property=\"article:publisher\" content=\"https:\/\/www.facebook.com\/theresales.nl\" \/>\n<meta property=\"article:modified_time\" content=\"2026-01-02T13:01:16+00:00\" \/>\n<meta property=\"og:image\" content=\"https:\/\/theresales.nl\/wp-content\/uploads\/2025\/09\/martin-visser-1024x768.png\" \/>\n\t<meta property=\"og:image:width\" content=\"1024\" \/>\n\t<meta property=\"og:image:height\" content=\"768\" \/>\n\t<meta property=\"og:image:type\" content=\"image\/png\" \/>\n<meta name=\"twitter:card\" content=\"summary_large_image\" \/>\n<meta name=\"twitter:label1\" content=\"Gesch\u00e4tzte Lesezeit\" \/>\n\t<meta name=\"twitter:data1\" content=\"1\u00a0Minute\" \/>\n<!-- \/ Yoast SEO plugin. -->","yoast_head_json":{"title":"Martin Visser BR-02 - TheReSales","description":"Die BR-02 ist ein Entwurf von Martin Visser f\u00fcr die Marke Spectrum. Das BR 02 Schlafsofa ist einer seiner ikonischsten Entw\u00fcrfe.","robots":{"index":"index","follow":"follow","max-snippet":"max-snippet:-1","max-image-preview":"max-image-preview:large","max-video-preview":"max-video-preview:-1"},"canonical":"https:\/\/theresales.nl\/de\/produkt\/martin-visser-br-02\/","og_locale":"de_DE","og_type":"article","og_title":"Martin Visser BR-02 - TheReSales","og_description":"De BR-02 is een ontwerp van Martin Visser voor het Merk Spectrum. De BR 02 slaapbank is een van zijn meest iconische ontwerpen.","og_url":"https:\/\/theresales.nl\/de\/produkt\/martin-visser-br-02\/","og_site_name":"TheReSales","article_publisher":"https:\/\/www.facebook.com\/theresales.nl","article_modified_time":"2026-01-02T13:01:16+00:00","og_image":[{"width":1024,"height":768,"url":"https:\/\/theresales.nl\/wp-content\/uploads\/2025\/09\/martin-visser-1024x768.png","type":"image\/png"}],"twitter_card":"summary_large_image","twitter_misc":{"Gesch\u00e4tzte Lesezeit":"1\u00a0Minute"},"schema":{"@context":"https:\/\/schema.org","@graph":[{"@type":"WebPage","@id":"https:\/\/theresales.nl\/product\/martin-visser-br-02\/","url":"https:\/\/theresales.nl\/product\/martin-visser-br-02\/","name":"Martin Visser BR-02 - TheReSales","isPartOf":{"@id":"https:\/\/theresales.nl\/#website"},"primaryImageOfPage":{"@id":"https:\/\/theresales.nl\/product\/martin-visser-br-02\/#primaryimage"},"image":{"@id":"https:\/\/theresales.nl\/product\/martin-visser-br-02\/#primaryimage"},"thumbnailUrl":"https:\/\/theresales.nl\/wp-content\/uploads\/2025\/09\/martin-visser.png","datePublished":"2025-09-03T08:27:45+00:00","dateModified":"2026-01-02T13:01:16+00:00","description":"Die BR-02 ist ein Entwurf von Martin Visser f\u00fcr die Marke Spectrum. Das BR 02 Schlafsofa ist einer seiner ikonischsten Entw\u00fcrfe.","breadcrumb":{"@id":"https:\/\/theresales.nl\/product\/martin-visser-br-02\/#breadcrumb"},"inLanguage":"de","potentialAction":[{"@type":"ReadAction","target":["https:\/\/theresales.nl\/product\/martin-visser-br-02\/"]}]},{"@type":"ImageObject","inLanguage":"de","@id":"https:\/\/theresales.nl\/product\/martin-visser-br-02\/#primaryimage","url":"https:\/\/theresales.nl\/wp-content\/uploads\/2025\/09\/martin-visser.png","contentUrl":"https:\/\/theresales.nl\/wp-content\/uploads\/2025\/09\/martin-visser.png","width":1200,"height":900,"caption":"Martin-Visser-BR-02-theresales"},{"@type":"BreadcrumbList","@id":"https:\/\/theresales.nl\/product\/martin-visser-br-02\/#breadcrumb","itemListElement":[{"@type":"ListItem","position":1,"name":"Home","item":"https:\/\/theresales.nl\/"},{"@type":"ListItem","position":2,"name":"Collectie","item":"https:\/\/theresales.nl\/collectie\/"},{"@type":"ListItem","position":3,"name":"Martin Visser BR-02"}]},{"@type":"WebSite","@id":"https:\/\/theresales.nl\/#website","url":"https:\/\/theresales.nl\/","name":"TheReSales","description":"Tweedehands Design Meubelen","publisher":{"@id":"https:\/\/theresales.nl\/#organization"},"potentialAction":[{"@type":"SearchAction","target":{"@type":"EntryPoint","urlTemplate":"https:\/\/theresales.nl\/?s={search_term_string}"},"query-input":{"@type":"PropertyValueSpecification","valueRequired":true,"valueName":"search_term_string"}}],"inLanguage":"de"},{"@type":"Organization","@id":"https:\/\/theresales.nl\/#organization","name":"TheReSales","url":"https:\/\/theresales.nl\/","logo":{"@type":"ImageObject","inLanguage":"de","@id":"https:\/\/theresales.nl\/#\/schema\/logo\/image\/","url":"https:\/\/theresales.nl\/wp-content\/uploads\/2026\/04\/Logo-TheReSales.png","contentUrl":"https:\/\/theresales.nl\/wp-content\/uploads\/2026\/04\/Logo-TheReSales.png","width":1200,"height":304,"caption":"TheReSales"},"image":{"@id":"https:\/\/theresales.nl\/#\/schema\/logo\/image\/"},"sameAs":["https:\/\/www.facebook.com\/theresales.nl","https:\/\/www.instagram.com\/_theresales_\/","https:\/\/nl.pinterest.com\/theresalesgroningen\/","https:\/\/www.linkedin.com\/company\/theresales\/"]}]}},"_links":{"self":[{"href":"https:\/\/theresales.nl\/de\/wp-json\/wp\/v2\/product\/47147","targetHints":{"allow":["GET"]}}],"collection":[{"href":"https:\/\/theresales.nl\/de\/wp-json\/wp\/v2\/product"}],"about":[{"href":"https:\/\/theresales.nl\/de\/wp-json\/wp\/v2\/types\/product"}],"wp:featuredmedia":[{"embeddable":true,"href":"https:\/\/theresales.nl\/de\/wp-json\/wp\/v2\/media\/47148"}],"wp:attachment":[{"href":"https:\/\/theresales.nl\/de\/wp-json\/wp\/v2\/media?parent=47147"}],"wp:term":[{"taxonomy":"product_brand","embeddable":true,"href":"https:\/\/theresales.nl\/de\/wp-json\/wp\/v2\/product_brand?post=47147"},{"taxonomy":"product_cat","embeddable":true,"href":"https:\/\/theresales.nl\/de\/wp-json\/wp\/v2\/product_cat?post=47147"},{"taxonomy":"product_tag","embeddable":true,"href":"https:\/\/theresales.nl\/de\/wp-json\/wp\/v2\/product_tag?post=47147"},{"taxonomy":"ontwerper","embeddable":true,"href":"https:\/\/theresales.nl\/de\/wp-json\/wp\/v2\/ontwerper?post=47147"}],"curies":[{"name":"wp","href":"https:\/\/api.w.org\/{rel}","templated":true}]}}

<p>De BR-02 ist ein Entwurf von <a href="https://www.martinvisser.info/over.html">Martin Visser</a> für die Marke Spectrum. Die <span>BR 02 <a href="https://theresales.nl/de/produktkategorie/banken/">Schlafbank</a> ist eines seiner ikonischsten Designs und fügt sich nahtlos in Vissers charakteristische Handschrift ein: schlichtes und funktionales Design prägt seine zahlreichen Entwürfe.</span></p>

<p><strong>Abmessungen</strong><br />
<span>Breite: 192 cm</span><br />
<span>Tiefe: 82 cm</span><br />
<span>Höhe: 70 cm</span></p>
<p><strong>Farbe  </strong>Witz</p>
<p><strong>Material</strong> Himmel</p>

<!-- This site is optimized with the Yoast SEO plugin v27.5 - https://yoast.com/product/yoast-seo-wordpress/ -->
<title>Martin Visser BR-02 - TheReSales</title>
<meta name="description" content="De BR-02 is een ontwerp van Martin Visser voor het Merk Spectrum. De BR 02 slaapbank is een van zijn meest iconische ontwerpen." />
<meta name="robots" content="index, follow, max-snippet:-1, max-image-preview:large, max-video-preview:-1" />
<link rel="canonical" href="https://theresales.nl/de/produkt/martin-visser-br-02/" />
<meta property="og:locale" content="de_DE" />
<meta property="og:type" content="article" />
<meta property="og:title" content="Martin Visser BR-02 - TheReSales" />
<meta property="og:description" content="De BR-02 is een ontwerp van Martin Visser voor het Merk Spectrum. De BR 02 slaapbank is een van zijn meest iconische ontwerpen." />
<meta property="og:url" content="https://theresales.nl/de/produkt/martin-visser-br-02/" />
<meta property="og:site_name" content="TheReSales" />
<meta property="article:publisher" content="https://www.facebook.com/theresales.nl" />
<meta property="article:modified_time" content="2026-01-02T13:01:16+00:00" />
<meta property="og:image" content="https://theresales.nl/wp-content/uploads/2025/09/martin-visser-1024x768.png" />
	<meta property="og:image:width" content="1024" />
	<meta property="og:image:height" content="768" />
	<meta property="og:image:type" content="image/png" />
<meta name="twitter:card" content="summary_large_image" />
<meta name="twitter:label1" content="Geschätzte Lesezeit" />
	<meta name="twitter:data1" content="1 Minute" />
<!-- / Yoast SEO plugin. -->

Die BR-02 ist ein Entwurf von Martin Visser für die Marke Spectrum. Das BR 02 Schlafsofa ist einer seiner ikonischsten Entwürfe.
