{"id":44487,"date":"2025-05-15T15:01:46","date_gmt":"2025-05-15T13:01:46","guid":{"rendered":"https:\/\/theresales.nl\/?post_type=product&#038;p=44487"},"modified":"2026-02-04T15:30:38","modified_gmt":"2026-02-04T14:30:38","slug":"vitra-suita-met-hocker","status":"publish","type":"product","link":"https:\/\/theresales.nl\/de\/product\/vitra-suita-met-hocker\/","title":{"rendered":"Vitra Suita mit Hocker"},"content":{"rendered":"<p><span>De Suita met hocker is een ontwerp van <a href=\"https:\/\/www.antoniocitterioarchitetto.it\/\" target=\"_blank\" rel=\"noopener\">Antonio Citterio<\/a> f\u00fcr die Marke Vitra. <\/span>Deutsch <a href=\"https:\/\/theresales.nl\/de\/produktkategorie\/banken\/\">Bank<\/a> hat ein raffiniertes und modernes Aussehen, mit einer subtilen technologischen Note. Dies zeigt sich vor allem in den auff\u00e4lligen Metallf\u00fc\u00dfen. Dar\u00fcber hinaus ist das Sofa mit einem Holzregal auf der R\u00fcckseite ausgestattet, ideal zum Abstellen Ihres Buches oder Getr\u00e4nks.<\/p>","protected":false},"excerpt":{"rendered":"<p><strong>Abmessungen<\/strong><br \/>\n<span>Breite: 160 cm<br \/>\nH\u00f6he: 72 cm<br \/>\nTiefe: 115 cm<br \/>\nZitdiepte: 67 cm<br \/>\nSitzh\u00f6he: 44 cm<\/span><\/p>\n<p><strong>Afmetingen Hocker:<\/strong><br \/>\nBreedte: 95 cm<br \/>\nTiefe: 75 cm<br \/>\nH\u00f6he: 44 cm<\/p>\n<p><strong>Farbe <\/strong>Grau<\/p>\n<p><strong>Material\u00a0<\/strong>Stoff, Metall, Holz<\/p>","protected":false},"featured_media":49273,"template":"","meta":{"_acf_changed":false},"product_brand":[],"product_cat":[74],"product_tag":[314],"ontwerper":[],"class_list":{"0":"post-44487","1":"product","2":"type-product","3":"status-publish","4":"has-post-thumbnail","6":"product_cat-banken","7":"product_tag-vitra","9":"first","10":"instock","11":"shipping-taxable","12":"purchasable","13":"product-type-simple"},"acf":[],"yoast_head":"<!-- This site is optimized with the Yoast SEO plugin v27.5 - https:\/\/yoast.com\/product\/yoast-seo-wordpress\/ -->\n<title>Vitra Suita met hocker - TheReSales<\/title>\n<meta name=\"description\" content=\"De Suita met hocker is een ontwerp van Antonio Citterio voor het merk Vitra. De bank heeft een verfijnde en moderne uitstraling, met een subtiele touch.\" \/>\n<meta name=\"robots\" content=\"index, follow, max-snippet:-1, max-image-preview:large, max-video-preview:-1\" \/>\n<link rel=\"canonical\" href=\"https:\/\/theresales.nl\/de\/produkt\/vitra-suita-met-hocker\/\" \/>\n<meta property=\"og:locale\" content=\"de_DE\" \/>\n<meta property=\"og:type\" content=\"article\" \/>\n<meta property=\"og:title\" content=\"Vitra Suita met hocker - TheReSales\" \/>\n<meta property=\"og:description\" content=\"De Suita met hocker is een ontwerp van Antonio Citterio voor het merk Vitra. De bank heeft een verfijnde en moderne uitstraling, met een subtiele touch.\" \/>\n<meta property=\"og:url\" content=\"https:\/\/theresales.nl\/de\/produkt\/vitra-suita-met-hocker\/\" \/>\n<meta property=\"og:site_name\" content=\"TheReSales\" \/>\n<meta property=\"article:publisher\" content=\"https:\/\/www.facebook.com\/theresales.nl\" \/>\n<meta property=\"article:modified_time\" content=\"2026-02-04T14:30:38+00:00\" \/>\n<meta property=\"og:image\" content=\"https:\/\/theresales.nl\/wp-content\/uploads\/2026\/04\/Nieuw-achtergrond.jpg\" \/>\n\t<meta property=\"og:image:width\" content=\"1200\" \/>\n\t<meta property=\"og:image:height\" content=\"798\" \/>\n\t<meta property=\"og:image:type\" content=\"image\/jpeg\" \/>\n<meta name=\"twitter:card\" content=\"summary_large_image\" \/>\n<meta name=\"twitter:label1\" content=\"Gesch\u00e4tzte Lesezeit\" \/>\n\t<meta name=\"twitter:data1\" content=\"1\u00a0Minute\" \/>\n<!-- \/ Yoast SEO plugin. -->","yoast_head_json":{"title":"Vitra Suita met hocker - TheReSales","description":"De Suita met hocker is een ontwerp van Antonio Citterio voor het merk Vitra. De bank heeft een verfijnde en moderne uitstraling, met een subtiele touch.","robots":{"index":"index","follow":"follow","max-snippet":"max-snippet:-1","max-image-preview":"max-image-preview:large","max-video-preview":"max-video-preview:-1"},"canonical":"https:\/\/theresales.nl\/de\/produkt\/vitra-suita-met-hocker\/","og_locale":"de_DE","og_type":"article","og_title":"Vitra Suita met hocker - TheReSales","og_description":"De Suita met hocker is een ontwerp van Antonio Citterio voor het merk Vitra. De bank heeft een verfijnde en moderne uitstraling, met een subtiele touch.","og_url":"https:\/\/theresales.nl\/de\/produkt\/vitra-suita-met-hocker\/","og_site_name":"TheReSales","article_publisher":"https:\/\/www.facebook.com\/theresales.nl","article_modified_time":"2026-02-04T14:30:38+00:00","og_image":[{"width":1200,"height":798,"url":"https:\/\/theresales.nl\/wp-content\/uploads\/2026\/04\/Nieuw-achtergrond.jpg","type":"image\/jpeg"}],"twitter_card":"summary_large_image","twitter_misc":{"Gesch\u00e4tzte Lesezeit":"1\u00a0Minute"},"schema":{"@context":"https:\/\/schema.org","@graph":[{"@type":"WebPage","@id":"https:\/\/theresales.nl\/product\/vitra-suita-met-hocker\/","url":"https:\/\/theresales.nl\/product\/vitra-suita-met-hocker\/","name":"Vitra Suita met hocker - TheReSales","isPartOf":{"@id":"https:\/\/theresales.nl\/#website"},"primaryImageOfPage":{"@id":"https:\/\/theresales.nl\/product\/vitra-suita-met-hocker\/#primaryimage"},"image":{"@id":"https:\/\/theresales.nl\/product\/vitra-suita-met-hocker\/#primaryimage"},"thumbnailUrl":"https:\/\/theresales.nl\/wp-content\/uploads\/2025\/05\/3ad2ee58-49e4-46b9-b239-0fc1dba6d689.avif","datePublished":"2025-05-15T13:01:46+00:00","dateModified":"2026-02-04T14:30:38+00:00","description":"De Suita met hocker is een ontwerp van Antonio Citterio voor het merk Vitra. De bank heeft een verfijnde en moderne uitstraling, met een subtiele touch.","breadcrumb":{"@id":"https:\/\/theresales.nl\/product\/vitra-suita-met-hocker\/#breadcrumb"},"inLanguage":"de","potentialAction":[{"@type":"ReadAction","target":["https:\/\/theresales.nl\/product\/vitra-suita-met-hocker\/"]}]},{"@type":"ImageObject","inLanguage":"de","@id":"https:\/\/theresales.nl\/product\/vitra-suita-met-hocker\/#primaryimage","url":"https:\/\/theresales.nl\/wp-content\/uploads\/2025\/05\/3ad2ee58-49e4-46b9-b239-0fc1dba6d689.avif","contentUrl":"https:\/\/theresales.nl\/wp-content\/uploads\/2025\/05\/3ad2ee58-49e4-46b9-b239-0fc1dba6d689.avif","width":498,"height":374},{"@type":"BreadcrumbList","@id":"https:\/\/theresales.nl\/product\/vitra-suita-met-hocker\/#breadcrumb","itemListElement":[{"@type":"ListItem","position":1,"name":"Home","item":"https:\/\/theresales.nl\/"},{"@type":"ListItem","position":2,"name":"Collectie","item":"https:\/\/theresales.nl\/collectie\/"},{"@type":"ListItem","position":3,"name":"Vitra Suita met hocker"}]},{"@type":"WebSite","@id":"https:\/\/theresales.nl\/#website","url":"https:\/\/theresales.nl\/","name":"TheReSales","description":"Tweedehands Design Meubelen","publisher":{"@id":"https:\/\/theresales.nl\/#organization"},"potentialAction":[{"@type":"SearchAction","target":{"@type":"EntryPoint","urlTemplate":"https:\/\/theresales.nl\/?s={search_term_string}"},"query-input":{"@type":"PropertyValueSpecification","valueRequired":true,"valueName":"search_term_string"}}],"inLanguage":"de"},{"@type":"Organization","@id":"https:\/\/theresales.nl\/#organization","name":"TheReSales","url":"https:\/\/theresales.nl\/","logo":{"@type":"ImageObject","inLanguage":"de","@id":"https:\/\/theresales.nl\/#\/schema\/logo\/image\/","url":"https:\/\/theresales.nl\/wp-content\/uploads\/2026\/04\/Logo-TheReSales.png","contentUrl":"https:\/\/theresales.nl\/wp-content\/uploads\/2026\/04\/Logo-TheReSales.png","width":1200,"height":304,"caption":"TheReSales"},"image":{"@id":"https:\/\/theresales.nl\/#\/schema\/logo\/image\/"},"sameAs":["https:\/\/www.facebook.com\/theresales.nl","https:\/\/www.instagram.com\/_theresales_\/","https:\/\/nl.pinterest.com\/theresalesgroningen\/","https:\/\/www.linkedin.com\/company\/theresales\/"]}]}},"_links":{"self":[{"href":"https:\/\/theresales.nl\/de\/wp-json\/wp\/v2\/product\/44487","targetHints":{"allow":["GET"]}}],"collection":[{"href":"https:\/\/theresales.nl\/de\/wp-json\/wp\/v2\/product"}],"about":[{"href":"https:\/\/theresales.nl\/de\/wp-json\/wp\/v2\/types\/product"}],"wp:featuredmedia":[{"embeddable":true,"href":"https:\/\/theresales.nl\/de\/wp-json\/wp\/v2\/media\/49273"}],"wp:attachment":[{"href":"https:\/\/theresales.nl\/de\/wp-json\/wp\/v2\/media?parent=44487"}],"wp:term":[{"taxonomy":"product_brand","embeddable":true,"href":"https:\/\/theresales.nl\/de\/wp-json\/wp\/v2\/product_brand?post=44487"},{"taxonomy":"product_cat","embeddable":true,"href":"https:\/\/theresales.nl\/de\/wp-json\/wp\/v2\/product_cat?post=44487"},{"taxonomy":"product_tag","embeddable":true,"href":"https:\/\/theresales.nl\/de\/wp-json\/wp\/v2\/product_tag?post=44487"},{"taxonomy":"ontwerper","embeddable":true,"href":"https:\/\/theresales.nl\/de\/wp-json\/wp\/v2\/ontwerper?post=44487"}],"curies":[{"name":"wp","href":"https:\/\/api.w.org\/{rel}","templated":true}]}}

<p><span>De Suita met hocker is een ontwerp van <a href="https://www.antoniocitterioarchitetto.it/" target="_blank" rel="noopener">Antonio Citterio</a> für die Marke Vitra. </span>Deutsch <a href="https://theresales.nl/de/produktkategorie/banken/">Bank</a> hat ein raffiniertes und modernes Aussehen, mit einer subtilen technologischen Note. Dies zeigt sich vor allem in den auffälligen Metallfüßen. Darüber hinaus ist das Sofa mit einem Holzregal auf der Rückseite ausgestattet, ideal zum Abstellen Ihres Buches oder Getränks.</p>

<p><strong>Abmessungen</strong><br />
<span>Breite: 160 cm<br />
Höhe: 72 cm<br />
Tiefe: 115 cm<br />
Zitdiepte: 67 cm<br />
Sitzhöhe: 44 cm</span></p>
<p><strong>Afmetingen Hocker:</strong><br />
Breedte: 95 cm<br />
Tiefe: 75 cm<br />
Höhe: 44 cm</p>
<p><strong>Farbe </strong>Grau</p>
<p><strong>Material </strong>Stoff, Metall, Holz</p>

<!-- This site is optimized with the Yoast SEO plugin v27.5 - https://yoast.com/product/yoast-seo-wordpress/ -->
<title>Vitra Suita met hocker - TheReSales</title>
<meta name="description" content="De Suita met hocker is een ontwerp van Antonio Citterio voor het merk Vitra. De bank heeft een verfijnde en moderne uitstraling, met een subtiele touch." />
<meta name="robots" content="index, follow, max-snippet:-1, max-image-preview:large, max-video-preview:-1" />
<link rel="canonical" href="https://theresales.nl/de/produkt/vitra-suita-met-hocker/" />
<meta property="og:locale" content="de_DE" />
<meta property="og:type" content="article" />
<meta property="og:title" content="Vitra Suita met hocker - TheReSales" />
<meta property="og:description" content="De Suita met hocker is een ontwerp van Antonio Citterio voor het merk Vitra. De bank heeft een verfijnde en moderne uitstraling, met een subtiele touch." />
<meta property="og:url" content="https://theresales.nl/de/produkt/vitra-suita-met-hocker/" />
<meta property="og:site_name" content="TheReSales" />
<meta property="article:publisher" content="https://www.facebook.com/theresales.nl" />
<meta property="article:modified_time" content="2026-02-04T14:30:38+00:00" />
<meta property="og:image" content="https://theresales.nl/wp-content/uploads/2026/04/Nieuw-achtergrond.jpg" />
	<meta property="og:image:width" content="1200" />
	<meta property="og:image:height" content="798" />
	<meta property="og:image:type" content="image/jpeg" />
<meta name="twitter:card" content="summary_large_image" />
<meta name="twitter:label1" content="Geschätzte Lesezeit" />
	<meta name="twitter:data1" content="1 Minute" />
<!-- / Yoast SEO plugin. -->
