{"id":44152,"date":"2025-04-23T13:03:19","date_gmt":"2025-04-23T11:03:19","guid":{"rendered":"https:\/\/theresales.nl\/?post_type=product&#038;p=44152"},"modified":"2026-01-02T13:42:15","modified_gmt":"2026-01-02T12:42:15","slug":"montis-charly-zeeblauw","status":"publish","type":"product","link":"https:\/\/theresales.nl\/de\/product\/montis-charly-zeeblauw\/","title":{"rendered":"Montis Charly zeeblau"},"content":{"rendered":"<p><span>De Charly zeeblauw is een ontwerp van <a href=\"https:\/\/label.nl\/designers\/gerard-van-den-berg\">Gerard van den Berg<\/a> f\u00fcr die Marke Montis. Ein <a href=\"https:\/\/theresales.nl\/de\/produktkategorie\/sessel\/\" target=\"_blank\" rel=\"noopener\">Sessel<\/a> von k\u00f6niglichen Begriffen mit einem zierlichen Rahmen, der mit einem reichhaltigen \u2018Mantel\u2019 mit schwarzem Gestell versehen ist. Vielleicht ist das der Grund, warum Charly eine nat\u00fcrliche Ausstrahlung hat. Die Sitzfl\u00e4che ist h\u00f6her als \u00fcblich und die R\u00fcckenlehne ist gerade, wodurch der Sessel einen wunderbar aktiven Sitzkomfort bietet; auch f\u00fcr etwas \u00e4ltere Benutzer. Er passt wunderbar in fast jedes Interieur!<br \/>\n<\/span><\/p>","protected":false},"excerpt":{"rendered":"<p><strong>Abmessungen<\/strong><br \/>\n<span>Breite: 67 cm<br \/>\nTiefe: 65 cm<br \/>\nH\u00f6he: 100 cm<br \/>\nSitztiefe: 46 cm<br \/>\nSitzh\u00f6he: 46 cm<br \/>\nArmh\u00f6he: 64 cm<\/span><\/p>\n<p><strong>Farbe<\/strong>: Zeeblauw<\/p>\n<p><strong>Material<\/strong>: Skai, Metaal<\/p>","protected":false},"featured_media":44234,"template":"","meta":{"_acf_changed":false},"product_brand":[],"product_cat":[19],"product_tag":[273],"ontwerper":[],"class_list":{"0":"post-44152","1":"product","2":"type-product","3":"status-publish","4":"has-post-thumbnail","6":"product_cat-fauteuils","7":"product_tag-montis","9":"first","10":"instock","11":"shipping-taxable","12":"purchasable","13":"product-type-simple"},"acf":[],"yoast_head":"<!-- This site is optimized with the Yoast SEO plugin v27.5 - https:\/\/yoast.com\/product\/yoast-seo-wordpress\/ -->\n<title>Montis Charly zeeblauw - TheReSales<\/title>\n<meta name=\"description\" content=\"De Charly zeeblauw is een ontwerp van Gerard van den Berg voor het merk Montis. Een fauteuil met een frame dat voorzien is van een riante \u2018jas\u2019.\" \/>\n<meta name=\"robots\" content=\"index, follow, max-snippet:-1, max-image-preview:large, max-video-preview:-1\" \/>\n<link rel=\"canonical\" href=\"https:\/\/theresales.nl\/de\/produkt\/montis-charly-zeeblauw\/\" \/>\n<meta property=\"og:locale\" content=\"de_DE\" \/>\n<meta property=\"og:type\" content=\"article\" \/>\n<meta property=\"og:title\" content=\"Montis Charly zeeblauw - TheReSales\" \/>\n<meta property=\"og:description\" content=\"De Charly zeeblauw is een ontwerp van Gerard van den Berg voor het merk Montis. Een fauteuil met een frame dat voorzien is van een riante \u2018jas\u2019.\" \/>\n<meta property=\"og:url\" content=\"https:\/\/theresales.nl\/de\/produkt\/montis-charly-zeeblauw\/\" \/>\n<meta property=\"og:site_name\" content=\"TheReSales\" \/>\n<meta property=\"article:publisher\" content=\"https:\/\/www.facebook.com\/theresales.nl\" \/>\n<meta property=\"article:modified_time\" content=\"2026-01-02T12:42:15+00:00\" \/>\n<meta property=\"og:image\" content=\"https:\/\/theresales.nl\/wp-content\/uploads\/2025\/04\/20250423_072914763_iOS.jpg\" \/>\n\t<meta property=\"og:image:width\" content=\"1200\" \/>\n\t<meta property=\"og:image:height\" content=\"900\" \/>\n\t<meta property=\"og:image:type\" content=\"image\/jpeg\" \/>\n<meta name=\"twitter:card\" content=\"summary_large_image\" \/>\n<meta name=\"twitter:label1\" content=\"Gesch\u00e4tzte Lesezeit\" \/>\n\t<meta name=\"twitter:data1\" content=\"1\u00a0Minute\" \/>\n<!-- \/ Yoast SEO plugin. -->","yoast_head_json":{"title":"Montis Charly zeeblauw - TheReSales","description":"De Charly zeeblauw is een ontwerp van Gerard van den Berg voor het merk Montis. Een fauteuil met een frame dat voorzien is van een riante \u2018jas\u2019.","robots":{"index":"index","follow":"follow","max-snippet":"max-snippet:-1","max-image-preview":"max-image-preview:large","max-video-preview":"max-video-preview:-1"},"canonical":"https:\/\/theresales.nl\/de\/produkt\/montis-charly-zeeblauw\/","og_locale":"de_DE","og_type":"article","og_title":"Montis Charly zeeblauw - TheReSales","og_description":"De Charly zeeblauw is een ontwerp van Gerard van den Berg voor het merk Montis. Een fauteuil met een frame dat voorzien is van een riante \u2018jas\u2019.","og_url":"https:\/\/theresales.nl\/de\/produkt\/montis-charly-zeeblauw\/","og_site_name":"TheReSales","article_publisher":"https:\/\/www.facebook.com\/theresales.nl","article_modified_time":"2026-01-02T12:42:15+00:00","og_image":[{"width":1200,"height":900,"url":"https:\/\/theresales.nl\/wp-content\/uploads\/2025\/04\/20250423_072914763_iOS.jpg","type":"image\/jpeg"}],"twitter_card":"summary_large_image","twitter_misc":{"Gesch\u00e4tzte Lesezeit":"1\u00a0Minute"},"schema":{"@context":"https:\/\/schema.org","@graph":[{"@type":"WebPage","@id":"https:\/\/theresales.nl\/product\/montis-charly-zeeblauw\/","url":"https:\/\/theresales.nl\/product\/montis-charly-zeeblauw\/","name":"Montis Charly zeeblauw - TheReSales","isPartOf":{"@id":"https:\/\/theresales.nl\/#website"},"primaryImageOfPage":{"@id":"https:\/\/theresales.nl\/product\/montis-charly-zeeblauw\/#primaryimage"},"image":{"@id":"https:\/\/theresales.nl\/product\/montis-charly-zeeblauw\/#primaryimage"},"thumbnailUrl":"https:\/\/theresales.nl\/wp-content\/uploads\/2025\/04\/20250423_072914763_iOS.jpg","datePublished":"2025-04-23T11:03:19+00:00","dateModified":"2026-01-02T12:42:15+00:00","description":"De Charly zeeblauw is een ontwerp van Gerard van den Berg voor het merk Montis. Een fauteuil met een frame dat voorzien is van een riante \u2018jas\u2019.","breadcrumb":{"@id":"https:\/\/theresales.nl\/product\/montis-charly-zeeblauw\/#breadcrumb"},"inLanguage":"de","potentialAction":[{"@type":"ReadAction","target":["https:\/\/theresales.nl\/product\/montis-charly-zeeblauw\/"]}]},{"@type":"ImageObject","inLanguage":"de","@id":"https:\/\/theresales.nl\/product\/montis-charly-zeeblauw\/#primaryimage","url":"https:\/\/theresales.nl\/wp-content\/uploads\/2025\/04\/20250423_072914763_iOS.jpg","contentUrl":"https:\/\/theresales.nl\/wp-content\/uploads\/2025\/04\/20250423_072914763_iOS.jpg","width":1200,"height":900,"caption":"Montis-Charly-Fauteuil-TheReSales"},{"@type":"BreadcrumbList","@id":"https:\/\/theresales.nl\/product\/montis-charly-zeeblauw\/#breadcrumb","itemListElement":[{"@type":"ListItem","position":1,"name":"Home","item":"https:\/\/theresales.nl\/"},{"@type":"ListItem","position":2,"name":"Collectie","item":"https:\/\/theresales.nl\/collectie\/"},{"@type":"ListItem","position":3,"name":"Montis Charly zeeblauw"}]},{"@type":"WebSite","@id":"https:\/\/theresales.nl\/#website","url":"https:\/\/theresales.nl\/","name":"TheReSales","description":"Tweedehands Design Meubelen","publisher":{"@id":"https:\/\/theresales.nl\/#organization"},"potentialAction":[{"@type":"SearchAction","target":{"@type":"EntryPoint","urlTemplate":"https:\/\/theresales.nl\/?s={search_term_string}"},"query-input":{"@type":"PropertyValueSpecification","valueRequired":true,"valueName":"search_term_string"}}],"inLanguage":"de"},{"@type":"Organization","@id":"https:\/\/theresales.nl\/#organization","name":"TheReSales","url":"https:\/\/theresales.nl\/","logo":{"@type":"ImageObject","inLanguage":"de","@id":"https:\/\/theresales.nl\/#\/schema\/logo\/image\/","url":"https:\/\/theresales.nl\/wp-content\/uploads\/2026\/04\/Logo-TheReSales.png","contentUrl":"https:\/\/theresales.nl\/wp-content\/uploads\/2026\/04\/Logo-TheReSales.png","width":1200,"height":304,"caption":"TheReSales"},"image":{"@id":"https:\/\/theresales.nl\/#\/schema\/logo\/image\/"},"sameAs":["https:\/\/www.facebook.com\/theresales.nl","https:\/\/www.instagram.com\/_theresales_\/","https:\/\/nl.pinterest.com\/theresalesgroningen\/","https:\/\/www.linkedin.com\/company\/theresales\/"]}]}},"_links":{"self":[{"href":"https:\/\/theresales.nl\/de\/wp-json\/wp\/v2\/product\/44152","targetHints":{"allow":["GET"]}}],"collection":[{"href":"https:\/\/theresales.nl\/de\/wp-json\/wp\/v2\/product"}],"about":[{"href":"https:\/\/theresales.nl\/de\/wp-json\/wp\/v2\/types\/product"}],"wp:featuredmedia":[{"embeddable":true,"href":"https:\/\/theresales.nl\/de\/wp-json\/wp\/v2\/media\/44234"}],"wp:attachment":[{"href":"https:\/\/theresales.nl\/de\/wp-json\/wp\/v2\/media?parent=44152"}],"wp:term":[{"taxonomy":"product_brand","embeddable":true,"href":"https:\/\/theresales.nl\/de\/wp-json\/wp\/v2\/product_brand?post=44152"},{"taxonomy":"product_cat","embeddable":true,"href":"https:\/\/theresales.nl\/de\/wp-json\/wp\/v2\/product_cat?post=44152"},{"taxonomy":"product_tag","embeddable":true,"href":"https:\/\/theresales.nl\/de\/wp-json\/wp\/v2\/product_tag?post=44152"},{"taxonomy":"ontwerper","embeddable":true,"href":"https:\/\/theresales.nl\/de\/wp-json\/wp\/v2\/ontwerper?post=44152"}],"curies":[{"name":"wp","href":"https:\/\/api.w.org\/{rel}","templated":true}]}}

<p><span>De Charly zeeblauw is een ontwerp van <a href="https://label.nl/designers/gerard-van-den-berg">Gerard van den Berg</a> für die Marke Montis. Ein <a href="https://theresales.nl/de/produktkategorie/sessel/" target="_blank" rel="noopener">Sessel</a> von königlichen Begriffen mit einem zierlichen Rahmen, der mit einem reichhaltigen ‘Mantel’ mit schwarzem Gestell versehen ist. Vielleicht ist das der Grund, warum Charly eine natürliche Ausstrahlung hat. Die Sitzfläche ist höher als üblich und die Rückenlehne ist gerade, wodurch der Sessel einen wunderbar aktiven Sitzkomfort bietet; auch für etwas ältere Benutzer. Er passt wunderbar in fast jedes Interieur!<br />
</span></p>

<p><strong>Abmessungen</strong><br />
<span>Breite: 67 cm<br />
Tiefe: 65 cm<br />
Höhe: 100 cm<br />
Sitztiefe: 46 cm<br />
Sitzhöhe: 46 cm<br />
Armhöhe: 64 cm</span></p>
<p><strong>Farbe</strong>: Zeeblauw</p>
<p><strong>Material</strong>: Skai, Metaal</p>

<!-- This site is optimized with the Yoast SEO plugin v27.5 - https://yoast.com/product/yoast-seo-wordpress/ -->
<title>Montis Charly zeeblauw - TheReSales</title>
<meta name="description" content="De Charly zeeblauw is een ontwerp van Gerard van den Berg voor het merk Montis. Een fauteuil met een frame dat voorzien is van een riante ‘jas’." />
<meta name="robots" content="index, follow, max-snippet:-1, max-image-preview:large, max-video-preview:-1" />
<link rel="canonical" href="https://theresales.nl/de/produkt/montis-charly-zeeblauw/" />
<meta property="og:locale" content="de_DE" />
<meta property="og:type" content="article" />
<meta property="og:title" content="Montis Charly zeeblauw - TheReSales" />
<meta property="og:description" content="De Charly zeeblauw is een ontwerp van Gerard van den Berg voor het merk Montis. Een fauteuil met een frame dat voorzien is van een riante ‘jas’." />
<meta property="og:url" content="https://theresales.nl/de/produkt/montis-charly-zeeblauw/" />
<meta property="og:site_name" content="TheReSales" />
<meta property="article:publisher" content="https://www.facebook.com/theresales.nl" />
<meta property="article:modified_time" content="2026-01-02T12:42:15+00:00" />
<meta property="og:image" content="https://theresales.nl/wp-content/uploads/2025/04/20250423_072914763_iOS.jpg" />
	<meta property="og:image:width" content="1200" />
	<meta property="og:image:height" content="900" />
	<meta property="og:image:type" content="image/jpeg" />
<meta name="twitter:card" content="summary_large_image" />
<meta name="twitter:label1" content="Geschätzte Lesezeit" />
	<meta name="twitter:data1" content="1 Minute" />
<!-- / Yoast SEO plugin. -->
