{"id":40330,"date":"2024-11-22T16:26:49","date_gmt":"2024-11-22T15:26:49","guid":{"rendered":"https:\/\/theresales.nl\/?post_type=product&#038;p=40330"},"modified":"2026-01-02T13:29:10","modified_gmt":"2026-01-02T12:29:10","slug":"muuto-e27-grau","status":"publish","type":"product","link":"https:\/\/theresales.nl\/de\/product\/muuto-e27-grijs\/","title":{"rendered":"Muuto E27 Grau"},"content":{"rendered":"<p>Die E27 Grau ist ein Entwurf <a href=\"https:\/\/www.instagram.com\/mattiasstahlbom\/\" target=\"_blank\" rel=\"noopener\">Mattias Stahlbom<\/a> f\u00fcr die Marke Muuto. Ein modernes <a href=\"https:\/\/theresales.nl\/de\/produktkategorie\/lampen\/hangelampen\/\" target=\"_blank\" rel=\"noopener\">H\u00e4ngeleuchte<\/a> die aan een haak gehangen wordt en dat is het! Combineer verschillende kleuren om een creatieve en leuke uitdrukking te cre\u00ebren, of verzamel hangers van dezelfde kleur om een contrast te cre\u00ebren tussen het product en de heldere, Scandinavische stijl van decor. De plug is gemaakt van siliconen, wat bijdraagt aan de eenvoudige maar innovatieve uitstraling.<\/p>","protected":false},"excerpt":{"rendered":"<p><strong>Neupreis 89 \u20ac pro St\u00fcck<\/strong><\/p>\n<p><strong>Abmessungen<\/strong><br \/>\nDurchmesser: 12,5 cm<br \/>\nH\u00f6he: 23 cm<\/p>\n<p><strong>Farbe\u00a0<\/strong>Grau<\/p>\n<p><strong>Material<\/strong> Glas, Kunststoff<\/p>","protected":false},"featured_media":40331,"template":"","meta":{"_acf_changed":false},"product_brand":[],"product_cat":[40,35],"product_tag":[276],"ontwerper":[],"class_list":{"0":"post-40330","1":"product","2":"type-product","3":"status-publish","4":"has-post-thumbnail","6":"product_cat-hanglampen","7":"product_cat-lampen","8":"product_tag-muuto","10":"first","11":"instock","12":"shipping-taxable","13":"purchasable","14":"product-type-simple"},"acf":[],"yoast_head":"<!-- This site is optimized with the Yoast SEO plugin v27.5 - https:\/\/yoast.com\/product\/yoast-seo-wordpress\/ -->\n<title>Muuto E27 grijs - TheReSales<\/title>\n<meta name=\"description\" content=\"De E27 grijs is een ontwerp Mattias Stahlbom voor het merk Muuto. Een moderne hanglamp die aan een haak gehangen wordt en dat is het!\" \/>\n<meta name=\"robots\" content=\"index, follow, max-snippet:-1, max-image-preview:large, max-video-preview:-1\" \/>\n<link rel=\"canonical\" href=\"https:\/\/theresales.nl\/de\/produkt\/muuto-e27-grau\/\" \/>\n<meta property=\"og:locale\" content=\"de_DE\" \/>\n<meta property=\"og:type\" content=\"article\" \/>\n<meta property=\"og:title\" content=\"Muuto E27 grijs - TheReSales\" \/>\n<meta property=\"og:description\" content=\"De E27 grijs is een ontwerp Mattias Stahlbom voor het merk Muuto. Een moderne hanglamp die aan een haak gehangen wordt en dat is het!\" \/>\n<meta property=\"og:url\" content=\"https:\/\/theresales.nl\/de\/produkt\/muuto-e27-grau\/\" \/>\n<meta property=\"og:site_name\" content=\"TheReSales\" \/>\n<meta property=\"article:publisher\" content=\"https:\/\/www.facebook.com\/theresales.nl\" \/>\n<meta property=\"article:modified_time\" content=\"2026-01-02T12:29:10+00:00\" \/>\n<meta property=\"og:image\" content=\"https:\/\/theresales.nl\/wp-content\/uploads\/2024\/11\/grijs-e27.jpg\" \/>\n\t<meta property=\"og:image:width\" content=\"1200\" \/>\n\t<meta property=\"og:image:height\" content=\"900\" \/>\n\t<meta property=\"og:image:type\" content=\"image\/jpeg\" \/>\n<meta name=\"twitter:card\" content=\"summary_large_image\" \/>\n<meta name=\"twitter:label1\" content=\"Gesch\u00e4tzte Lesezeit\" \/>\n\t<meta name=\"twitter:data1\" content=\"1\u00a0Minute\" \/>\n<!-- \/ Yoast SEO plugin. -->","yoast_head_json":{"title":"Muuto E27 grau - TheReSales","description":"Die E27 Grau ist ein Entwurf von Mattias Stahlbom f\u00fcr die Marke Muuto. Eine moderne H\u00e4ngelampe, die an einem Haken aufgeh\u00e4ngt wird, und das ist alles!","robots":{"index":"index","follow":"follow","max-snippet":"max-snippet:-1","max-image-preview":"max-image-preview:large","max-video-preview":"max-video-preview:-1"},"canonical":"https:\/\/theresales.nl\/de\/produkt\/muuto-e27-grau\/","og_locale":"de_DE","og_type":"article","og_title":"Muuto E27 grijs - TheReSales","og_description":"De E27 grijs is een ontwerp Mattias Stahlbom voor het merk Muuto. Een moderne hanglamp die aan een haak gehangen wordt en dat is het!","og_url":"https:\/\/theresales.nl\/de\/produkt\/muuto-e27-grau\/","og_site_name":"TheReSales","article_publisher":"https:\/\/www.facebook.com\/theresales.nl","article_modified_time":"2026-01-02T12:29:10+00:00","og_image":[{"width":1200,"height":900,"url":"https:\/\/theresales.nl\/wp-content\/uploads\/2024\/11\/grijs-e27.jpg","type":"image\/jpeg"}],"twitter_card":"summary_large_image","twitter_misc":{"Gesch\u00e4tzte Lesezeit":"1\u00a0Minute"},"schema":{"@context":"https:\/\/schema.org","@graph":[{"@type":"WebPage","@id":"https:\/\/theresales.nl\/product\/muuto-e27-grijs\/","url":"https:\/\/theresales.nl\/product\/muuto-e27-grijs\/","name":"Muuto E27 grau - TheReSales","isPartOf":{"@id":"https:\/\/theresales.nl\/#website"},"primaryImageOfPage":{"@id":"https:\/\/theresales.nl\/product\/muuto-e27-grijs\/#primaryimage"},"image":{"@id":"https:\/\/theresales.nl\/product\/muuto-e27-grijs\/#primaryimage"},"thumbnailUrl":"https:\/\/theresales.nl\/wp-content\/uploads\/2024\/11\/grijs-e27.jpg","datePublished":"2024-11-22T15:26:49+00:00","dateModified":"2026-01-02T12:29:10+00:00","description":"Die E27 Grau ist ein Entwurf von Mattias Stahlbom f\u00fcr die Marke Muuto. Eine moderne H\u00e4ngelampe, die an einem Haken aufgeh\u00e4ngt wird, und das ist alles!","breadcrumb":{"@id":"https:\/\/theresales.nl\/product\/muuto-e27-grijs\/#breadcrumb"},"inLanguage":"de","potentialAction":[{"@type":"ReadAction","target":["https:\/\/theresales.nl\/product\/muuto-e27-grijs\/"]}]},{"@type":"ImageObject","inLanguage":"de","@id":"https:\/\/theresales.nl\/product\/muuto-e27-grijs\/#primaryimage","url":"https:\/\/theresales.nl\/wp-content\/uploads\/2024\/11\/grijs-e27.jpg","contentUrl":"https:\/\/theresales.nl\/wp-content\/uploads\/2024\/11\/grijs-e27.jpg","width":1200,"height":900,"caption":"muuto-e27-grijs-theresales"},{"@type":"BreadcrumbList","@id":"https:\/\/theresales.nl\/product\/muuto-e27-grijs\/#breadcrumb","itemListElement":[{"@type":"ListItem","position":1,"name":"Home","item":"https:\/\/theresales.nl\/"},{"@type":"ListItem","position":2,"name":"Collectie","item":"https:\/\/theresales.nl\/collectie\/"},{"@type":"ListItem","position":3,"name":"Muuto E27 grijs"}]},{"@type":"WebSite","@id":"https:\/\/theresales.nl\/#website","url":"https:\/\/theresales.nl\/","name":"TheReSales","description":"Tweedehands Design Meubelen","publisher":{"@id":"https:\/\/theresales.nl\/#organization"},"potentialAction":[{"@type":"SearchAction","target":{"@type":"EntryPoint","urlTemplate":"https:\/\/theresales.nl\/?s={search_term_string}"},"query-input":{"@type":"PropertyValueSpecification","valueRequired":true,"valueName":"search_term_string"}}],"inLanguage":"de"},{"@type":"Organization","@id":"https:\/\/theresales.nl\/#organization","name":"TheReSales","url":"https:\/\/theresales.nl\/","logo":{"@type":"ImageObject","inLanguage":"de","@id":"https:\/\/theresales.nl\/#\/schema\/logo\/image\/","url":"https:\/\/theresales.nl\/wp-content\/uploads\/2026\/04\/Logo-TheReSales.png","contentUrl":"https:\/\/theresales.nl\/wp-content\/uploads\/2026\/04\/Logo-TheReSales.png","width":1200,"height":304,"caption":"TheReSales"},"image":{"@id":"https:\/\/theresales.nl\/#\/schema\/logo\/image\/"},"sameAs":["https:\/\/www.facebook.com\/theresales.nl","https:\/\/www.instagram.com\/_theresales_\/","https:\/\/nl.pinterest.com\/theresalesgroningen\/","https:\/\/www.linkedin.com\/company\/theresales\/"]}]}},"_links":{"self":[{"href":"https:\/\/theresales.nl\/de\/wp-json\/wp\/v2\/product\/40330","targetHints":{"allow":["GET"]}}],"collection":[{"href":"https:\/\/theresales.nl\/de\/wp-json\/wp\/v2\/product"}],"about":[{"href":"https:\/\/theresales.nl\/de\/wp-json\/wp\/v2\/types\/product"}],"wp:featuredmedia":[{"embeddable":true,"href":"https:\/\/theresales.nl\/de\/wp-json\/wp\/v2\/media\/40331"}],"wp:attachment":[{"href":"https:\/\/theresales.nl\/de\/wp-json\/wp\/v2\/media?parent=40330"}],"wp:term":[{"taxonomy":"product_brand","embeddable":true,"href":"https:\/\/theresales.nl\/de\/wp-json\/wp\/v2\/product_brand?post=40330"},{"taxonomy":"product_cat","embeddable":true,"href":"https:\/\/theresales.nl\/de\/wp-json\/wp\/v2\/product_cat?post=40330"},{"taxonomy":"product_tag","embeddable":true,"href":"https:\/\/theresales.nl\/de\/wp-json\/wp\/v2\/product_tag?post=40330"},{"taxonomy":"ontwerper","embeddable":true,"href":"https:\/\/theresales.nl\/de\/wp-json\/wp\/v2\/ontwerper?post=40330"}],"curies":[{"name":"wp","href":"https:\/\/api.w.org\/{rel}","templated":true}]}}

<p>Die E27 Grau ist ein Entwurf <a href="https://www.instagram.com/mattiasstahlbom/" target="_blank" rel="noopener">Mattias Stahlbom</a> für die Marke Muuto. Ein modernes <a href="https://theresales.nl/de/produktkategorie/lampen/hangelampen/" target="_blank" rel="noopener">Hängeleuchte</a> die aan een haak gehangen wordt en dat is het! Combineer verschillende kleuren om een creatieve en leuke uitdrukking te creëren, of verzamel hangers van dezelfde kleur om een contrast te creëren tussen het product en de heldere, Scandinavische stijl van decor. De plug is gemaakt van siliconen, wat bijdraagt aan de eenvoudige maar innovatieve uitstraling.</p>

<p><strong>Neupreis 89 € pro Stück</strong></p>
<p><strong>Abmessungen</strong><br />
Durchmesser: 12,5 cm<br />
Höhe: 23 cm</p>
<p><strong>Farbe </strong>Grau</p>
<p><strong>Material</strong> Glas, Kunststoff</p>

<!-- This site is optimized with the Yoast SEO plugin v27.5 - https://yoast.com/product/yoast-seo-wordpress/ -->
<title>Muuto E27 grijs - TheReSales</title>
<meta name="description" content="De E27 grijs is een ontwerp Mattias Stahlbom voor het merk Muuto. Een moderne hanglamp die aan een haak gehangen wordt en dat is het!" />
<meta name="robots" content="index, follow, max-snippet:-1, max-image-preview:large, max-video-preview:-1" />
<link rel="canonical" href="https://theresales.nl/de/produkt/muuto-e27-grau/" />
<meta property="og:locale" content="de_DE" />
<meta property="og:type" content="article" />
<meta property="og:title" content="Muuto E27 grijs - TheReSales" />
<meta property="og:description" content="De E27 grijs is een ontwerp Mattias Stahlbom voor het merk Muuto. Een moderne hanglamp die aan een haak gehangen wordt en dat is het!" />
<meta property="og:url" content="https://theresales.nl/de/produkt/muuto-e27-grau/" />
<meta property="og:site_name" content="TheReSales" />
<meta property="article:publisher" content="https://www.facebook.com/theresales.nl" />
<meta property="article:modified_time" content="2026-01-02T12:29:10+00:00" />
<meta property="og:image" content="https://theresales.nl/wp-content/uploads/2024/11/grijs-e27.jpg" />
	<meta property="og:image:width" content="1200" />
	<meta property="og:image:height" content="900" />
	<meta property="og:image:type" content="image/jpeg" />
<meta name="twitter:card" content="summary_large_image" />
<meta name="twitter:label1" content="Geschätzte Lesezeit" />
	<meta name="twitter:data1" content="1 Minute" />
<!-- / Yoast SEO plugin. -->

Die E27 Grau ist ein Entwurf von Mattias Stahlbom für die Marke Muuto. Eine moderne Hängelampe, die an einem Haken aufgehängt wird, und das ist alles!
