{"id":38406,"date":"2024-09-03T14:47:50","date_gmt":"2024-09-03T12:47:50","guid":{"rendered":"https:\/\/theresales.nl\/?post_type=product&#038;p=38406"},"modified":"2026-01-02T13:23:51","modified_gmt":"2026-01-02T12:23:51","slug":"martela-unter-grun","status":"publish","type":"product","link":"https:\/\/theresales.nl\/de\/product\/martela-pod-groen\/","title":{"rendered":"Martela Unter gr\u00fcn"},"content":{"rendered":"<p>Deutsch <strong>Pod<\/strong> gr\u00fcn ist ein Entwurf von <strong><a href=\"https:\/\/www.o4i.com\/\" target=\"_blank\" rel=\"noopener\">o4i Design Studio<\/a><\/strong> f\u00fcr die Marke <strong>Martela<\/strong>. Eine intelligente <a href=\"https:\/\/theresales.nl\/de\/produktkategorie\/tweedehands-design-banken\/\" target=\"_blank\" rel=\"noopener\">Bank<\/a> waar u zich rustig kunt terugtrekken of gezellige bijeenkomsten kunt ervaren. De hoge rugleuningen en het flexibele draaitafeltje zorgen voor een comfortabele werkplek. Het is zowel modern als tijdloos!<\/p>","protected":false},"excerpt":{"rendered":"<p><strong>Abmessungen<\/strong><br \/>\nBreite: 145 cm<br \/>\nTiefe: 60 cm<br \/>\nH\u00f6he: 126 cm<br \/>\nSitzh\u00f6he: 88 cm<br \/>\nSitzfl\u00e4chentiefe: 45 Zentimeter<br \/>\nArmh\u00f6he: 84 cm<\/p>\n<p><strong>Farbe<\/strong> Gr\u00fcn, Grau<\/p>\n<p><strong>Material\u00a0<\/strong>Stoff, Metall<\/p>","protected":false},"featured_media":38408,"template":"","meta":{"_acf_changed":false},"product_brand":[],"product_cat":[74],"product_tag":[261],"ontwerper":[],"class_list":{"0":"post-38406","1":"product","2":"type-product","3":"status-publish","4":"has-post-thumbnail","6":"product_cat-banken","7":"product_tag-martela","9":"first","10":"instock","11":"shipping-taxable","12":"purchasable","13":"product-type-simple"},"acf":[],"yoast_head":"<!-- This site is optimized with the Yoast SEO plugin v27.5 - https:\/\/yoast.com\/product\/yoast-seo-wordpress\/ -->\n<title>Martela Pod groen - TheReSales<\/title>\n<meta name=\"description\" content=\"De Pod groen is een ontwerp van o4i Design Studio voor het merk Martela. Een intelligente bank waar je in alle rust terug kunt trekken.\" \/>\n<meta name=\"robots\" content=\"index, follow, max-snippet:-1, max-image-preview:large, max-video-preview:-1\" \/>\n<link rel=\"canonical\" href=\"https:\/\/theresales.nl\/de\/produkt\/martela-unter-grun\/\" \/>\n<meta property=\"og:locale\" content=\"de_DE\" \/>\n<meta property=\"og:type\" content=\"article\" \/>\n<meta property=\"og:title\" content=\"Martela Pod groen - TheReSales\" \/>\n<meta property=\"og:description\" content=\"De Pod groen is een ontwerp van o4i Design Studio voor het merk Martela. Een intelligente bank waar je in alle rust terug kunt trekken.\" \/>\n<meta property=\"og:url\" content=\"https:\/\/theresales.nl\/de\/produkt\/martela-unter-grun\/\" \/>\n<meta property=\"og:site_name\" content=\"TheReSales\" \/>\n<meta property=\"article:publisher\" content=\"https:\/\/www.facebook.com\/theresales.nl\" \/>\n<meta property=\"article:modified_time\" content=\"2026-01-02T12:23:51+00:00\" \/>\n<meta property=\"og:image\" content=\"https:\/\/theresales.nl\/wp-content\/uploads\/2024\/09\/20240903_122136029_iOS.jpg\" \/>\n\t<meta property=\"og:image:width\" content=\"1200\" \/>\n\t<meta property=\"og:image:height\" content=\"900\" \/>\n\t<meta property=\"og:image:type\" content=\"image\/jpeg\" \/>\n<meta name=\"twitter:card\" content=\"summary_large_image\" \/>\n<meta name=\"twitter:label1\" content=\"Gesch\u00e4tzte Lesezeit\" \/>\n\t<meta name=\"twitter:data1\" content=\"1\u00a0Minute\" \/>\n<!-- \/ Yoast SEO plugin. -->","yoast_head_json":{"title":"Martela Pod gr\u00fcn - TheReSales","description":"Die De Pod gr\u00fcne ist ein Entwurf von o4i Design Studio f\u00fcr die Marke Martela. Eine intelligente Bank, wo man sich in aller Ruhe zur\u00fcckziehen kann.","robots":{"index":"index","follow":"follow","max-snippet":"max-snippet:-1","max-image-preview":"max-image-preview:large","max-video-preview":"max-video-preview:-1"},"canonical":"https:\/\/theresales.nl\/de\/produkt\/martela-unter-grun\/","og_locale":"de_DE","og_type":"article","og_title":"Martela Pod groen - TheReSales","og_description":"De Pod groen is een ontwerp van o4i Design Studio voor het merk Martela. Een intelligente bank waar je in alle rust terug kunt trekken.","og_url":"https:\/\/theresales.nl\/de\/produkt\/martela-unter-grun\/","og_site_name":"TheReSales","article_publisher":"https:\/\/www.facebook.com\/theresales.nl","article_modified_time":"2026-01-02T12:23:51+00:00","og_image":[{"width":1200,"height":900,"url":"https:\/\/theresales.nl\/wp-content\/uploads\/2024\/09\/20240903_122136029_iOS.jpg","type":"image\/jpeg"}],"twitter_card":"summary_large_image","twitter_misc":{"Gesch\u00e4tzte Lesezeit":"1\u00a0Minute"},"schema":{"@context":"https:\/\/schema.org","@graph":[{"@type":"WebPage","@id":"https:\/\/theresales.nl\/product\/martela-pod-groen\/","url":"https:\/\/theresales.nl\/product\/martela-pod-groen\/","name":"Martela Pod gr\u00fcn - TheReSales","isPartOf":{"@id":"https:\/\/theresales.nl\/#website"},"primaryImageOfPage":{"@id":"https:\/\/theresales.nl\/product\/martela-pod-groen\/#primaryimage"},"image":{"@id":"https:\/\/theresales.nl\/product\/martela-pod-groen\/#primaryimage"},"thumbnailUrl":"https:\/\/theresales.nl\/wp-content\/uploads\/2024\/09\/20240903_122136029_iOS.jpg","datePublished":"2024-09-03T12:47:50+00:00","dateModified":"2026-01-02T12:23:51+00:00","description":"Die De Pod gr\u00fcne ist ein Entwurf von o4i Design Studio f\u00fcr die Marke Martela. Eine intelligente Bank, wo man sich in aller Ruhe zur\u00fcckziehen kann.","breadcrumb":{"@id":"https:\/\/theresales.nl\/product\/martela-pod-groen\/#breadcrumb"},"inLanguage":"de","potentialAction":[{"@type":"ReadAction","target":["https:\/\/theresales.nl\/product\/martela-pod-groen\/"]}]},{"@type":"ImageObject","inLanguage":"de","@id":"https:\/\/theresales.nl\/product\/martela-pod-groen\/#primaryimage","url":"https:\/\/theresales.nl\/wp-content\/uploads\/2024\/09\/20240903_122136029_iOS.jpg","contentUrl":"https:\/\/theresales.nl\/wp-content\/uploads\/2024\/09\/20240903_122136029_iOS.jpg","width":1200,"height":900,"caption":"Bank-Martela-Pod-groen-TheReSales"},{"@type":"BreadcrumbList","@id":"https:\/\/theresales.nl\/product\/martela-pod-groen\/#breadcrumb","itemListElement":[{"@type":"ListItem","position":1,"name":"Home","item":"https:\/\/theresales.nl\/"},{"@type":"ListItem","position":2,"name":"Collectie","item":"https:\/\/theresales.nl\/collectie\/"},{"@type":"ListItem","position":3,"name":"Martela Pod groen"}]},{"@type":"WebSite","@id":"https:\/\/theresales.nl\/#website","url":"https:\/\/theresales.nl\/","name":"TheReSales","description":"Tweedehands Design Meubelen","publisher":{"@id":"https:\/\/theresales.nl\/#organization"},"potentialAction":[{"@type":"SearchAction","target":{"@type":"EntryPoint","urlTemplate":"https:\/\/theresales.nl\/?s={search_term_string}"},"query-input":{"@type":"PropertyValueSpecification","valueRequired":true,"valueName":"search_term_string"}}],"inLanguage":"de"},{"@type":"Organization","@id":"https:\/\/theresales.nl\/#organization","name":"TheReSales","url":"https:\/\/theresales.nl\/","logo":{"@type":"ImageObject","inLanguage":"de","@id":"https:\/\/theresales.nl\/#\/schema\/logo\/image\/","url":"https:\/\/theresales.nl\/wp-content\/uploads\/2026\/04\/Logo-TheReSales.png","contentUrl":"https:\/\/theresales.nl\/wp-content\/uploads\/2026\/04\/Logo-TheReSales.png","width":1200,"height":304,"caption":"TheReSales"},"image":{"@id":"https:\/\/theresales.nl\/#\/schema\/logo\/image\/"},"sameAs":["https:\/\/www.facebook.com\/theresales.nl","https:\/\/www.instagram.com\/_theresales_\/","https:\/\/nl.pinterest.com\/theresalesgroningen\/","https:\/\/www.linkedin.com\/company\/theresales\/"]}]}},"_links":{"self":[{"href":"https:\/\/theresales.nl\/de\/wp-json\/wp\/v2\/product\/38406","targetHints":{"allow":["GET"]}}],"collection":[{"href":"https:\/\/theresales.nl\/de\/wp-json\/wp\/v2\/product"}],"about":[{"href":"https:\/\/theresales.nl\/de\/wp-json\/wp\/v2\/types\/product"}],"wp:featuredmedia":[{"embeddable":true,"href":"https:\/\/theresales.nl\/de\/wp-json\/wp\/v2\/media\/38408"}],"wp:attachment":[{"href":"https:\/\/theresales.nl\/de\/wp-json\/wp\/v2\/media?parent=38406"}],"wp:term":[{"taxonomy":"product_brand","embeddable":true,"href":"https:\/\/theresales.nl\/de\/wp-json\/wp\/v2\/product_brand?post=38406"},{"taxonomy":"product_cat","embeddable":true,"href":"https:\/\/theresales.nl\/de\/wp-json\/wp\/v2\/product_cat?post=38406"},{"taxonomy":"product_tag","embeddable":true,"href":"https:\/\/theresales.nl\/de\/wp-json\/wp\/v2\/product_tag?post=38406"},{"taxonomy":"ontwerper","embeddable":true,"href":"https:\/\/theresales.nl\/de\/wp-json\/wp\/v2\/ontwerper?post=38406"}],"curies":[{"name":"wp","href":"https:\/\/api.w.org\/{rel}","templated":true}]}}

Martela Unter grün

<p>Deutsch <strong>Pod</strong> grün ist ein Entwurf von <strong><a href="https://www.o4i.com/" target="_blank" rel="noopener">o4i Design Studio</a></strong> für die Marke <strong>Martela</strong>. Eine intelligente <a href="https://theresales.nl/de/produktkategorie/tweedehands-design-banken/" target="_blank" rel="noopener">Bank</a> waar u zich rustig kunt terugtrekken of gezellige bijeenkomsten kunt ervaren. De hoge rugleuningen en het flexibele draaitafeltje zorgen voor een comfortabele werkplek. Het is zowel modern als tijdloos!</p>

<p><strong>Abmessungen</strong><br />
Breite: 145 cm<br />
Tiefe: 60 cm<br />
Höhe: 126 cm<br />
Sitzhöhe: 88 cm<br />
Sitzflächentiefe: 45 Zentimeter<br />
Armhöhe: 84 cm</p>
<p><strong>Farbe</strong> Grün, Grau</p>
<p><strong>Material </strong>Stoff, Metall</p>

<!-- This site is optimized with the Yoast SEO plugin v27.5 - https://yoast.com/product/yoast-seo-wordpress/ -->
<title>Martela Pod groen - TheReSales</title>
<meta name="description" content="De Pod groen is een ontwerp van o4i Design Studio voor het merk Martela. Een intelligente bank waar je in alle rust terug kunt trekken." />
<meta name="robots" content="index, follow, max-snippet:-1, max-image-preview:large, max-video-preview:-1" />
<link rel="canonical" href="https://theresales.nl/de/produkt/martela-unter-grun/" />
<meta property="og:locale" content="de_DE" />
<meta property="og:type" content="article" />
<meta property="og:title" content="Martela Pod groen - TheReSales" />
<meta property="og:description" content="De Pod groen is een ontwerp van o4i Design Studio voor het merk Martela. Een intelligente bank waar je in alle rust terug kunt trekken." />
<meta property="og:url" content="https://theresales.nl/de/produkt/martela-unter-grun/" />
<meta property="og:site_name" content="TheReSales" />
<meta property="article:publisher" content="https://www.facebook.com/theresales.nl" />
<meta property="article:modified_time" content="2026-01-02T12:23:51+00:00" />
<meta property="og:image" content="https://theresales.nl/wp-content/uploads/2024/09/20240903_122136029_iOS.jpg" />
	<meta property="og:image:width" content="1200" />
	<meta property="og:image:height" content="900" />
	<meta property="og:image:type" content="image/jpeg" />
<meta name="twitter:card" content="summary_large_image" />
<meta name="twitter:label1" content="Geschätzte Lesezeit" />
	<meta name="twitter:data1" content="1 Minute" />
<!-- / Yoast SEO plugin. -->

Martela Pod grün - TheReSales

Die De Pod grüne ist ein Entwurf von o4i Design Studio für die Marke Martela. Eine intelligente Bank, wo man sich in aller Ruhe zurückziehen kann.
