{"id":36942,"date":"2024-07-09T13:16:39","date_gmt":"2024-07-09T11:16:39","guid":{"rendered":"https:\/\/theresales.nl\/?post_type=product&#038;p=36942"},"modified":"2024-07-11T10:31:29","modified_gmt":"2024-07-11T08:31:29","slug":"ferm-living-verso-vase","status":"publish","type":"product","link":"https:\/\/theresales.nl\/de\/product\/ferm-living-verso-vaas\/","title":{"rendered":"Ferm Living Verso Vase"},"content":{"rendered":"<p>Deutsch <a href=\"https:\/\/fermliving.com\/\">Ferm Leben<\/a> R\u00fcckseite <a href=\"https:\/\/theresales.nl\/de\/produktkategorie\/wohnaccessoires\/\">Vase<\/a> ist aus Keramik gefertigt und passt perfekt in jedes Interieur. Die dunkelbraune Farbe und die dezente Textur verleihen der Vase ein warmes, organisches Gef\u00fchl. Mit einer H\u00f6he von 25 cm und einem Durchmesser von 12,5 cm passt sie fast \u00fcberall hin, ist aber gro\u00df genug, um Eindruck zu machen!<\/p>","protected":false},"excerpt":{"rendered":"<p><strong>Neupreis: 99 \u20ac<\/strong><\/p>\n<p><strong>Abmessungen<\/strong><br \/>\nH\u00f6he: 25cm<br \/>\nDurchmesser: 12,5 cm<\/p>\n<p><strong>Material<\/strong> Keramik<\/p>\n<p><strong>Farbe<\/strong> Dunkelbraun<\/p>","protected":false},"featured_media":36958,"template":"","meta":{"_acf_changed":false},"product_brand":[],"product_cat":[90],"product_tag":[307],"ontwerper":[],"class_list":{"0":"post-36942","1":"product","2":"type-product","3":"status-publish","4":"has-post-thumbnail","6":"product_cat-woonaccessoires","7":"product_tag-ferm-living","9":"first","10":"instock","11":"shipping-taxable","12":"purchasable","13":"product-type-simple"},"acf":[],"yoast_head":"<!-- This site is optimized with the Yoast SEO plugin v27.5 - https:\/\/yoast.com\/product\/yoast-seo-wordpress\/ -->\n<title>Ferm Living Verso vaas - TheReSales<\/title>\n<meta name=\"description\" content=\"De Ferm Living Verso vaas is gemaakt van keramiek en past perfect in elk interieur. De donkerbruine kleur en textuur geven de vaas een organisch gevoel.\" \/>\n<meta name=\"robots\" content=\"index, follow, max-snippet:-1, max-image-preview:large, max-video-preview:-1\" \/>\n<link rel=\"canonical\" href=\"https:\/\/theresales.nl\/de\/produkt\/ferm-living-verso-vase\/\" \/>\n<meta property=\"og:locale\" content=\"de_DE\" \/>\n<meta property=\"og:type\" content=\"article\" \/>\n<meta property=\"og:title\" content=\"Ferm Living Verso vaas - TheReSales\" \/>\n<meta property=\"og:description\" content=\"De Ferm Living Verso vaas is gemaakt van keramiek en past perfect in elk interieur. De donkerbruine kleur en textuur geven de vaas een organisch gevoel.\" \/>\n<meta property=\"og:url\" content=\"https:\/\/theresales.nl\/de\/produkt\/ferm-living-verso-vase\/\" \/>\n<meta property=\"og:site_name\" content=\"TheReSales\" \/>\n<meta property=\"article:publisher\" content=\"https:\/\/www.facebook.com\/theresales.nl\" \/>\n<meta property=\"article:modified_time\" content=\"2024-07-11T08:31:29+00:00\" \/>\n<meta property=\"og:image\" content=\"https:\/\/theresales.nl\/wp-content\/uploads\/2024\/07\/samuri-2.png\" \/>\n\t<meta property=\"og:image:width\" content=\"1200\" \/>\n\t<meta property=\"og:image:height\" content=\"900\" \/>\n\t<meta property=\"og:image:type\" content=\"image\/png\" \/>\n<meta name=\"twitter:card\" content=\"summary_large_image\" \/>\n<meta name=\"twitter:label1\" content=\"Gesch\u00e4tzte Lesezeit\" \/>\n\t<meta name=\"twitter:data1\" content=\"1\u00a0Minute\" \/>\n<!-- \/ Yoast SEO plugin. -->","yoast_head_json":{"title":"Ferm Living Verso Vase - TheReSales","description":"Die Ferm Living Verso Vase ist aus Keramik gefertigt und passt perfekt in jedes Interieur. Die dunkelbraune Farbe und Textur verleihen der Vase ein organisches Gef\u00fchl.","robots":{"index":"index","follow":"follow","max-snippet":"max-snippet:-1","max-image-preview":"max-image-preview:large","max-video-preview":"max-video-preview:-1"},"canonical":"https:\/\/theresales.nl\/de\/produkt\/ferm-living-verso-vase\/","og_locale":"de_DE","og_type":"article","og_title":"Ferm Living Verso vaas - TheReSales","og_description":"De Ferm Living Verso vaas is gemaakt van keramiek en past perfect in elk interieur. De donkerbruine kleur en textuur geven de vaas een organisch gevoel.","og_url":"https:\/\/theresales.nl\/de\/produkt\/ferm-living-verso-vase\/","og_site_name":"TheReSales","article_publisher":"https:\/\/www.facebook.com\/theresales.nl","article_modified_time":"2024-07-11T08:31:29+00:00","og_image":[{"width":1200,"height":900,"url":"https:\/\/theresales.nl\/wp-content\/uploads\/2024\/07\/samuri-2.png","type":"image\/png"}],"twitter_card":"summary_large_image","twitter_misc":{"Gesch\u00e4tzte Lesezeit":"1\u00a0Minute"},"schema":{"@context":"https:\/\/schema.org","@graph":[{"@type":"WebPage","@id":"https:\/\/theresales.nl\/product\/ferm-living-verso-vaas\/","url":"https:\/\/theresales.nl\/product\/ferm-living-verso-vaas\/","name":"Ferm Living Verso Vase - TheReSales","isPartOf":{"@id":"https:\/\/theresales.nl\/#website"},"primaryImageOfPage":{"@id":"https:\/\/theresales.nl\/product\/ferm-living-verso-vaas\/#primaryimage"},"image":{"@id":"https:\/\/theresales.nl\/product\/ferm-living-verso-vaas\/#primaryimage"},"thumbnailUrl":"https:\/\/theresales.nl\/wp-content\/uploads\/2024\/07\/samuri-2.png","datePublished":"2024-07-09T11:16:39+00:00","dateModified":"2024-07-11T08:31:29+00:00","description":"Die Ferm Living Verso Vase ist aus Keramik gefertigt und passt perfekt in jedes Interieur. Die dunkelbraune Farbe und Textur verleihen der Vase ein organisches Gef\u00fchl.","breadcrumb":{"@id":"https:\/\/theresales.nl\/product\/ferm-living-verso-vaas\/#breadcrumb"},"inLanguage":"de","potentialAction":[{"@type":"ReadAction","target":["https:\/\/theresales.nl\/product\/ferm-living-verso-vaas\/"]}]},{"@type":"ImageObject","inLanguage":"de","@id":"https:\/\/theresales.nl\/product\/ferm-living-verso-vaas\/#primaryimage","url":"https:\/\/theresales.nl\/wp-content\/uploads\/2024\/07\/samuri-2.png","contentUrl":"https:\/\/theresales.nl\/wp-content\/uploads\/2024\/07\/samuri-2.png","width":1200,"height":900,"caption":"Ferm-Living-Verso-vaas-TheReSales"},{"@type":"BreadcrumbList","@id":"https:\/\/theresales.nl\/product\/ferm-living-verso-vaas\/#breadcrumb","itemListElement":[{"@type":"ListItem","position":1,"name":"Home","item":"https:\/\/theresales.nl\/"},{"@type":"ListItem","position":2,"name":"Collectie","item":"https:\/\/theresales.nl\/collectie\/"},{"@type":"ListItem","position":3,"name":"Ferm Living Verso vaas"}]},{"@type":"WebSite","@id":"https:\/\/theresales.nl\/#website","url":"https:\/\/theresales.nl\/","name":"TheReSales","description":"Tweedehands Design Meubelen","publisher":{"@id":"https:\/\/theresales.nl\/#organization"},"potentialAction":[{"@type":"SearchAction","target":{"@type":"EntryPoint","urlTemplate":"https:\/\/theresales.nl\/?s={search_term_string}"},"query-input":{"@type":"PropertyValueSpecification","valueRequired":true,"valueName":"search_term_string"}}],"inLanguage":"de"},{"@type":"Organization","@id":"https:\/\/theresales.nl\/#organization","name":"TheReSales","url":"https:\/\/theresales.nl\/","logo":{"@type":"ImageObject","inLanguage":"de","@id":"https:\/\/theresales.nl\/#\/schema\/logo\/image\/","url":"https:\/\/theresales.nl\/wp-content\/uploads\/2026\/04\/Logo-TheReSales.png","contentUrl":"https:\/\/theresales.nl\/wp-content\/uploads\/2026\/04\/Logo-TheReSales.png","width":1200,"height":304,"caption":"TheReSales"},"image":{"@id":"https:\/\/theresales.nl\/#\/schema\/logo\/image\/"},"sameAs":["https:\/\/www.facebook.com\/theresales.nl","https:\/\/www.instagram.com\/_theresales_\/","https:\/\/nl.pinterest.com\/theresalesgroningen\/","https:\/\/www.linkedin.com\/company\/theresales\/"]}]}},"_links":{"self":[{"href":"https:\/\/theresales.nl\/de\/wp-json\/wp\/v2\/product\/36942","targetHints":{"allow":["GET"]}}],"collection":[{"href":"https:\/\/theresales.nl\/de\/wp-json\/wp\/v2\/product"}],"about":[{"href":"https:\/\/theresales.nl\/de\/wp-json\/wp\/v2\/types\/product"}],"wp:featuredmedia":[{"embeddable":true,"href":"https:\/\/theresales.nl\/de\/wp-json\/wp\/v2\/media\/36958"}],"wp:attachment":[{"href":"https:\/\/theresales.nl\/de\/wp-json\/wp\/v2\/media?parent=36942"}],"wp:term":[{"taxonomy":"product_brand","embeddable":true,"href":"https:\/\/theresales.nl\/de\/wp-json\/wp\/v2\/product_brand?post=36942"},{"taxonomy":"product_cat","embeddable":true,"href":"https:\/\/theresales.nl\/de\/wp-json\/wp\/v2\/product_cat?post=36942"},{"taxonomy":"product_tag","embeddable":true,"href":"https:\/\/theresales.nl\/de\/wp-json\/wp\/v2\/product_tag?post=36942"},{"taxonomy":"ontwerper","embeddable":true,"href":"https:\/\/theresales.nl\/de\/wp-json\/wp\/v2\/ontwerper?post=36942"}],"curies":[{"name":"wp","href":"https:\/\/api.w.org\/{rel}","templated":true}]}}

<p>Deutsch <a href="https://fermliving.com/">Ferm Leben</a> Rückseite <a href="https://theresales.nl/de/produktkategorie/wohnaccessoires/">Vase</a> ist aus Keramik gefertigt und passt perfekt in jedes Interieur. Die dunkelbraune Farbe und die dezente Textur verleihen der Vase ein warmes, organisches Gefühl. Mit einer Höhe von 25 cm und einem Durchmesser von 12,5 cm passt sie fast überall hin, ist aber groß genug, um Eindruck zu machen!</p>

<p><strong>Neupreis: 99 €</strong></p>
<p><strong>Abmessungen</strong><br />
Höhe: 25cm<br />
Durchmesser: 12,5 cm</p>
<p><strong>Material</strong> Keramik</p>
<p><strong>Farbe</strong> Dunkelbraun</p>

<!-- This site is optimized with the Yoast SEO plugin v27.5 - https://yoast.com/product/yoast-seo-wordpress/ -->
<title>Ferm Living Verso vaas - TheReSales</title>
<meta name="description" content="De Ferm Living Verso vaas is gemaakt van keramiek en past perfect in elk interieur. De donkerbruine kleur en textuur geven de vaas een organisch gevoel." />
<meta name="robots" content="index, follow, max-snippet:-1, max-image-preview:large, max-video-preview:-1" />
<link rel="canonical" href="https://theresales.nl/de/produkt/ferm-living-verso-vase/" />
<meta property="og:locale" content="de_DE" />
<meta property="og:type" content="article" />
<meta property="og:title" content="Ferm Living Verso vaas - TheReSales" />
<meta property="og:description" content="De Ferm Living Verso vaas is gemaakt van keramiek en past perfect in elk interieur. De donkerbruine kleur en textuur geven de vaas een organisch gevoel." />
<meta property="og:url" content="https://theresales.nl/de/produkt/ferm-living-verso-vase/" />
<meta property="og:site_name" content="TheReSales" />
<meta property="article:publisher" content="https://www.facebook.com/theresales.nl" />
<meta property="article:modified_time" content="2024-07-11T08:31:29+00:00" />
<meta property="og:image" content="https://theresales.nl/wp-content/uploads/2024/07/samuri-2.png" />
	<meta property="og:image:width" content="1200" />
	<meta property="og:image:height" content="900" />
	<meta property="og:image:type" content="image/png" />
<meta name="twitter:card" content="summary_large_image" />
<meta name="twitter:label1" content="Geschätzte Lesezeit" />
	<meta name="twitter:data1" content="1 Minute" />
<!-- / Yoast SEO plugin. -->

Die Ferm Living Verso Vase ist aus Keramik gefertigt und passt perfekt in jedes Interieur. Die dunkelbraune Farbe und Textur verleihen der Vase ein organisches Gefühl.
