{"id":36865,"date":"2024-07-04T13:42:30","date_gmt":"2024-07-04T11:42:30","guid":{"rendered":"https:\/\/theresales.nl\/?post_type=product&#038;p=36865"},"modified":"2026-01-02T13:17:51","modified_gmt":"2026-01-02T12:17:51","slug":"heu-bogen-kerzenstander","status":"publish","type":"product","link":"https:\/\/theresales.nl\/de\/product\/hay-arcs-kandelaar\/","title":{"rendered":"Heu B\u00f6gen Kerzenhalter"},"content":{"rendered":"<p><span>De B\u00f6gen <a href=\"https:\/\/theresales.nl\/de\/produktkategorie\/wohnaccessoires\/\">Kerzenst\u00e4nder<\/a> Kleiner Van <a href=\"https:\/\/www.hay.nl\/?gad_source=1&amp;gclid=CjwKCAjwkJm0BhBxEiwAwT1AXKNemjCMoEy2Qd8EoF4AMbO1lroMsZHbtS1VJs0kdeAjlg8I6-NgjBoCDkoQAvD_BwE\">HEU<\/a> ist ein einzigartiges St\u00fcck, das vom belgischen Duo Muller Van Severen entworfen wurde. Dieser Kerzenst\u00e4nder verdankt seinen Namen seiner Form: eine Reihe vertikaler B\u00f6gen, die zusammen ein spielerisches und k\u00fcnstlerisches Ganzes bilden. Dank dieses besonderen Designs passt der Arcs Kerzenst\u00e4nder Small m\u00fchelos in jedes Interieur, unabh\u00e4ngig von der Kerze oder der Umgebung, die Sie w\u00e4hlen. Verleihen Sie Ihrem Zuhause einen Hauch von Eleganz mit diesem vielseitigen Kerzenst\u00e4nder von HAY.<\/span><\/p>","protected":false},"excerpt":{"rendered":"<p><strong>Neupreis: 45 \u20ac<\/strong><\/p>\n<p><strong>Abmessungen<\/strong><br \/>\nH\u00f6he <span>9 Zentimeter<\/span><br \/>\nDurchmesser: 5,5 cm<\/p>\n<p><strong>Material <\/strong><span>Zink (Metall)<\/span><\/p>\n<p><strong>Farbe<\/strong> Hellbraun<\/p>\n<p>&nbsp;<\/p>","protected":false},"featured_media":36872,"template":"","meta":{"_acf_changed":false},"product_brand":[],"product_cat":[90],"product_tag":[237],"ontwerper":[],"class_list":{"0":"post-36865","1":"product","2":"type-product","3":"status-publish","4":"has-post-thumbnail","6":"product_cat-woonaccessoires","7":"product_tag-hay","9":"first","10":"instock","11":"shipping-taxable","12":"purchasable","13":"product-type-simple"},"acf":[],"yoast_head":"<!-- This site is optimized with the Yoast SEO plugin v27.5 - https:\/\/yoast.com\/product\/yoast-seo-wordpress\/ -->\n<title>Hay Arcs Kandelaar - TheReSales<\/title>\n<meta name=\"description\" content=\"De Arcs Kandelaar Small van HAY is een uniek stuk ontworpen door het Belgische duo Muller Van Severen. Deze kandelaar dankt zijn naam aan zijn vorm.\" \/>\n<meta name=\"robots\" content=\"index, follow, max-snippet:-1, max-image-preview:large, max-video-preview:-1\" \/>\n<link rel=\"canonical\" href=\"https:\/\/theresales.nl\/de\/produkt\/heu-bogen-kerzenstander\/\" \/>\n<meta property=\"og:locale\" content=\"de_DE\" \/>\n<meta property=\"og:type\" content=\"article\" \/>\n<meta property=\"og:title\" content=\"Hay Arcs Kandelaar - TheReSales\" \/>\n<meta property=\"og:description\" content=\"De Arcs Kandelaar Small van HAY is een uniek stuk ontworpen door het Belgische duo Muller Van Severen. Deze kandelaar dankt zijn naam aan zijn vorm.\" \/>\n<meta property=\"og:url\" content=\"https:\/\/theresales.nl\/de\/produkt\/heu-bogen-kerzenstander\/\" \/>\n<meta property=\"og:site_name\" content=\"TheReSales\" \/>\n<meta property=\"article:publisher\" content=\"https:\/\/www.facebook.com\/theresales.nl\" \/>\n<meta property=\"article:modified_time\" content=\"2026-01-02T12:17:51+00:00\" \/>\n<meta property=\"og:image\" content=\"https:\/\/theresales.nl\/wp-content\/uploads\/2024\/07\/1_.png\" \/>\n\t<meta property=\"og:image:width\" content=\"1200\" \/>\n\t<meta property=\"og:image:height\" content=\"900\" \/>\n\t<meta property=\"og:image:type\" content=\"image\/png\" \/>\n<meta name=\"twitter:card\" content=\"summary_large_image\" \/>\n<meta name=\"twitter:label1\" content=\"Gesch\u00e4tzte Lesezeit\" \/>\n\t<meta name=\"twitter:data1\" content=\"1\u00a0Minute\" \/>\n<!-- \/ Yoast SEO plugin. -->","yoast_head_json":{"title":"Hay Arcs Kerzenhalter - TheReSales","description":"Der De Arcs Kerzenst\u00e4nder klein von HAY ist ein einzigartiges St\u00fcck, das vom belgischen Duo Muller Van Severen entworfen wurde. Dieser Kerzenst\u00e4nder verdankt seinen Namen seiner Form.","robots":{"index":"index","follow":"follow","max-snippet":"max-snippet:-1","max-image-preview":"max-image-preview:large","max-video-preview":"max-video-preview:-1"},"canonical":"https:\/\/theresales.nl\/de\/produkt\/heu-bogen-kerzenstander\/","og_locale":"de_DE","og_type":"article","og_title":"Hay Arcs Kandelaar - TheReSales","og_description":"De Arcs Kandelaar Small van HAY is een uniek stuk ontworpen door het Belgische duo Muller Van Severen. Deze kandelaar dankt zijn naam aan zijn vorm.","og_url":"https:\/\/theresales.nl\/de\/produkt\/heu-bogen-kerzenstander\/","og_site_name":"TheReSales","article_publisher":"https:\/\/www.facebook.com\/theresales.nl","article_modified_time":"2026-01-02T12:17:51+00:00","og_image":[{"width":1200,"height":900,"url":"https:\/\/theresales.nl\/wp-content\/uploads\/2024\/07\/1_.png","type":"image\/png"}],"twitter_card":"summary_large_image","twitter_misc":{"Gesch\u00e4tzte Lesezeit":"1\u00a0Minute"},"schema":{"@context":"https:\/\/schema.org","@graph":[{"@type":"WebPage","@id":"https:\/\/theresales.nl\/product\/hay-arcs-kandelaar\/","url":"https:\/\/theresales.nl\/product\/hay-arcs-kandelaar\/","name":"Hay Arcs Kerzenhalter - TheReSales","isPartOf":{"@id":"https:\/\/theresales.nl\/#website"},"primaryImageOfPage":{"@id":"https:\/\/theresales.nl\/product\/hay-arcs-kandelaar\/#primaryimage"},"image":{"@id":"https:\/\/theresales.nl\/product\/hay-arcs-kandelaar\/#primaryimage"},"thumbnailUrl":"https:\/\/theresales.nl\/wp-content\/uploads\/2024\/07\/1_.png","datePublished":"2024-07-04T11:42:30+00:00","dateModified":"2026-01-02T12:17:51+00:00","description":"Der De Arcs Kerzenst\u00e4nder klein von HAY ist ein einzigartiges St\u00fcck, das vom belgischen Duo Muller Van Severen entworfen wurde. Dieser Kerzenst\u00e4nder verdankt seinen Namen seiner Form.","breadcrumb":{"@id":"https:\/\/theresales.nl\/product\/hay-arcs-kandelaar\/#breadcrumb"},"inLanguage":"de","potentialAction":[{"@type":"ReadAction","target":["https:\/\/theresales.nl\/product\/hay-arcs-kandelaar\/"]}]},{"@type":"ImageObject","inLanguage":"de","@id":"https:\/\/theresales.nl\/product\/hay-arcs-kandelaar\/#primaryimage","url":"https:\/\/theresales.nl\/wp-content\/uploads\/2024\/07\/1_.png","contentUrl":"https:\/\/theresales.nl\/wp-content\/uploads\/2024\/07\/1_.png","width":1200,"height":900,"caption":"Hay-arcs-kandelaar-woonaccesoires-bij-theresales"},{"@type":"BreadcrumbList","@id":"https:\/\/theresales.nl\/product\/hay-arcs-kandelaar\/#breadcrumb","itemListElement":[{"@type":"ListItem","position":1,"name":"Home","item":"https:\/\/theresales.nl\/"},{"@type":"ListItem","position":2,"name":"Collectie","item":"https:\/\/theresales.nl\/collectie\/"},{"@type":"ListItem","position":3,"name":"Hay Arcs Kandelaar"}]},{"@type":"WebSite","@id":"https:\/\/theresales.nl\/#website","url":"https:\/\/theresales.nl\/","name":"TheReSales","description":"Tweedehands Design Meubelen","publisher":{"@id":"https:\/\/theresales.nl\/#organization"},"potentialAction":[{"@type":"SearchAction","target":{"@type":"EntryPoint","urlTemplate":"https:\/\/theresales.nl\/?s={search_term_string}"},"query-input":{"@type":"PropertyValueSpecification","valueRequired":true,"valueName":"search_term_string"}}],"inLanguage":"de"},{"@type":"Organization","@id":"https:\/\/theresales.nl\/#organization","name":"TheReSales","url":"https:\/\/theresales.nl\/","logo":{"@type":"ImageObject","inLanguage":"de","@id":"https:\/\/theresales.nl\/#\/schema\/logo\/image\/","url":"https:\/\/theresales.nl\/wp-content\/uploads\/2026\/04\/Logo-TheReSales.png","contentUrl":"https:\/\/theresales.nl\/wp-content\/uploads\/2026\/04\/Logo-TheReSales.png","width":1200,"height":304,"caption":"TheReSales"},"image":{"@id":"https:\/\/theresales.nl\/#\/schema\/logo\/image\/"},"sameAs":["https:\/\/www.facebook.com\/theresales.nl","https:\/\/www.instagram.com\/_theresales_\/","https:\/\/nl.pinterest.com\/theresalesgroningen\/","https:\/\/www.linkedin.com\/company\/theresales\/"]}]}},"_links":{"self":[{"href":"https:\/\/theresales.nl\/de\/wp-json\/wp\/v2\/product\/36865","targetHints":{"allow":["GET"]}}],"collection":[{"href":"https:\/\/theresales.nl\/de\/wp-json\/wp\/v2\/product"}],"about":[{"href":"https:\/\/theresales.nl\/de\/wp-json\/wp\/v2\/types\/product"}],"wp:featuredmedia":[{"embeddable":true,"href":"https:\/\/theresales.nl\/de\/wp-json\/wp\/v2\/media\/36872"}],"wp:attachment":[{"href":"https:\/\/theresales.nl\/de\/wp-json\/wp\/v2\/media?parent=36865"}],"wp:term":[{"taxonomy":"product_brand","embeddable":true,"href":"https:\/\/theresales.nl\/de\/wp-json\/wp\/v2\/product_brand?post=36865"},{"taxonomy":"product_cat","embeddable":true,"href":"https:\/\/theresales.nl\/de\/wp-json\/wp\/v2\/product_cat?post=36865"},{"taxonomy":"product_tag","embeddable":true,"href":"https:\/\/theresales.nl\/de\/wp-json\/wp\/v2\/product_tag?post=36865"},{"taxonomy":"ontwerper","embeddable":true,"href":"https:\/\/theresales.nl\/de\/wp-json\/wp\/v2\/ontwerper?post=36865"}],"curies":[{"name":"wp","href":"https:\/\/api.w.org\/{rel}","templated":true}]}}

Heu Bögen Kerzenhalter

<p><span>De Bögen <a href="https://theresales.nl/de/produktkategorie/wohnaccessoires/">Kerzenständer</a> Kleiner Van <a href="https://www.hay.nl/?gad_source=1&amp;gclid=CjwKCAjwkJm0BhBxEiwAwT1AXKNemjCMoEy2Qd8EoF4AMbO1lroMsZHbtS1VJs0kdeAjlg8I6-NgjBoCDkoQAvD_BwE">HEU</a> ist ein einzigartiges Stück, das vom belgischen Duo Muller Van Severen entworfen wurde. Dieser Kerzenständer verdankt seinen Namen seiner Form: eine Reihe vertikaler Bögen, die zusammen ein spielerisches und künstlerisches Ganzes bilden. Dank dieses besonderen Designs passt der Arcs Kerzenständer Small mühelos in jedes Interieur, unabhängig von der Kerze oder der Umgebung, die Sie wählen. Verleihen Sie Ihrem Zuhause einen Hauch von Eleganz mit diesem vielseitigen Kerzenständer von HAY.</span></p>

<p><strong>Neupreis: 45 €</strong></p>
<p><strong>Abmessungen</strong><br />
Höhe <span>9 Zentimeter</span><br />
Durchmesser: 5,5 cm</p>
<p><strong>Material </strong><span>Zink (Metall)</span></p>
<p><strong>Farbe</strong> Hellbraun</p>
<p>&nbsp;</p>

<!-- This site is optimized with the Yoast SEO plugin v27.5 - https://yoast.com/product/yoast-seo-wordpress/ -->
<title>Hay Arcs Kandelaar - TheReSales</title>
<meta name="description" content="De Arcs Kandelaar Small van HAY is een uniek stuk ontworpen door het Belgische duo Muller Van Severen. Deze kandelaar dankt zijn naam aan zijn vorm." />
<meta name="robots" content="index, follow, max-snippet:-1, max-image-preview:large, max-video-preview:-1" />
<link rel="canonical" href="https://theresales.nl/de/produkt/heu-bogen-kerzenstander/" />
<meta property="og:locale" content="de_DE" />
<meta property="og:type" content="article" />
<meta property="og:title" content="Hay Arcs Kandelaar - TheReSales" />
<meta property="og:description" content="De Arcs Kandelaar Small van HAY is een uniek stuk ontworpen door het Belgische duo Muller Van Severen. Deze kandelaar dankt zijn naam aan zijn vorm." />
<meta property="og:url" content="https://theresales.nl/de/produkt/heu-bogen-kerzenstander/" />
<meta property="og:site_name" content="TheReSales" />
<meta property="article:publisher" content="https://www.facebook.com/theresales.nl" />
<meta property="article:modified_time" content="2026-01-02T12:17:51+00:00" />
<meta property="og:image" content="https://theresales.nl/wp-content/uploads/2024/07/1_.png" />
	<meta property="og:image:width" content="1200" />
	<meta property="og:image:height" content="900" />
	<meta property="og:image:type" content="image/png" />
<meta name="twitter:card" content="summary_large_image" />
<meta name="twitter:label1" content="Geschätzte Lesezeit" />
	<meta name="twitter:data1" content="1 Minute" />
<!-- / Yoast SEO plugin. -->

Der De Arcs Kerzenständer klein von HAY ist ein einzigartiges Stück, das vom belgischen Duo Muller Van Severen entworfen wurde. Dieser Kerzenständer verdankt seinen Namen seiner Form.
