{"id":34973,"date":"2024-04-19T11:32:40","date_gmt":"2024-04-19T09:32:40","guid":{"rendered":"https:\/\/theresales.nl\/?post_type=product&#038;p=34973"},"modified":"2026-01-02T12:33:44","modified_gmt":"2026-01-02T11:33:44","slug":"sessel-weich-grunblau-funfziger-jahre","status":"publish","type":"product","link":"https:\/\/theresales.nl\/de\/product\/fauteuil-zacht-groenblauw-jaren-50\/","title":{"rendered":"Sessel weich gr\u00fcnblau 1950er Jahre"},"content":{"rendered":"<p>Entspannen Sie sich in Stil mit unserem pr\u00e4chtigen <a href=\"https:\/\/theresales.nl\/de\/produktkategorie\/sessel\/\" target=\"_blank\" rel=\"noopener\">Sessel<\/a> in zartem Gr\u00fcnblau aus den 50er Jahren. Es hat ein sch\u00f6n weiches Sitzkissen und eine h\u00fcbsche, runde Form, deren Holzbeine f\u00fcr Stabilit\u00e4t sorgen. Gem\u00fctlich und schick!<\/p>","protected":false},"excerpt":{"rendered":"<p><strong>Abmessungen<\/strong><br \/>Breite: 80 cm<br \/>Tiefe: 75 cm<br \/>H\u00f6he: 82 cm<br \/>Sitzh\u00f6he: 40 cm<br \/>Sitztiefe: 51 cm<br \/>Arml\u00e4nge: 56 cm<br \/><strong><br \/>Farbe<\/strong>Zacht groenblauw<br \/><strong><br \/>Material<\/strong>Stoff, Holz<\/p>","protected":false},"featured_media":34983,"template":"","meta":{"_acf_changed":false},"product_brand":[],"product_cat":[19],"product_tag":[321],"ontwerper":[],"class_list":{"0":"post-34973","1":"product","2":"type-product","3":"status-publish","4":"has-post-thumbnail","6":"product_cat-fauteuils","7":"product_tag-overig-design","9":"first","10":"instock","11":"shipping-taxable","12":"purchasable","13":"product-type-simple"},"acf":[],"yoast_head":"<!-- This site is optimized with the Yoast SEO plugin v27.5 - https:\/\/yoast.com\/product\/yoast-seo-wordpress\/ -->\n<title>Fauteuil zacht groenblauw jaren &#039;50 - TheReSales<\/title>\n<meta name=\"description\" content=\"Ontspan in stijl met onze fauteuil zacht groenblauw uit de jaren &#039;50 met een lekker zacht zitkussen en een mooie, ronde vorm.\" \/>\n<meta name=\"robots\" content=\"index, follow, max-snippet:-1, max-image-preview:large, max-video-preview:-1\" \/>\n<link rel=\"canonical\" href=\"https:\/\/theresales.nl\/de\/produkt\/sessel-weich-grunblau-funfziger-jahre\/\" \/>\n<meta property=\"og:locale\" content=\"de_DE\" \/>\n<meta property=\"og:type\" content=\"article\" \/>\n<meta property=\"og:title\" content=\"Fauteuil zacht groenblauw jaren &#039;50 - TheReSales\" \/>\n<meta property=\"og:description\" content=\"Ontspan in stijl met onze fauteuil zacht groenblauw uit de jaren &#039;50 met een lekker zacht zitkussen en een mooie, ronde vorm.\" \/>\n<meta property=\"og:url\" content=\"https:\/\/theresales.nl\/de\/produkt\/sessel-weich-grunblau-funfziger-jahre\/\" \/>\n<meta property=\"og:site_name\" content=\"TheReSales\" \/>\n<meta property=\"article:publisher\" content=\"https:\/\/www.facebook.com\/theresales.nl\" \/>\n<meta property=\"article:modified_time\" content=\"2026-01-02T11:33:44+00:00\" \/>\n<meta property=\"og:image\" content=\"https:\/\/theresales.nl\/wp-content\/uploads\/2024\/04\/20240228_135455748_iOS.jpg\" \/>\n\t<meta property=\"og:image:width\" content=\"1200\" \/>\n\t<meta property=\"og:image:height\" content=\"900\" \/>\n\t<meta property=\"og:image:type\" content=\"image\/jpeg\" \/>\n<meta name=\"twitter:card\" content=\"summary_large_image\" \/>\n<meta name=\"twitter:label1\" content=\"Gesch\u00e4tzte Lesezeit\" \/>\n\t<meta name=\"twitter:data1\" content=\"1\u00a0Minute\" \/>\n<!-- \/ Yoast SEO plugin. -->","yoast_head_json":{"title":"Sessel weich gr\u00fcnblau 50er Jahre - TheReSales","description":"Entspannen Sie sich stilvoll mit unserem Sessel, weich blaugr\u00fcn aus den 50er Jahren mit einem sch\u00f6nen weichen Sitzkissen und einer h\u00fcbschen, runden Form.","robots":{"index":"index","follow":"follow","max-snippet":"max-snippet:-1","max-image-preview":"max-image-preview:large","max-video-preview":"max-video-preview:-1"},"canonical":"https:\/\/theresales.nl\/de\/produkt\/sessel-weich-grunblau-funfziger-jahre\/","og_locale":"de_DE","og_type":"article","og_title":"Fauteuil zacht groenblauw jaren '50 - TheReSales","og_description":"Ontspan in stijl met onze fauteuil zacht groenblauw uit de jaren '50 met een lekker zacht zitkussen en een mooie, ronde vorm.","og_url":"https:\/\/theresales.nl\/de\/produkt\/sessel-weich-grunblau-funfziger-jahre\/","og_site_name":"TheReSales","article_publisher":"https:\/\/www.facebook.com\/theresales.nl","article_modified_time":"2026-01-02T11:33:44+00:00","og_image":[{"width":1200,"height":900,"url":"https:\/\/theresales.nl\/wp-content\/uploads\/2024\/04\/20240228_135455748_iOS.jpg","type":"image\/jpeg"}],"twitter_card":"summary_large_image","twitter_misc":{"Gesch\u00e4tzte Lesezeit":"1\u00a0Minute"},"schema":{"@context":"https:\/\/schema.org","@graph":[{"@type":"WebPage","@id":"https:\/\/theresales.nl\/product\/fauteuil-zacht-groenblauw-jaren-50\/","url":"https:\/\/theresales.nl\/product\/fauteuil-zacht-groenblauw-jaren-50\/","name":"Sessel weich gr\u00fcnblau 50er Jahre - TheReSales","isPartOf":{"@id":"https:\/\/theresales.nl\/#website"},"primaryImageOfPage":{"@id":"https:\/\/theresales.nl\/product\/fauteuil-zacht-groenblauw-jaren-50\/#primaryimage"},"image":{"@id":"https:\/\/theresales.nl\/product\/fauteuil-zacht-groenblauw-jaren-50\/#primaryimage"},"thumbnailUrl":"https:\/\/theresales.nl\/wp-content\/uploads\/2024\/04\/20240228_135455748_iOS.jpg","datePublished":"2024-04-19T09:32:40+00:00","dateModified":"2026-01-02T11:33:44+00:00","description":"Entspannen Sie sich stilvoll mit unserem Sessel, weich blaugr\u00fcn aus den 50er Jahren mit einem sch\u00f6nen weichen Sitzkissen und einer h\u00fcbschen, runden Form.","breadcrumb":{"@id":"https:\/\/theresales.nl\/product\/fauteuil-zacht-groenblauw-jaren-50\/#breadcrumb"},"inLanguage":"de","potentialAction":[{"@type":"ReadAction","target":["https:\/\/theresales.nl\/product\/fauteuil-zacht-groenblauw-jaren-50\/"]}]},{"@type":"ImageObject","inLanguage":"de","@id":"https:\/\/theresales.nl\/product\/fauteuil-zacht-groenblauw-jaren-50\/#primaryimage","url":"https:\/\/theresales.nl\/wp-content\/uploads\/2024\/04\/20240228_135455748_iOS.jpg","contentUrl":"https:\/\/theresales.nl\/wp-content\/uploads\/2024\/04\/20240228_135455748_iOS.jpg","width":1200,"height":900,"caption":"Fauteuil-zacht-groenblauw-jaren-50-TheReSales"},{"@type":"BreadcrumbList","@id":"https:\/\/theresales.nl\/product\/fauteuil-zacht-groenblauw-jaren-50\/#breadcrumb","itemListElement":[{"@type":"ListItem","position":1,"name":"Home","item":"https:\/\/theresales.nl\/"},{"@type":"ListItem","position":2,"name":"Collectie","item":"https:\/\/theresales.nl\/collectie\/"},{"@type":"ListItem","position":3,"name":"Fauteuil zacht groenblauw jaren &#8217;50"}]},{"@type":"WebSite","@id":"https:\/\/theresales.nl\/#website","url":"https:\/\/theresales.nl\/","name":"TheReSales","description":"Tweedehands Design Meubelen","publisher":{"@id":"https:\/\/theresales.nl\/#organization"},"potentialAction":[{"@type":"SearchAction","target":{"@type":"EntryPoint","urlTemplate":"https:\/\/theresales.nl\/?s={search_term_string}"},"query-input":{"@type":"PropertyValueSpecification","valueRequired":true,"valueName":"search_term_string"}}],"inLanguage":"de"},{"@type":"Organization","@id":"https:\/\/theresales.nl\/#organization","name":"TheReSales","url":"https:\/\/theresales.nl\/","logo":{"@type":"ImageObject","inLanguage":"de","@id":"https:\/\/theresales.nl\/#\/schema\/logo\/image\/","url":"https:\/\/theresales.nl\/wp-content\/uploads\/2026\/04\/Logo-TheReSales.png","contentUrl":"https:\/\/theresales.nl\/wp-content\/uploads\/2026\/04\/Logo-TheReSales.png","width":1200,"height":304,"caption":"TheReSales"},"image":{"@id":"https:\/\/theresales.nl\/#\/schema\/logo\/image\/"},"sameAs":["https:\/\/www.facebook.com\/theresales.nl","https:\/\/www.instagram.com\/_theresales_\/","https:\/\/nl.pinterest.com\/theresalesgroningen\/","https:\/\/www.linkedin.com\/company\/theresales\/"]}]}},"_links":{"self":[{"href":"https:\/\/theresales.nl\/de\/wp-json\/wp\/v2\/product\/34973","targetHints":{"allow":["GET"]}}],"collection":[{"href":"https:\/\/theresales.nl\/de\/wp-json\/wp\/v2\/product"}],"about":[{"href":"https:\/\/theresales.nl\/de\/wp-json\/wp\/v2\/types\/product"}],"wp:featuredmedia":[{"embeddable":true,"href":"https:\/\/theresales.nl\/de\/wp-json\/wp\/v2\/media\/34983"}],"wp:attachment":[{"href":"https:\/\/theresales.nl\/de\/wp-json\/wp\/v2\/media?parent=34973"}],"wp:term":[{"taxonomy":"product_brand","embeddable":true,"href":"https:\/\/theresales.nl\/de\/wp-json\/wp\/v2\/product_brand?post=34973"},{"taxonomy":"product_cat","embeddable":true,"href":"https:\/\/theresales.nl\/de\/wp-json\/wp\/v2\/product_cat?post=34973"},{"taxonomy":"product_tag","embeddable":true,"href":"https:\/\/theresales.nl\/de\/wp-json\/wp\/v2\/product_tag?post=34973"},{"taxonomy":"ontwerper","embeddable":true,"href":"https:\/\/theresales.nl\/de\/wp-json\/wp\/v2\/ontwerper?post=34973"}],"curies":[{"name":"wp","href":"https:\/\/api.w.org\/{rel}","templated":true}]}}

Sessel weich grünblau 1950er Jahre

<p>Entspannen Sie sich in Stil mit unserem prächtigen <a href="https://theresales.nl/de/produktkategorie/sessel/" target="_blank" rel="noopener">Sessel</a> in zartem Grünblau aus den 50er Jahren. Es hat ein schön weiches Sitzkissen und eine hübsche, runde Form, deren Holzbeine für Stabilität sorgen. Gemütlich und schick!</p>

<p><strong>Abmessungen</strong><br />Breite: 80 cm<br />Tiefe: 75 cm<br />Höhe: 82 cm<br />Sitzhöhe: 40 cm<br />Sitztiefe: 51 cm<br />Armlänge: 56 cm<br /><strong><br />Farbe</strong>Zacht groenblauw<br /><strong><br />Material</strong>Stoff, Holz</p>

<!-- This site is optimized with the Yoast SEO plugin v27.5 - https://yoast.com/product/yoast-seo-wordpress/ -->
<title>Fauteuil zacht groenblauw jaren &#039;50 - TheReSales</title>
<meta name="description" content="Ontspan in stijl met onze fauteuil zacht groenblauw uit de jaren &#039;50 met een lekker zacht zitkussen en een mooie, ronde vorm." />
<meta name="robots" content="index, follow, max-snippet:-1, max-image-preview:large, max-video-preview:-1" />
<link rel="canonical" href="https://theresales.nl/de/produkt/sessel-weich-grunblau-funfziger-jahre/" />
<meta property="og:locale" content="de_DE" />
<meta property="og:type" content="article" />
<meta property="og:title" content="Fauteuil zacht groenblauw jaren &#039;50 - TheReSales" />
<meta property="og:description" content="Ontspan in stijl met onze fauteuil zacht groenblauw uit de jaren &#039;50 met een lekker zacht zitkussen en een mooie, ronde vorm." />
<meta property="og:url" content="https://theresales.nl/de/produkt/sessel-weich-grunblau-funfziger-jahre/" />
<meta property="og:site_name" content="TheReSales" />
<meta property="article:publisher" content="https://www.facebook.com/theresales.nl" />
<meta property="article:modified_time" content="2026-01-02T11:33:44+00:00" />
<meta property="og:image" content="https://theresales.nl/wp-content/uploads/2024/04/20240228_135455748_iOS.jpg" />
	<meta property="og:image:width" content="1200" />
	<meta property="og:image:height" content="900" />
	<meta property="og:image:type" content="image/jpeg" />
<meta name="twitter:card" content="summary_large_image" />
<meta name="twitter:label1" content="Geschätzte Lesezeit" />
	<meta name="twitter:data1" content="1 Minute" />
<!-- / Yoast SEO plugin. -->

Sessel weich grünblau 50er Jahre - TheReSales

Entspannen Sie sich stilvoll mit unserem Sessel, weich blaugrün aus den 50er Jahren mit einem schönen weichen Sitzkissen und einer hübschen, runden Form.
