{"id":33789,"date":"2024-03-13T09:49:06","date_gmt":"2024-03-13T08:49:06","guid":{"rendered":"https:\/\/theresales.nl\/?post_type=product&#038;p=33789"},"modified":"2025-10-29T13:04:32","modified_gmt":"2025-10-29T12:04:32","slug":"cappellini-groser-schatten","status":"publish","type":"product","link":"https:\/\/theresales.nl\/de\/product\/cappellini-big-shadow\/","title":{"rendered":"Cappellini Gro\u00dfer Schatten"},"content":{"rendered":"<p>Der Big Shadow ist ein Entwurf von <a href=\"https:\/\/www.marcelwanders.com\/\" target=\"_blank\" rel=\"noopener\">Marcel Wanders<\/a> f\u00fcr die Marke Cappellini. Diese <a href=\"https:\/\/theresales.nl\/de\/produktkategorie\/lampen\/vloerlampen\/\" target=\"_blank\" rel=\"noopener\">Stehlampe<\/a>, ein fr\u00fches Projekt von Wanders, verk\u00f6rpert seine einzigartige Vision durch die Kombination von innovativen Techniken und traditionellen Stilelementen, inspiriert von den klassischen Abat-jour-Tischlampen.<\/p>","protected":false},"excerpt":{"rendered":"<p><strong>Neupreis: 3587 \u20ac pro St\u00fcck<\/strong><\/p>\n<p><strong>Abmessungen<\/strong><br \/>\nH\u00f6he: 198 cm<br \/>\nDurchmesser Kappe: 94,5 cm<\/p>\n<p><strong>Farbe<\/strong>Sahne\/Wei\u00df<br \/>\n<strong><br \/>\nMaterial<\/strong>Stoff, Metall<\/p>","protected":false},"featured_media":45694,"template":"","meta":{"_acf_changed":false},"product_brand":[],"product_cat":[141],"product_tag":[199],"ontwerper":[531],"class_list":{"0":"post-33789","1":"product","2":"type-product","3":"status-publish","4":"has-post-thumbnail","6":"product_cat-vloerlampen","7":"product_tag-cappellini","8":"ontwerper-marcel-wanders","10":"first","11":"instock","12":"shipping-taxable","13":"purchasable","14":"product-type-simple"},"acf":[],"yoast_head":"<!-- This site is optimized with the Yoast SEO plugin v27.5 - https:\/\/yoast.com\/product\/yoast-seo-wordpress\/ -->\n<title>Cappellini Big Shadow - TheReSales<\/title>\n<meta name=\"description\" content=\"De Big Shadow is een ontwerp van Marcel Wanders voor het merk Cappellini. Deze vloerlamp was een vroeg project van Wanders.\" \/>\n<meta name=\"robots\" content=\"index, follow, max-snippet:-1, max-image-preview:large, max-video-preview:-1\" \/>\n<link rel=\"canonical\" href=\"https:\/\/theresales.nl\/de\/produkt\/cappellini-groser-schatten\/\" \/>\n<meta property=\"og:locale\" content=\"de_DE\" \/>\n<meta property=\"og:type\" content=\"article\" \/>\n<meta property=\"og:title\" content=\"Cappellini Big Shadow - TheReSales\" \/>\n<meta property=\"og:description\" content=\"De Big Shadow is een ontwerp van Marcel Wanders voor het merk Cappellini. Deze vloerlamp was een vroeg project van Wanders.\" \/>\n<meta property=\"og:url\" content=\"https:\/\/theresales.nl\/de\/produkt\/cappellini-groser-schatten\/\" \/>\n<meta property=\"og:site_name\" content=\"TheReSales\" \/>\n<meta property=\"article:publisher\" content=\"https:\/\/www.facebook.com\/theresales.nl\" \/>\n<meta property=\"article:modified_time\" content=\"2025-10-29T12:04:32+00:00\" \/>\n<meta property=\"og:image\" content=\"https:\/\/theresales.nl\/wp-content\/uploads\/2024\/03\/bigshadoww.jpg\" \/>\n\t<meta property=\"og:image:width\" content=\"1200\" \/>\n\t<meta property=\"og:image:height\" content=\"900\" \/>\n\t<meta property=\"og:image:type\" content=\"image\/jpeg\" \/>\n<meta name=\"twitter:card\" content=\"summary_large_image\" \/>\n<meta name=\"twitter:label1\" content=\"Gesch\u00e4tzte Lesezeit\" \/>\n\t<meta name=\"twitter:data1\" content=\"1\u00a0Minute\" \/>\n<!-- \/ Yoast SEO plugin. -->","yoast_head_json":{"title":"Cappellini Gro\u00dfer Schatten - TheReSales","description":"Die Big Shadow ist ein Entwurf von Marcel Wanders f\u00fcr die Marke Cappellini. Diese Stehleuchte war ein fr\u00fches Projekt von Wanders.","robots":{"index":"index","follow":"follow","max-snippet":"max-snippet:-1","max-image-preview":"max-image-preview:large","max-video-preview":"max-video-preview:-1"},"canonical":"https:\/\/theresales.nl\/de\/produkt\/cappellini-groser-schatten\/","og_locale":"de_DE","og_type":"article","og_title":"Cappellini Big Shadow - TheReSales","og_description":"De Big Shadow is een ontwerp van Marcel Wanders voor het merk Cappellini. Deze vloerlamp was een vroeg project van Wanders.","og_url":"https:\/\/theresales.nl\/de\/produkt\/cappellini-groser-schatten\/","og_site_name":"TheReSales","article_publisher":"https:\/\/www.facebook.com\/theresales.nl","article_modified_time":"2025-10-29T12:04:32+00:00","og_image":[{"width":1200,"height":900,"url":"https:\/\/theresales.nl\/wp-content\/uploads\/2024\/03\/bigshadoww.jpg","type":"image\/jpeg"}],"twitter_card":"summary_large_image","twitter_misc":{"Gesch\u00e4tzte Lesezeit":"1\u00a0Minute"},"schema":{"@context":"https:\/\/schema.org","@graph":[{"@type":"WebPage","@id":"https:\/\/theresales.nl\/product\/cappellini-big-shadow\/","url":"https:\/\/theresales.nl\/product\/cappellini-big-shadow\/","name":"Cappellini Gro\u00dfer Schatten - TheReSales","isPartOf":{"@id":"https:\/\/theresales.nl\/#website"},"primaryImageOfPage":{"@id":"https:\/\/theresales.nl\/product\/cappellini-big-shadow\/#primaryimage"},"image":{"@id":"https:\/\/theresales.nl\/product\/cappellini-big-shadow\/#primaryimage"},"thumbnailUrl":"https:\/\/theresales.nl\/wp-content\/uploads\/2024\/03\/bigshadoww.jpg","datePublished":"2024-03-13T08:49:06+00:00","dateModified":"2025-10-29T12:04:32+00:00","description":"Die Big Shadow ist ein Entwurf von Marcel Wanders f\u00fcr die Marke Cappellini. Diese Stehleuchte war ein fr\u00fches Projekt von Wanders.","breadcrumb":{"@id":"https:\/\/theresales.nl\/product\/cappellini-big-shadow\/#breadcrumb"},"inLanguage":"de","potentialAction":[{"@type":"ReadAction","target":["https:\/\/theresales.nl\/product\/cappellini-big-shadow\/"]}]},{"@type":"ImageObject","inLanguage":"de","@id":"https:\/\/theresales.nl\/product\/cappellini-big-shadow\/#primaryimage","url":"https:\/\/theresales.nl\/wp-content\/uploads\/2024\/03\/bigshadoww.jpg","contentUrl":"https:\/\/theresales.nl\/wp-content\/uploads\/2024\/03\/bigshadoww.jpg","width":1200,"height":900,"caption":"Cappellini-Big-Shadow-Vloerlamp-TheReSales"},{"@type":"BreadcrumbList","@id":"https:\/\/theresales.nl\/product\/cappellini-big-shadow\/#breadcrumb","itemListElement":[{"@type":"ListItem","position":1,"name":"Home","item":"https:\/\/theresales.nl\/"},{"@type":"ListItem","position":2,"name":"Collectie","item":"https:\/\/theresales.nl\/collectie\/"},{"@type":"ListItem","position":3,"name":"Cappellini Big Shadow"}]},{"@type":"WebSite","@id":"https:\/\/theresales.nl\/#website","url":"https:\/\/theresales.nl\/","name":"TheReSales","description":"Tweedehands Design Meubelen","publisher":{"@id":"https:\/\/theresales.nl\/#organization"},"potentialAction":[{"@type":"SearchAction","target":{"@type":"EntryPoint","urlTemplate":"https:\/\/theresales.nl\/?s={search_term_string}"},"query-input":{"@type":"PropertyValueSpecification","valueRequired":true,"valueName":"search_term_string"}}],"inLanguage":"de"},{"@type":"Organization","@id":"https:\/\/theresales.nl\/#organization","name":"TheReSales","url":"https:\/\/theresales.nl\/","logo":{"@type":"ImageObject","inLanguage":"de","@id":"https:\/\/theresales.nl\/#\/schema\/logo\/image\/","url":"https:\/\/theresales.nl\/wp-content\/uploads\/2026\/04\/Logo-TheReSales.png","contentUrl":"https:\/\/theresales.nl\/wp-content\/uploads\/2026\/04\/Logo-TheReSales.png","width":1200,"height":304,"caption":"TheReSales"},"image":{"@id":"https:\/\/theresales.nl\/#\/schema\/logo\/image\/"},"sameAs":["https:\/\/www.facebook.com\/theresales.nl","https:\/\/www.instagram.com\/_theresales_\/","https:\/\/nl.pinterest.com\/theresalesgroningen\/","https:\/\/www.linkedin.com\/company\/theresales\/"]}]}},"_links":{"self":[{"href":"https:\/\/theresales.nl\/de\/wp-json\/wp\/v2\/product\/33789","targetHints":{"allow":["GET"]}}],"collection":[{"href":"https:\/\/theresales.nl\/de\/wp-json\/wp\/v2\/product"}],"about":[{"href":"https:\/\/theresales.nl\/de\/wp-json\/wp\/v2\/types\/product"}],"wp:featuredmedia":[{"embeddable":true,"href":"https:\/\/theresales.nl\/de\/wp-json\/wp\/v2\/media\/45694"}],"wp:attachment":[{"href":"https:\/\/theresales.nl\/de\/wp-json\/wp\/v2\/media?parent=33789"}],"wp:term":[{"taxonomy":"product_brand","embeddable":true,"href":"https:\/\/theresales.nl\/de\/wp-json\/wp\/v2\/product_brand?post=33789"},{"taxonomy":"product_cat","embeddable":true,"href":"https:\/\/theresales.nl\/de\/wp-json\/wp\/v2\/product_cat?post=33789"},{"taxonomy":"product_tag","embeddable":true,"href":"https:\/\/theresales.nl\/de\/wp-json\/wp\/v2\/product_tag?post=33789"},{"taxonomy":"ontwerper","embeddable":true,"href":"https:\/\/theresales.nl\/de\/wp-json\/wp\/v2\/ontwerper?post=33789"}],"curies":[{"name":"wp","href":"https:\/\/api.w.org\/{rel}","templated":true}]}}

Cappellini Großer Schatten

<p>Der Big Shadow ist ein Entwurf von <a href="https://www.marcelwanders.com/" target="_blank" rel="noopener">Marcel Wanders</a> für die Marke Cappellini. Diese <a href="https://theresales.nl/de/produktkategorie/lampen/vloerlampen/" target="_blank" rel="noopener">Stehlampe</a>, ein frühes Projekt von Wanders, verkörpert seine einzigartige Vision durch die Kombination von innovativen Techniken und traditionellen Stilelementen, inspiriert von den klassischen Abat-jour-Tischlampen.</p>

<p><strong>Neupreis: 3587 € pro Stück</strong></p>
<p><strong>Abmessungen</strong><br />
Höhe: 198 cm<br />
Durchmesser Kappe: 94,5 cm</p>
<p><strong>Farbe</strong>Sahne/Weiß<br />
<strong><br />
Material</strong>Stoff, Metall</p>

<!-- This site is optimized with the Yoast SEO plugin v27.5 - https://yoast.com/product/yoast-seo-wordpress/ -->
<title>Cappellini Big Shadow - TheReSales</title>
<meta name="description" content="De Big Shadow is een ontwerp van Marcel Wanders voor het merk Cappellini. Deze vloerlamp was een vroeg project van Wanders." />
<meta name="robots" content="index, follow, max-snippet:-1, max-image-preview:large, max-video-preview:-1" />
<link rel="canonical" href="https://theresales.nl/de/produkt/cappellini-groser-schatten/" />
<meta property="og:locale" content="de_DE" />
<meta property="og:type" content="article" />
<meta property="og:title" content="Cappellini Big Shadow - TheReSales" />
<meta property="og:description" content="De Big Shadow is een ontwerp van Marcel Wanders voor het merk Cappellini. Deze vloerlamp was een vroeg project van Wanders." />
<meta property="og:url" content="https://theresales.nl/de/produkt/cappellini-groser-schatten/" />
<meta property="og:site_name" content="TheReSales" />
<meta property="article:publisher" content="https://www.facebook.com/theresales.nl" />
<meta property="article:modified_time" content="2025-10-29T12:04:32+00:00" />
<meta property="og:image" content="https://theresales.nl/wp-content/uploads/2024/03/bigshadoww.jpg" />
	<meta property="og:image:width" content="1200" />
	<meta property="og:image:height" content="900" />
	<meta property="og:image:type" content="image/jpeg" />
<meta name="twitter:card" content="summary_large_image" />
<meta name="twitter:label1" content="Geschätzte Lesezeit" />
	<meta name="twitter:data1" content="1 Minute" />
<!-- / Yoast SEO plugin. -->

Cappellini Großer Schatten - TheReSales

Die Big Shadow ist ein Entwurf von Marcel Wanders für die Marke Cappellini. Diese Stehleuchte war ein frühes Projekt von Wanders.
