{"id":32285,"date":"2024-01-17T15:35:29","date_gmt":"2024-01-17T14:35:29","guid":{"rendered":"https:\/\/theresales.nl\/?post_type=product&#038;p=32285"},"modified":"2026-01-02T12:31:11","modified_gmt":"2026-01-02T11:31:11","slug":"schabige-anna-r-schwarz","status":"publish","type":"product","link":"https:\/\/theresales.nl\/de\/product\/crassevig-anna-r-zwart\/","title":{"rendered":"Crassevig Anna R schwarz"},"content":{"rendered":"<p>De Anna R in het zwart is een ontwerp van <a href=\"https:\/\/www.zanotta.com\/en-us\/designers\/ludovica-roberto-palomba\" target=\"_blank\" rel=\"noopener\">Ludovica + Roberto Palomba<\/a> f\u00fcr die Marke Crassevig. Die Anna R ist eine einfache und bequeme <a href=\"https:\/\/theresales.nl\/de\/produktkategorie\/stuhle\/\" target=\"_blank\" rel=\"noopener\">Stuhl<\/a> mit einem zeitgem\u00e4\u00dfen Design. Die praktische und minimalistische Optik, kombiniert mit dem schlanken Holzrahmen, macht es zu einer passenden Wahl f\u00fcr den t\u00e4glichen Gebrauch in verschiedenen Innenr\u00e4umen.<\/p>","protected":false},"excerpt":{"rendered":"<p><strong>Abmessungen<\/strong><br \/>\nBreite: 40 cm<br \/>\nTiefe: 43 cm<br \/>\nH\u00f6he: 87 cm<br \/>\nSitzh\u00f6he: 46 cm<br \/>\nSitztiefe: 40 cm<\/p>\n<p><strong>Farbe <\/strong>Schwarz<\/p>\n<p><strong>Material <\/strong>Holz<\/p>","protected":false},"featured_media":32286,"template":"","meta":{"_acf_changed":false},"product_brand":[],"product_cat":[34],"product_tag":[610],"ontwerper":[608],"class_list":{"0":"post-32285","1":"product","2":"type-product","3":"status-publish","4":"has-post-thumbnail","6":"product_cat-stoelen","7":"product_tag-crassevig","8":"ontwerper-ludovica-roberto-palomba","10":"first","11":"instock","12":"shipping-taxable","13":"purchasable","14":"product-type-simple"},"acf":[],"yoast_head":"<!-- This site is optimized with the Yoast SEO plugin v27.5 - https:\/\/yoast.com\/product\/yoast-seo-wordpress\/ -->\n<title>Crassevig Anna R zwart - TheReSales<\/title>\n<meta name=\"description\" content=\"De Anna R in het zwart is een ontwerp van Ludovica + Roberto Palomba voor het merk Crassevig . De Anna R is een eenvoudige en comfortabele stoel.\" \/>\n<meta name=\"robots\" content=\"index, follow, max-snippet:-1, max-image-preview:large, max-video-preview:-1\" \/>\n<link rel=\"canonical\" href=\"https:\/\/theresales.nl\/de\/produkt\/schabige-anna-r-schwarz\/\" \/>\n<meta property=\"og:locale\" content=\"de_DE\" \/>\n<meta property=\"og:type\" content=\"article\" \/>\n<meta property=\"og:title\" content=\"Crassevig Anna R zwart - TheReSales\" \/>\n<meta property=\"og:description\" content=\"De Anna R in het zwart is een ontwerp van Ludovica + Roberto Palomba voor het merk Crassevig . De Anna R is een eenvoudige en comfortabele stoel.\" \/>\n<meta property=\"og:url\" content=\"https:\/\/theresales.nl\/de\/produkt\/schabige-anna-r-schwarz\/\" \/>\n<meta property=\"og:site_name\" content=\"TheReSales\" \/>\n<meta property=\"article:publisher\" content=\"https:\/\/www.facebook.com\/theresales.nl\" \/>\n<meta property=\"article:modified_time\" content=\"2026-01-02T11:31:11+00:00\" \/>\n<meta property=\"og:image\" content=\"https:\/\/theresales.nl\/wp-content\/uploads\/2024\/01\/20240116_103601274_iOS.jpg\" \/>\n\t<meta property=\"og:image:width\" content=\"1200\" \/>\n\t<meta property=\"og:image:height\" content=\"900\" \/>\n\t<meta property=\"og:image:type\" content=\"image\/jpeg\" \/>\n<meta name=\"twitter:card\" content=\"summary_large_image\" \/>\n<meta name=\"twitter:label1\" content=\"Gesch\u00e4tzte Lesezeit\" \/>\n\t<meta name=\"twitter:data1\" content=\"1\u00a0Minute\" \/>\n<!-- \/ Yoast SEO plugin. -->","yoast_head_json":{"title":"Crassevig Anna R schwarz - TheReSales","description":"Die Anna R in Schwarz ist ein Entwurf von Ludovica + Roberto Palomba f\u00fcr die Marke Crassevig. Die Anna R ist ein einfacher und bequemer Stuhl.","robots":{"index":"index","follow":"follow","max-snippet":"max-snippet:-1","max-image-preview":"max-image-preview:large","max-video-preview":"max-video-preview:-1"},"canonical":"https:\/\/theresales.nl\/de\/produkt\/schabige-anna-r-schwarz\/","og_locale":"de_DE","og_type":"article","og_title":"Crassevig Anna R zwart - TheReSales","og_description":"De Anna R in het zwart is een ontwerp van Ludovica + Roberto Palomba voor het merk Crassevig . De Anna R is een eenvoudige en comfortabele stoel.","og_url":"https:\/\/theresales.nl\/de\/produkt\/schabige-anna-r-schwarz\/","og_site_name":"TheReSales","article_publisher":"https:\/\/www.facebook.com\/theresales.nl","article_modified_time":"2026-01-02T11:31:11+00:00","og_image":[{"width":1200,"height":900,"url":"https:\/\/theresales.nl\/wp-content\/uploads\/2024\/01\/20240116_103601274_iOS.jpg","type":"image\/jpeg"}],"twitter_card":"summary_large_image","twitter_misc":{"Gesch\u00e4tzte Lesezeit":"1\u00a0Minute"},"schema":{"@context":"https:\/\/schema.org","@graph":[{"@type":"WebPage","@id":"https:\/\/theresales.nl\/product\/crassevig-anna-r-zwart\/","url":"https:\/\/theresales.nl\/product\/crassevig-anna-r-zwart\/","name":"Crassevig Anna R schwarz - TheReSales","isPartOf":{"@id":"https:\/\/theresales.nl\/#website"},"primaryImageOfPage":{"@id":"https:\/\/theresales.nl\/product\/crassevig-anna-r-zwart\/#primaryimage"},"image":{"@id":"https:\/\/theresales.nl\/product\/crassevig-anna-r-zwart\/#primaryimage"},"thumbnailUrl":"https:\/\/theresales.nl\/wp-content\/uploads\/2024\/01\/20240116_103601274_iOS.jpg","datePublished":"2024-01-17T14:35:29+00:00","dateModified":"2026-01-02T11:31:11+00:00","description":"Die Anna R in Schwarz ist ein Entwurf von Ludovica + Roberto Palomba f\u00fcr die Marke Crassevig. Die Anna R ist ein einfacher und bequemer Stuhl.","breadcrumb":{"@id":"https:\/\/theresales.nl\/product\/crassevig-anna-r-zwart\/#breadcrumb"},"inLanguage":"de","potentialAction":[{"@type":"ReadAction","target":["https:\/\/theresales.nl\/product\/crassevig-anna-r-zwart\/"]}]},{"@type":"ImageObject","inLanguage":"de","@id":"https:\/\/theresales.nl\/product\/crassevig-anna-r-zwart\/#primaryimage","url":"https:\/\/theresales.nl\/wp-content\/uploads\/2024\/01\/20240116_103601274_iOS.jpg","contentUrl":"https:\/\/theresales.nl\/wp-content\/uploads\/2024\/01\/20240116_103601274_iOS.jpg","width":1200,"height":900,"caption":"Crassevig-Anna-R-zwart-stoel-theresales"},{"@type":"BreadcrumbList","@id":"https:\/\/theresales.nl\/product\/crassevig-anna-r-zwart\/#breadcrumb","itemListElement":[{"@type":"ListItem","position":1,"name":"Home","item":"https:\/\/theresales.nl\/"},{"@type":"ListItem","position":2,"name":"Collectie","item":"https:\/\/theresales.nl\/collectie\/"},{"@type":"ListItem","position":3,"name":"Crassevig Anna R zwart"}]},{"@type":"WebSite","@id":"https:\/\/theresales.nl\/#website","url":"https:\/\/theresales.nl\/","name":"TheReSales","description":"Tweedehands Design Meubelen","publisher":{"@id":"https:\/\/theresales.nl\/#organization"},"potentialAction":[{"@type":"SearchAction","target":{"@type":"EntryPoint","urlTemplate":"https:\/\/theresales.nl\/?s={search_term_string}"},"query-input":{"@type":"PropertyValueSpecification","valueRequired":true,"valueName":"search_term_string"}}],"inLanguage":"de"},{"@type":"Organization","@id":"https:\/\/theresales.nl\/#organization","name":"TheReSales","url":"https:\/\/theresales.nl\/","logo":{"@type":"ImageObject","inLanguage":"de","@id":"https:\/\/theresales.nl\/#\/schema\/logo\/image\/","url":"https:\/\/theresales.nl\/wp-content\/uploads\/2026\/04\/Logo-TheReSales.png","contentUrl":"https:\/\/theresales.nl\/wp-content\/uploads\/2026\/04\/Logo-TheReSales.png","width":1200,"height":304,"caption":"TheReSales"},"image":{"@id":"https:\/\/theresales.nl\/#\/schema\/logo\/image\/"},"sameAs":["https:\/\/www.facebook.com\/theresales.nl","https:\/\/www.instagram.com\/_theresales_\/","https:\/\/nl.pinterest.com\/theresalesgroningen\/","https:\/\/www.linkedin.com\/company\/theresales\/"]}]}},"_links":{"self":[{"href":"https:\/\/theresales.nl\/de\/wp-json\/wp\/v2\/product\/32285","targetHints":{"allow":["GET"]}}],"collection":[{"href":"https:\/\/theresales.nl\/de\/wp-json\/wp\/v2\/product"}],"about":[{"href":"https:\/\/theresales.nl\/de\/wp-json\/wp\/v2\/types\/product"}],"wp:featuredmedia":[{"embeddable":true,"href":"https:\/\/theresales.nl\/de\/wp-json\/wp\/v2\/media\/32286"}],"wp:attachment":[{"href":"https:\/\/theresales.nl\/de\/wp-json\/wp\/v2\/media?parent=32285"}],"wp:term":[{"taxonomy":"product_brand","embeddable":true,"href":"https:\/\/theresales.nl\/de\/wp-json\/wp\/v2\/product_brand?post=32285"},{"taxonomy":"product_cat","embeddable":true,"href":"https:\/\/theresales.nl\/de\/wp-json\/wp\/v2\/product_cat?post=32285"},{"taxonomy":"product_tag","embeddable":true,"href":"https:\/\/theresales.nl\/de\/wp-json\/wp\/v2\/product_tag?post=32285"},{"taxonomy":"ontwerper","embeddable":true,"href":"https:\/\/theresales.nl\/de\/wp-json\/wp\/v2\/ontwerper?post=32285"}],"curies":[{"name":"wp","href":"https:\/\/api.w.org\/{rel}","templated":true}]}}

<p>De Anna R in het zwart is een ontwerp van <a href="https://www.zanotta.com/en-us/designers/ludovica-roberto-palomba" target="_blank" rel="noopener">Ludovica + Roberto Palomba</a> für die Marke Crassevig. Die Anna R ist eine einfache und bequeme <a href="https://theresales.nl/de/produktkategorie/stuhle/" target="_blank" rel="noopener">Stuhl</a> mit einem zeitgemäßen Design. Die praktische und minimalistische Optik, kombiniert mit dem schlanken Holzrahmen, macht es zu einer passenden Wahl für den täglichen Gebrauch in verschiedenen Innenräumen.</p>

<p><strong>Abmessungen</strong><br />
Breite: 40 cm<br />
Tiefe: 43 cm<br />
Höhe: 87 cm<br />
Sitzhöhe: 46 cm<br />
Sitztiefe: 40 cm</p>
<p><strong>Farbe </strong>Schwarz</p>
<p><strong>Material </strong>Holz</p>

<!-- This site is optimized with the Yoast SEO plugin v27.5 - https://yoast.com/product/yoast-seo-wordpress/ -->
<title>Crassevig Anna R zwart - TheReSales</title>
<meta name="description" content="De Anna R in het zwart is een ontwerp van Ludovica + Roberto Palomba voor het merk Crassevig . De Anna R is een eenvoudige en comfortabele stoel." />
<meta name="robots" content="index, follow, max-snippet:-1, max-image-preview:large, max-video-preview:-1" />
<link rel="canonical" href="https://theresales.nl/de/produkt/schabige-anna-r-schwarz/" />
<meta property="og:locale" content="de_DE" />
<meta property="og:type" content="article" />
<meta property="og:title" content="Crassevig Anna R zwart - TheReSales" />
<meta property="og:description" content="De Anna R in het zwart is een ontwerp van Ludovica + Roberto Palomba voor het merk Crassevig . De Anna R is een eenvoudige en comfortabele stoel." />
<meta property="og:url" content="https://theresales.nl/de/produkt/schabige-anna-r-schwarz/" />
<meta property="og:site_name" content="TheReSales" />
<meta property="article:publisher" content="https://www.facebook.com/theresales.nl" />
<meta property="article:modified_time" content="2026-01-02T11:31:11+00:00" />
<meta property="og:image" content="https://theresales.nl/wp-content/uploads/2024/01/20240116_103601274_iOS.jpg" />
	<meta property="og:image:width" content="1200" />
	<meta property="og:image:height" content="900" />
	<meta property="og:image:type" content="image/jpeg" />
<meta name="twitter:card" content="summary_large_image" />
<meta name="twitter:label1" content="Geschätzte Lesezeit" />
	<meta name="twitter:data1" content="1 Minute" />
<!-- / Yoast SEO plugin. -->

Die Anna R in Schwarz ist ein Entwurf von Ludovica + Roberto Palomba für die Marke Crassevig. Die Anna R ist ein einfacher und bequemer Stuhl.
