{"id":30272,"date":"2023-12-06T14:11:09","date_gmt":"2023-12-06T13:11:09","guid":{"rendered":"https:\/\/theresales.nl\/?post_type=product&#038;p=30272"},"modified":"2026-01-02T12:11:58","modified_gmt":"2026-01-02T11:11:58","slug":"herman-miller-mirra-grau","status":"publish","type":"product","link":"https:\/\/theresales.nl\/de\/product\/herman-miller-mirra-grijs\/","title":{"rendered":"Herman Miller Mirra Grau"},"content":{"rendered":"<p>De Mirra grijs is ontworpen door <a href=\"https:\/\/www.seven5.com\/pages\/en.php\" target=\"_blank\" rel=\"noopener\">Studio 7.5<\/a> f\u00fcr die Marke Herman Miller. Mit seinem cleveren Design bietet diese <a href=\"https:\/\/theresales.nl\/de\/produktkategorie\/stoelen\/\" target=\"_blank\" rel=\"noopener\">Stuhl<\/a> perfekte Unterst\u00fctzung ohne Aufwand. Die atmungsaktive R\u00fcckenlehne h\u00e4lt Sie k\u00fchl, w\u00e4hrend die verstellbaren Optionen f\u00fcr eine entspannte Sitzposition sorgen.<\/p>","protected":false},"excerpt":{"rendered":"<div id=\"attributes\" class=\"w-tabs-section active\">\n<div id=\"content-attributes\" class=\"w-tabs-section-content\">\n<div class=\"w-tabs-section-content-h i-cf\">\n<div class=\"w-post-elm post_content\">\n<p><strong>Abmessungen<\/strong><br \/>\nH\u00f6he: 96 cm<br \/>\nTiefe: 44 cm<br \/>\nBreite: 69 cm<br \/>\nSitzh\u00f6he: 40,6 \u2013 54,6 cm<br \/>\nSitzh\u00f6he: 34 cm<\/p>\n<p><strong>Farbe <\/strong>Grau<strong><br \/>\n<\/strong><\/p>\n<p><strong>Material <\/strong>Kunststoff, Metall<\/p>\n<p><strong>Besonderheiten<\/strong> Drehbar<\/p>\n<\/div>\n<\/div>\n<\/div>\n<\/div>","protected":false},"featured_media":30274,"template":"","meta":{"_acf_changed":false},"product_brand":[],"product_cat":[34],"product_tag":[238],"ontwerper":[637],"class_list":{"0":"post-30272","1":"product","2":"type-product","3":"status-publish","4":"has-post-thumbnail","6":"product_cat-stoelen","7":"product_tag-herman-miller","8":"ontwerper-studio-7-5","10":"first","11":"instock","12":"shipping-taxable","13":"purchasable","14":"product-type-simple"},"acf":[],"yoast_head":"<!-- This site is optimized with the Yoast SEO plugin v27.5 - https:\/\/yoast.com\/product\/yoast-seo-wordpress\/ -->\n<title>Herman Miller Mirra grijs - TheReSales<\/title>\n<meta name=\"description\" content=\"De Mirra grijs is ontworpen door Studio 7.5 voor het merk Herman Miller. Met zijn slimme ontwerp biedt deze stoel perfecte ondersteuning zonder gedoe.\" \/>\n<meta name=\"robots\" content=\"index, follow, max-snippet:-1, max-image-preview:large, max-video-preview:-1\" \/>\n<link rel=\"canonical\" href=\"https:\/\/theresales.nl\/de\/produkt\/herman-miller-mirra-grau\/\" \/>\n<meta property=\"og:locale\" content=\"de_DE\" \/>\n<meta property=\"og:type\" content=\"article\" \/>\n<meta property=\"og:title\" content=\"Herman Miller Mirra grijs - TheReSales\" \/>\n<meta property=\"og:description\" content=\"De Mirra grijs is ontworpen door Studio 7.5 voor het merk Herman Miller. Met zijn slimme ontwerp biedt deze stoel perfecte ondersteuning zonder gedoe.\" \/>\n<meta property=\"og:url\" content=\"https:\/\/theresales.nl\/de\/produkt\/herman-miller-mirra-grau\/\" \/>\n<meta property=\"og:site_name\" content=\"TheReSales\" \/>\n<meta property=\"article:publisher\" content=\"https:\/\/www.facebook.com\/theresales.nl\" \/>\n<meta property=\"article:modified_time\" content=\"2026-01-02T11:11:58+00:00\" \/>\n<meta property=\"og:image\" content=\"https:\/\/theresales.nl\/wp-content\/uploads\/2023\/12\/20231206_100550215_iOS.jpg\" \/>\n\t<meta property=\"og:image:width\" content=\"1200\" \/>\n\t<meta property=\"og:image:height\" content=\"900\" \/>\n\t<meta property=\"og:image:type\" content=\"image\/jpeg\" \/>\n<meta name=\"twitter:card\" content=\"summary_large_image\" \/>\n<meta name=\"twitter:label1\" content=\"Gesch\u00e4tzte Lesezeit\" \/>\n\t<meta name=\"twitter:data1\" content=\"1\u00a0Minute\" \/>\n<!-- \/ Yoast SEO plugin. -->","yoast_head_json":{"title":"Herman Miller Mirra grau - TheReSales","description":"Der Mirra Grau ist von Studio 7.5 f\u00fcr die Marke Herman Miller entworfen worden. Mit seinem intelligenten Design bietet dieser Stuhl perfekte Unterst\u00fctzung ohne Aufwand.","robots":{"index":"index","follow":"follow","max-snippet":"max-snippet:-1","max-image-preview":"max-image-preview:large","max-video-preview":"max-video-preview:-1"},"canonical":"https:\/\/theresales.nl\/de\/produkt\/herman-miller-mirra-grau\/","og_locale":"de_DE","og_type":"article","og_title":"Herman Miller Mirra grijs - TheReSales","og_description":"De Mirra grijs is ontworpen door Studio 7.5 voor het merk Herman Miller. Met zijn slimme ontwerp biedt deze stoel perfecte ondersteuning zonder gedoe.","og_url":"https:\/\/theresales.nl\/de\/produkt\/herman-miller-mirra-grau\/","og_site_name":"TheReSales","article_publisher":"https:\/\/www.facebook.com\/theresales.nl","article_modified_time":"2026-01-02T11:11:58+00:00","og_image":[{"width":1200,"height":900,"url":"https:\/\/theresales.nl\/wp-content\/uploads\/2023\/12\/20231206_100550215_iOS.jpg","type":"image\/jpeg"}],"twitter_card":"summary_large_image","twitter_misc":{"Gesch\u00e4tzte Lesezeit":"1\u00a0Minute"},"schema":{"@context":"https:\/\/schema.org","@graph":[{"@type":"WebPage","@id":"https:\/\/theresales.nl\/product\/herman-miller-mirra-grijs\/","url":"https:\/\/theresales.nl\/product\/herman-miller-mirra-grijs\/","name":"Herman Miller Mirra grau - TheReSales","isPartOf":{"@id":"https:\/\/theresales.nl\/#website"},"primaryImageOfPage":{"@id":"https:\/\/theresales.nl\/product\/herman-miller-mirra-grijs\/#primaryimage"},"image":{"@id":"https:\/\/theresales.nl\/product\/herman-miller-mirra-grijs\/#primaryimage"},"thumbnailUrl":"https:\/\/theresales.nl\/wp-content\/uploads\/2023\/12\/20231206_100550215_iOS.jpg","datePublished":"2023-12-06T13:11:09+00:00","dateModified":"2026-01-02T11:11:58+00:00","description":"Der Mirra Grau ist von Studio 7.5 f\u00fcr die Marke Herman Miller entworfen worden. Mit seinem intelligenten Design bietet dieser Stuhl perfekte Unterst\u00fctzung ohne Aufwand.","breadcrumb":{"@id":"https:\/\/theresales.nl\/product\/herman-miller-mirra-grijs\/#breadcrumb"},"inLanguage":"de","potentialAction":[{"@type":"ReadAction","target":["https:\/\/theresales.nl\/product\/herman-miller-mirra-grijs\/"]}]},{"@type":"ImageObject","inLanguage":"de","@id":"https:\/\/theresales.nl\/product\/herman-miller-mirra-grijs\/#primaryimage","url":"https:\/\/theresales.nl\/wp-content\/uploads\/2023\/12\/20231206_100550215_iOS.jpg","contentUrl":"https:\/\/theresales.nl\/wp-content\/uploads\/2023\/12\/20231206_100550215_iOS.jpg","width":1200,"height":900,"caption":"Herman-Miller-Mirra-theresales"},{"@type":"BreadcrumbList","@id":"https:\/\/theresales.nl\/product\/herman-miller-mirra-grijs\/#breadcrumb","itemListElement":[{"@type":"ListItem","position":1,"name":"Home","item":"https:\/\/theresales.nl\/"},{"@type":"ListItem","position":2,"name":"Collectie","item":"https:\/\/theresales.nl\/collectie\/"},{"@type":"ListItem","position":3,"name":"Herman Miller Mirra grijs"}]},{"@type":"WebSite","@id":"https:\/\/theresales.nl\/#website","url":"https:\/\/theresales.nl\/","name":"TheReSales","description":"Tweedehands Design Meubelen","publisher":{"@id":"https:\/\/theresales.nl\/#organization"},"potentialAction":[{"@type":"SearchAction","target":{"@type":"EntryPoint","urlTemplate":"https:\/\/theresales.nl\/?s={search_term_string}"},"query-input":{"@type":"PropertyValueSpecification","valueRequired":true,"valueName":"search_term_string"}}],"inLanguage":"de"},{"@type":"Organization","@id":"https:\/\/theresales.nl\/#organization","name":"TheReSales","url":"https:\/\/theresales.nl\/","logo":{"@type":"ImageObject","inLanguage":"de","@id":"https:\/\/theresales.nl\/#\/schema\/logo\/image\/","url":"https:\/\/theresales.nl\/wp-content\/uploads\/2026\/04\/Logo-TheReSales.png","contentUrl":"https:\/\/theresales.nl\/wp-content\/uploads\/2026\/04\/Logo-TheReSales.png","width":1200,"height":304,"caption":"TheReSales"},"image":{"@id":"https:\/\/theresales.nl\/#\/schema\/logo\/image\/"},"sameAs":["https:\/\/www.facebook.com\/theresales.nl","https:\/\/www.instagram.com\/_theresales_\/","https:\/\/nl.pinterest.com\/theresalesgroningen\/","https:\/\/www.linkedin.com\/company\/theresales\/"]}]}},"_links":{"self":[{"href":"https:\/\/theresales.nl\/de\/wp-json\/wp\/v2\/product\/30272","targetHints":{"allow":["GET"]}}],"collection":[{"href":"https:\/\/theresales.nl\/de\/wp-json\/wp\/v2\/product"}],"about":[{"href":"https:\/\/theresales.nl\/de\/wp-json\/wp\/v2\/types\/product"}],"wp:featuredmedia":[{"embeddable":true,"href":"https:\/\/theresales.nl\/de\/wp-json\/wp\/v2\/media\/30274"}],"wp:attachment":[{"href":"https:\/\/theresales.nl\/de\/wp-json\/wp\/v2\/media?parent=30272"}],"wp:term":[{"taxonomy":"product_brand","embeddable":true,"href":"https:\/\/theresales.nl\/de\/wp-json\/wp\/v2\/product_brand?post=30272"},{"taxonomy":"product_cat","embeddable":true,"href":"https:\/\/theresales.nl\/de\/wp-json\/wp\/v2\/product_cat?post=30272"},{"taxonomy":"product_tag","embeddable":true,"href":"https:\/\/theresales.nl\/de\/wp-json\/wp\/v2\/product_tag?post=30272"},{"taxonomy":"ontwerper","embeddable":true,"href":"https:\/\/theresales.nl\/de\/wp-json\/wp\/v2\/ontwerper?post=30272"}],"curies":[{"name":"wp","href":"https:\/\/api.w.org\/{rel}","templated":true}]}}

<p>De Mirra grijs is ontworpen door <a href="https://www.seven5.com/pages/en.php" target="_blank" rel="noopener">Studio 7.5</a> für die Marke Herman Miller. Mit seinem cleveren Design bietet diese <a href="https://theresales.nl/de/produktkategorie/stoelen/" target="_blank" rel="noopener">Stuhl</a> perfekte Unterstützung ohne Aufwand. Die atmungsaktive Rückenlehne hält Sie kühl, während die verstellbaren Optionen für eine entspannte Sitzposition sorgen.</p>

<div id="attributes" class="w-tabs-section active">
<div id="content-attributes" class="w-tabs-section-content">
<div class="w-tabs-section-content-h i-cf">
<div class="w-post-elm post_content">
<p><strong>Abmessungen</strong><br />
Höhe: 96 cm<br />
Tiefe: 44 cm<br />
Breite: 69 cm<br />
Sitzhöhe: 40,6 – 54,6 cm<br />
Sitzhöhe: 34 cm</p>
<p><strong>Farbe </strong>Grau<strong><br />
</strong></p>
<p><strong>Material </strong>Kunststoff, Metall</p>
<p><strong>Besonderheiten</strong> Drehbar</p>
</div>
</div>
</div>
</div>

<!-- This site is optimized with the Yoast SEO plugin v27.5 - https://yoast.com/product/yoast-seo-wordpress/ -->
<title>Herman Miller Mirra grijs - TheReSales</title>
<meta name="description" content="De Mirra grijs is ontworpen door Studio 7.5 voor het merk Herman Miller. Met zijn slimme ontwerp biedt deze stoel perfecte ondersteuning zonder gedoe." />
<meta name="robots" content="index, follow, max-snippet:-1, max-image-preview:large, max-video-preview:-1" />
<link rel="canonical" href="https://theresales.nl/de/produkt/herman-miller-mirra-grau/" />
<meta property="og:locale" content="de_DE" />
<meta property="og:type" content="article" />
<meta property="og:title" content="Herman Miller Mirra grijs - TheReSales" />
<meta property="og:description" content="De Mirra grijs is ontworpen door Studio 7.5 voor het merk Herman Miller. Met zijn slimme ontwerp biedt deze stoel perfecte ondersteuning zonder gedoe." />
<meta property="og:url" content="https://theresales.nl/de/produkt/herman-miller-mirra-grau/" />
<meta property="og:site_name" content="TheReSales" />
<meta property="article:publisher" content="https://www.facebook.com/theresales.nl" />
<meta property="article:modified_time" content="2026-01-02T11:11:58+00:00" />
<meta property="og:image" content="https://theresales.nl/wp-content/uploads/2023/12/20231206_100550215_iOS.jpg" />
	<meta property="og:image:width" content="1200" />
	<meta property="og:image:height" content="900" />
	<meta property="og:image:type" content="image/jpeg" />
<meta name="twitter:card" content="summary_large_image" />
<meta name="twitter:label1" content="Geschätzte Lesezeit" />
	<meta name="twitter:data1" content="1 Minute" />
<!-- / Yoast SEO plugin. -->

Der Mirra Grau ist von Studio 7.5 für die Marke Herman Miller entworfen worden. Mit seinem intelligenten Design bietet dieser Stuhl perfekte Unterstützung ohne Aufwand.
