{"id":25267,"date":"2023-07-28T09:46:46","date_gmt":"2023-07-28T07:46:46","guid":{"rendered":"https:\/\/theresales.nl\/?post_type=product&#038;p=25267"},"modified":"2026-01-02T12:07:48","modified_gmt":"2026-01-02T11:07:48","slug":"arper-colina-rood","status":"publish","type":"product","link":"https:\/\/theresales.nl\/de\/product\/arper-colina-rood\/","title":{"rendered":"Arper Colina rot"},"content":{"rendered":"<p>De Colina rood is een ontwerp van <a href=\"http:\/\/www.lievorealtherrmolina.com\/\" target=\"_blank\" rel=\"noopener\">Lievore Altherr Molina<\/a> f\u00fcr die Marke Arper. Es ist weich und doch skulptural, elegant in der Silhouette und gro\u00dfz\u00fcgig im Design. Durch seinen offenen Charakter ist dieses vielseitige <a href=\"https:\/\/theresales.nl\/de\/produktkategorie\/sessel\/\" target=\"_blank\" rel=\"noopener\">Sessel<\/a> sehr geeignet f\u00fcr B\u00fcros und von \u00f6ffentlichen Bereichen bis zu Wohnungen!<\/p>","protected":false},"excerpt":{"rendered":"<p><strong>Neupreis 950 \u20ac pro St\u00fcck<\/strong><\/p>\n<p><strong>Abmessungen<\/strong><br \/>\nBreite: 76 cm<br \/>\nTiefe: 65 cm<br \/>\nH\u00f6he: 76 cm<br \/>\nSitzh\u00f6he: 48 cm<br \/>\nSitzh\u00f6he: 42 cm<\/p>\n<p><strong>Farbe<\/strong>Rot<br \/>\n<strong><br \/>\nMaterial<\/strong>Stoff<\/p>","protected":false},"featured_media":25268,"template":"","meta":{"_acf_changed":false},"product_brand":[],"product_cat":[19],"product_tag":[297],"ontwerper":[508],"class_list":{"0":"post-25267","1":"product","2":"type-product","3":"status-publish","4":"has-post-thumbnail","6":"product_cat-fauteuils","7":"product_tag-arper","8":"ontwerper-lievore-altherr-molina","10":"first","11":"instock","12":"shipping-taxable","13":"purchasable","14":"product-type-simple"},"acf":[],"yoast_head":"<!-- This site is optimized with the Yoast SEO plugin v27.5 - https:\/\/yoast.com\/product\/yoast-seo-wordpress\/ -->\n<title>Arper Colina rood - TheReSales<\/title>\n<meta name=\"description\" content=\"De Colina rood is een ontwerp van Lievore Altherr Molina voor het merk Arper. Het is zacht en toch sculpturaal, elegant van silhouet en royaal van ontwerp.\" \/>\n<meta name=\"robots\" content=\"index, follow, max-snippet:-1, max-image-preview:large, max-video-preview:-1\" \/>\n<link rel=\"canonical\" href=\"https:\/\/theresales.nl\/de\/produkt\/arper-colina-rood\/\" \/>\n<meta property=\"og:locale\" content=\"de_DE\" \/>\n<meta property=\"og:type\" content=\"article\" \/>\n<meta property=\"og:title\" content=\"Arper Colina rood - TheReSales\" \/>\n<meta property=\"og:description\" content=\"De Colina rood is een ontwerp van Lievore Altherr Molina voor het merk Arper. Het is zacht en toch sculpturaal, elegant van silhouet en royaal van ontwerp.\" \/>\n<meta property=\"og:url\" content=\"https:\/\/theresales.nl\/de\/produkt\/arper-colina-rood\/\" \/>\n<meta property=\"og:site_name\" content=\"TheReSales\" \/>\n<meta property=\"article:publisher\" content=\"https:\/\/www.facebook.com\/theresales.nl\" \/>\n<meta property=\"article:modified_time\" content=\"2026-01-02T11:07:48+00:00\" \/>\n<meta property=\"og:image\" content=\"https:\/\/theresales.nl\/wp-content\/uploads\/2023\/07\/20230726_073208087_iOS.jpg\" \/>\n\t<meta property=\"og:image:width\" content=\"1200\" \/>\n\t<meta property=\"og:image:height\" content=\"900\" \/>\n\t<meta property=\"og:image:type\" content=\"image\/jpeg\" \/>\n<meta name=\"twitter:card\" content=\"summary_large_image\" \/>\n<meta name=\"twitter:label1\" content=\"Gesch\u00e4tzte Lesezeit\" \/>\n\t<meta name=\"twitter:data1\" content=\"1\u00a0Minute\" \/>\n<!-- \/ Yoast SEO plugin. -->","yoast_head_json":{"title":"Arper Colina rood - TheReSales","description":"De Colina rood is een ontwerp van Lievore Altherr Molina voor het merk Arper. Het is zacht en toch sculpturaal, elegant van silhouet en royaal van ontwerp.","robots":{"index":"index","follow":"follow","max-snippet":"max-snippet:-1","max-image-preview":"max-image-preview:large","max-video-preview":"max-video-preview:-1"},"canonical":"https:\/\/theresales.nl\/de\/produkt\/arper-colina-rood\/","og_locale":"de_DE","og_type":"article","og_title":"Arper Colina rood - TheReSales","og_description":"De Colina rood is een ontwerp van Lievore Altherr Molina voor het merk Arper. Het is zacht en toch sculpturaal, elegant van silhouet en royaal van ontwerp.","og_url":"https:\/\/theresales.nl\/de\/produkt\/arper-colina-rood\/","og_site_name":"TheReSales","article_publisher":"https:\/\/www.facebook.com\/theresales.nl","article_modified_time":"2026-01-02T11:07:48+00:00","og_image":[{"width":1200,"height":900,"url":"https:\/\/theresales.nl\/wp-content\/uploads\/2023\/07\/20230726_073208087_iOS.jpg","type":"image\/jpeg"}],"twitter_card":"summary_large_image","twitter_misc":{"Gesch\u00e4tzte Lesezeit":"1\u00a0Minute"},"schema":{"@context":"https:\/\/schema.org","@graph":[{"@type":"WebPage","@id":"https:\/\/theresales.nl\/product\/arper-colina-rood\/","url":"https:\/\/theresales.nl\/product\/arper-colina-rood\/","name":"Arper Colina rood - TheReSales","isPartOf":{"@id":"https:\/\/theresales.nl\/#website"},"primaryImageOfPage":{"@id":"https:\/\/theresales.nl\/product\/arper-colina-rood\/#primaryimage"},"image":{"@id":"https:\/\/theresales.nl\/product\/arper-colina-rood\/#primaryimage"},"thumbnailUrl":"https:\/\/theresales.nl\/wp-content\/uploads\/2023\/07\/20230726_073208087_iOS.jpg","datePublished":"2023-07-28T07:46:46+00:00","dateModified":"2026-01-02T11:07:48+00:00","description":"De Colina rood is een ontwerp van Lievore Altherr Molina voor het merk Arper. Het is zacht en toch sculpturaal, elegant van silhouet en royaal van ontwerp.","breadcrumb":{"@id":"https:\/\/theresales.nl\/product\/arper-colina-rood\/#breadcrumb"},"inLanguage":"de","potentialAction":[{"@type":"ReadAction","target":["https:\/\/theresales.nl\/product\/arper-colina-rood\/"]}]},{"@type":"ImageObject","inLanguage":"de","@id":"https:\/\/theresales.nl\/product\/arper-colina-rood\/#primaryimage","url":"https:\/\/theresales.nl\/wp-content\/uploads\/2023\/07\/20230726_073208087_iOS.jpg","contentUrl":"https:\/\/theresales.nl\/wp-content\/uploads\/2023\/07\/20230726_073208087_iOS.jpg","width":1200,"height":900,"caption":"Fauteuil-Arper-Colina-rood-TheReSales"},{"@type":"BreadcrumbList","@id":"https:\/\/theresales.nl\/product\/arper-colina-rood\/#breadcrumb","itemListElement":[{"@type":"ListItem","position":1,"name":"Home","item":"https:\/\/theresales.nl\/"},{"@type":"ListItem","position":2,"name":"Collectie","item":"https:\/\/theresales.nl\/collectie\/"},{"@type":"ListItem","position":3,"name":"Arper Colina rood"}]},{"@type":"WebSite","@id":"https:\/\/theresales.nl\/#website","url":"https:\/\/theresales.nl\/","name":"TheReSales","description":"Tweedehands Design Meubelen","publisher":{"@id":"https:\/\/theresales.nl\/#organization"},"potentialAction":[{"@type":"SearchAction","target":{"@type":"EntryPoint","urlTemplate":"https:\/\/theresales.nl\/?s={search_term_string}"},"query-input":{"@type":"PropertyValueSpecification","valueRequired":true,"valueName":"search_term_string"}}],"inLanguage":"de"},{"@type":"Organization","@id":"https:\/\/theresales.nl\/#organization","name":"TheReSales","url":"https:\/\/theresales.nl\/","logo":{"@type":"ImageObject","inLanguage":"de","@id":"https:\/\/theresales.nl\/#\/schema\/logo\/image\/","url":"https:\/\/theresales.nl\/wp-content\/uploads\/2026\/04\/Logo-TheReSales.png","contentUrl":"https:\/\/theresales.nl\/wp-content\/uploads\/2026\/04\/Logo-TheReSales.png","width":1200,"height":304,"caption":"TheReSales"},"image":{"@id":"https:\/\/theresales.nl\/#\/schema\/logo\/image\/"},"sameAs":["https:\/\/www.facebook.com\/theresales.nl","https:\/\/www.instagram.com\/_theresales_\/","https:\/\/nl.pinterest.com\/theresalesgroningen\/","https:\/\/www.linkedin.com\/company\/theresales\/"]}]}},"_links":{"self":[{"href":"https:\/\/theresales.nl\/de\/wp-json\/wp\/v2\/product\/25267","targetHints":{"allow":["GET"]}}],"collection":[{"href":"https:\/\/theresales.nl\/de\/wp-json\/wp\/v2\/product"}],"about":[{"href":"https:\/\/theresales.nl\/de\/wp-json\/wp\/v2\/types\/product"}],"wp:featuredmedia":[{"embeddable":true,"href":"https:\/\/theresales.nl\/de\/wp-json\/wp\/v2\/media\/25268"}],"wp:attachment":[{"href":"https:\/\/theresales.nl\/de\/wp-json\/wp\/v2\/media?parent=25267"}],"wp:term":[{"taxonomy":"product_brand","embeddable":true,"href":"https:\/\/theresales.nl\/de\/wp-json\/wp\/v2\/product_brand?post=25267"},{"taxonomy":"product_cat","embeddable":true,"href":"https:\/\/theresales.nl\/de\/wp-json\/wp\/v2\/product_cat?post=25267"},{"taxonomy":"product_tag","embeddable":true,"href":"https:\/\/theresales.nl\/de\/wp-json\/wp\/v2\/product_tag?post=25267"},{"taxonomy":"ontwerper","embeddable":true,"href":"https:\/\/theresales.nl\/de\/wp-json\/wp\/v2\/ontwerper?post=25267"}],"curies":[{"name":"wp","href":"https:\/\/api.w.org\/{rel}","templated":true}]}}

<p>De Colina rood is een ontwerp van <a href="http://www.lievorealtherrmolina.com/" target="_blank" rel="noopener">Lievore Altherr Molina</a> für die Marke Arper. Es ist weich und doch skulptural, elegant in der Silhouette und großzügig im Design. Durch seinen offenen Charakter ist dieses vielseitige <a href="https://theresales.nl/de/produktkategorie/sessel/" target="_blank" rel="noopener">Sessel</a> sehr geeignet für Büros und von öffentlichen Bereichen bis zu Wohnungen!</p>

<p><strong>Neupreis 950 € pro Stück</strong></p>
<p><strong>Abmessungen</strong><br />
Breite: 76 cm<br />
Tiefe: 65 cm<br />
Höhe: 76 cm<br />
Sitzhöhe: 48 cm<br />
Sitzhöhe: 42 cm</p>
<p><strong>Farbe</strong>Rot<br />
<strong><br />
Material</strong>Stoff</p>

<!-- This site is optimized with the Yoast SEO plugin v27.5 - https://yoast.com/product/yoast-seo-wordpress/ -->
<title>Arper Colina rood - TheReSales</title>
<meta name="description" content="De Colina rood is een ontwerp van Lievore Altherr Molina voor het merk Arper. Het is zacht en toch sculpturaal, elegant van silhouet en royaal van ontwerp." />
<meta name="robots" content="index, follow, max-snippet:-1, max-image-preview:large, max-video-preview:-1" />
<link rel="canonical" href="https://theresales.nl/de/produkt/arper-colina-rood/" />
<meta property="og:locale" content="de_DE" />
<meta property="og:type" content="article" />
<meta property="og:title" content="Arper Colina rood - TheReSales" />
<meta property="og:description" content="De Colina rood is een ontwerp van Lievore Altherr Molina voor het merk Arper. Het is zacht en toch sculpturaal, elegant van silhouet en royaal van ontwerp." />
<meta property="og:url" content="https://theresales.nl/de/produkt/arper-colina-rood/" />
<meta property="og:site_name" content="TheReSales" />
<meta property="article:publisher" content="https://www.facebook.com/theresales.nl" />
<meta property="article:modified_time" content="2026-01-02T11:07:48+00:00" />
<meta property="og:image" content="https://theresales.nl/wp-content/uploads/2023/07/20230726_073208087_iOS.jpg" />
	<meta property="og:image:width" content="1200" />
	<meta property="og:image:height" content="900" />
	<meta property="og:image:type" content="image/jpeg" />
<meta name="twitter:card" content="summary_large_image" />
<meta name="twitter:label1" content="Geschätzte Lesezeit" />
	<meta name="twitter:data1" content="1 Minute" />
<!-- / Yoast SEO plugin. -->
