{"id":19527,"date":"2023-03-07T11:32:29","date_gmt":"2023-03-07T10:32:29","guid":{"rendered":"https:\/\/theresales.nl\/?post_type=product&#038;p=19527"},"modified":"2025-10-29T11:24:37","modified_gmt":"2025-10-29T10:24:37","slug":"allermuir-buffel-senf","status":"publish","type":"product","link":"https:\/\/theresales.nl\/de\/product\/allermuir-bison-mosterd\/","title":{"rendered":"Allermuir Bison Senf"},"content":{"rendered":"<p>Der Bison-Senf ist ein Entwurf von <a href=\"https:\/\/simonpengelly.com\" target=\"_blank\" rel=\"noopener\">Simon Pengelly<\/a> f\u00fcr die Marke Allermuir. Diese <a href=\"https:\/\/theresales.nl\/de\/produktkategorie\/sessel\/\" target=\"_blank\" rel=\"noopener\">Sessel\u00a0<\/a>ist ein wundersch\u00f6n gestaltetes M\u00f6belst\u00fcck, das sowohl Komfort als auch Stil bietet. Dieser Sessel ist aus hochwertigen Materialien gefertigt und mit Liebe zum Detail und Handwerkskunst entworfen. Der Stuhl hat ein auff\u00e4lliges Aussehen mit seinen dicken, gepolsterten Kissen, die auf einem stabilen Metallsockel ruhen. Das Design des Sessels ist modern und doch zeitlos, so dass er sich perfekt in eine Vielzahl von Einrichtungsstilen einf\u00fcgt. Der Sitz des Bison-Sessels ist dank der ergonomisch geformten Kissen und des weichen, strapazierf\u00e4higen Bezugs sehr bequem und st\u00fctzend.<\/p>","protected":false},"excerpt":{"rendered":"<p><strong>Neupreis 1900 \u20ac pro St\u00fcck<\/strong><\/p>\n<p><strong>Abmessungen<\/strong><em><br \/>\n<\/em>Breite: 62,5 cm<br \/>\nTiefe: 51 cm<br \/>\nH\u00f6he: 81 cm<br \/>\nSitzh\u00f6he: 47 cm<br \/>\nSitztiefe: 43 cm<\/p>\n<p><strong>Farbe<\/strong> Senf<\/p>\n<p><strong>Material <\/strong>Stoff<\/p>","protected":false},"featured_media":22421,"template":"","meta":{"_acf_changed":false},"product_brand":[],"product_cat":[19],"product_tag":[302],"ontwerper":[559],"class_list":{"0":"post-19527","1":"product","2":"type-product","3":"status-publish","4":"has-post-thumbnail","6":"product_cat-fauteuils","7":"product_tag-allermuir","8":"ontwerper-simon-pengelly","10":"first","11":"instock","12":"shipping-taxable","13":"purchasable","14":"product-type-simple"},"acf":[],"yoast_head":"<!-- This site is optimized with the Yoast SEO plugin v27.5 - https:\/\/yoast.com\/product\/yoast-seo-wordpress\/ -->\n<title>Allermuir Bison mosterd - TheReSales<\/title>\n<meta name=\"description\" content=\"De Bison mosterd is een ontwerp van Simon Pengelly voor het merk Allermuir. Deze fauteuil\u00a0is\u00a0een prachtig ontworpen meubelstuk.\" \/>\n<meta name=\"robots\" content=\"index, follow, max-snippet:-1, max-image-preview:large, max-video-preview:-1\" \/>\n<link rel=\"canonical\" href=\"https:\/\/theresales.nl\/de\/produkt\/allermuir-buffel-senf\/\" \/>\n<meta property=\"og:locale\" content=\"de_DE\" \/>\n<meta property=\"og:type\" content=\"article\" \/>\n<meta property=\"og:title\" content=\"Allermuir Bison mosterd - TheReSales\" \/>\n<meta property=\"og:description\" content=\"De Bison mosterd is een ontwerp van Simon Pengelly voor het merk Allermuir. Deze fauteuil\u00a0is\u00a0een prachtig ontworpen meubelstuk.\" \/>\n<meta property=\"og:url\" content=\"https:\/\/theresales.nl\/de\/produkt\/allermuir-buffel-senf\/\" \/>\n<meta property=\"og:site_name\" content=\"TheReSales\" \/>\n<meta property=\"article:publisher\" content=\"https:\/\/www.facebook.com\/theresales.nl\" \/>\n<meta property=\"article:modified_time\" content=\"2025-10-29T10:24:37+00:00\" \/>\n<meta property=\"og:image\" content=\"https:\/\/theresales.nl\/wp-content\/uploads\/2023\/03\/20230519_114447691_iOS.jpg\" \/>\n\t<meta property=\"og:image:width\" content=\"1200\" \/>\n\t<meta property=\"og:image:height\" content=\"900\" \/>\n\t<meta property=\"og:image:type\" content=\"image\/jpeg\" \/>\n<meta name=\"twitter:card\" content=\"summary_large_image\" \/>\n<meta name=\"twitter:label1\" content=\"Gesch\u00e4tzte Lesezeit\" \/>\n\t<meta name=\"twitter:data1\" content=\"1\u00a0Minute\" \/>\n<!-- \/ Yoast SEO plugin. -->","yoast_head_json":{"title":"Allermuir Bison Senf TheReSales","description":"Der Bison Senf ist ein Entwurf von Simon Pengelly f\u00fcr die Marke Allermuir. Dieser Sessel ist ein wundersch\u00f6n gestaltetes M\u00f6belst\u00fcck.","robots":{"index":"index","follow":"follow","max-snippet":"max-snippet:-1","max-image-preview":"max-image-preview:large","max-video-preview":"max-video-preview:-1"},"canonical":"https:\/\/theresales.nl\/de\/produkt\/allermuir-buffel-senf\/","og_locale":"de_DE","og_type":"article","og_title":"Allermuir Bison mosterd - TheReSales","og_description":"De Bison mosterd is een ontwerp van Simon Pengelly voor het merk Allermuir. Deze fauteuil\u00a0is\u00a0een prachtig ontworpen meubelstuk.","og_url":"https:\/\/theresales.nl\/de\/produkt\/allermuir-buffel-senf\/","og_site_name":"TheReSales","article_publisher":"https:\/\/www.facebook.com\/theresales.nl","article_modified_time":"2025-10-29T10:24:37+00:00","og_image":[{"width":1200,"height":900,"url":"https:\/\/theresales.nl\/wp-content\/uploads\/2023\/03\/20230519_114447691_iOS.jpg","type":"image\/jpeg"}],"twitter_card":"summary_large_image","twitter_misc":{"Gesch\u00e4tzte Lesezeit":"1\u00a0Minute"},"schema":{"@context":"https:\/\/schema.org","@graph":[{"@type":"WebPage","@id":"https:\/\/theresales.nl\/product\/allermuir-bison-mosterd\/","url":"https:\/\/theresales.nl\/product\/allermuir-bison-mosterd\/","name":"Allermuir Bison Senf TheReSales","isPartOf":{"@id":"https:\/\/theresales.nl\/#website"},"primaryImageOfPage":{"@id":"https:\/\/theresales.nl\/product\/allermuir-bison-mosterd\/#primaryimage"},"image":{"@id":"https:\/\/theresales.nl\/product\/allermuir-bison-mosterd\/#primaryimage"},"thumbnailUrl":"https:\/\/theresales.nl\/wp-content\/uploads\/2023\/03\/20230519_114447691_iOS.jpg","datePublished":"2023-03-07T10:32:29+00:00","dateModified":"2025-10-29T10:24:37+00:00","description":"Der Bison Senf ist ein Entwurf von Simon Pengelly f\u00fcr die Marke Allermuir. Dieser Sessel ist ein wundersch\u00f6n gestaltetes M\u00f6belst\u00fcck.","breadcrumb":{"@id":"https:\/\/theresales.nl\/product\/allermuir-bison-mosterd\/#breadcrumb"},"inLanguage":"de","potentialAction":[{"@type":"ReadAction","target":["https:\/\/theresales.nl\/product\/allermuir-bison-mosterd\/"]}]},{"@type":"ImageObject","inLanguage":"de","@id":"https:\/\/theresales.nl\/product\/allermuir-bison-mosterd\/#primaryimage","url":"https:\/\/theresales.nl\/wp-content\/uploads\/2023\/03\/20230519_114447691_iOS.jpg","contentUrl":"https:\/\/theresales.nl\/wp-content\/uploads\/2023\/03\/20230519_114447691_iOS.jpg","width":1200,"height":900,"caption":"Allermuir-Mosterd-Bison-Fauteuil-TheReSales"},{"@type":"BreadcrumbList","@id":"https:\/\/theresales.nl\/product\/allermuir-bison-mosterd\/#breadcrumb","itemListElement":[{"@type":"ListItem","position":1,"name":"Home","item":"https:\/\/theresales.nl\/"},{"@type":"ListItem","position":2,"name":"Collectie","item":"https:\/\/theresales.nl\/collectie\/"},{"@type":"ListItem","position":3,"name":"Allermuir Bison mosterd"}]},{"@type":"WebSite","@id":"https:\/\/theresales.nl\/#website","url":"https:\/\/theresales.nl\/","name":"TheReSales","description":"Tweedehands Design Meubelen","publisher":{"@id":"https:\/\/theresales.nl\/#organization"},"potentialAction":[{"@type":"SearchAction","target":{"@type":"EntryPoint","urlTemplate":"https:\/\/theresales.nl\/?s={search_term_string}"},"query-input":{"@type":"PropertyValueSpecification","valueRequired":true,"valueName":"search_term_string"}}],"inLanguage":"de"},{"@type":"Organization","@id":"https:\/\/theresales.nl\/#organization","name":"TheReSales","url":"https:\/\/theresales.nl\/","logo":{"@type":"ImageObject","inLanguage":"de","@id":"https:\/\/theresales.nl\/#\/schema\/logo\/image\/","url":"https:\/\/theresales.nl\/wp-content\/uploads\/2026\/04\/Logo-TheReSales.png","contentUrl":"https:\/\/theresales.nl\/wp-content\/uploads\/2026\/04\/Logo-TheReSales.png","width":1200,"height":304,"caption":"TheReSales"},"image":{"@id":"https:\/\/theresales.nl\/#\/schema\/logo\/image\/"},"sameAs":["https:\/\/www.facebook.com\/theresales.nl","https:\/\/www.instagram.com\/_theresales_\/","https:\/\/nl.pinterest.com\/theresalesgroningen\/","https:\/\/www.linkedin.com\/company\/theresales\/"]}]}},"_links":{"self":[{"href":"https:\/\/theresales.nl\/de\/wp-json\/wp\/v2\/product\/19527","targetHints":{"allow":["GET"]}}],"collection":[{"href":"https:\/\/theresales.nl\/de\/wp-json\/wp\/v2\/product"}],"about":[{"href":"https:\/\/theresales.nl\/de\/wp-json\/wp\/v2\/types\/product"}],"wp:featuredmedia":[{"embeddable":true,"href":"https:\/\/theresales.nl\/de\/wp-json\/wp\/v2\/media\/22421"}],"wp:attachment":[{"href":"https:\/\/theresales.nl\/de\/wp-json\/wp\/v2\/media?parent=19527"}],"wp:term":[{"taxonomy":"product_brand","embeddable":true,"href":"https:\/\/theresales.nl\/de\/wp-json\/wp\/v2\/product_brand?post=19527"},{"taxonomy":"product_cat","embeddable":true,"href":"https:\/\/theresales.nl\/de\/wp-json\/wp\/v2\/product_cat?post=19527"},{"taxonomy":"product_tag","embeddable":true,"href":"https:\/\/theresales.nl\/de\/wp-json\/wp\/v2\/product_tag?post=19527"},{"taxonomy":"ontwerper","embeddable":true,"href":"https:\/\/theresales.nl\/de\/wp-json\/wp\/v2\/ontwerper?post=19527"}],"curies":[{"name":"wp","href":"https:\/\/api.w.org\/{rel}","templated":true}]}}

<p>Der Bison-Senf ist ein Entwurf von <a href="https://simonpengelly.com" target="_blank" rel="noopener">Simon Pengelly</a> für die Marke Allermuir. Diese <a href="https://theresales.nl/de/produktkategorie/sessel/" target="_blank" rel="noopener">Sessel </a>ist ein wunderschön gestaltetes Möbelstück, das sowohl Komfort als auch Stil bietet. Dieser Sessel ist aus hochwertigen Materialien gefertigt und mit Liebe zum Detail und Handwerkskunst entworfen. Der Stuhl hat ein auffälliges Aussehen mit seinen dicken, gepolsterten Kissen, die auf einem stabilen Metallsockel ruhen. Das Design des Sessels ist modern und doch zeitlos, so dass er sich perfekt in eine Vielzahl von Einrichtungsstilen einfügt. Der Sitz des Bison-Sessels ist dank der ergonomisch geformten Kissen und des weichen, strapazierfähigen Bezugs sehr bequem und stützend.</p>

<p><strong>Neupreis 1900 € pro Stück</strong></p>
<p><strong>Abmessungen</strong><em><br />
</em>Breite: 62,5 cm<br />
Tiefe: 51 cm<br />
Höhe: 81 cm<br />
Sitzhöhe: 47 cm<br />
Sitztiefe: 43 cm</p>
<p><strong>Farbe</strong> Senf</p>
<p><strong>Material </strong>Stoff</p>

<!-- This site is optimized with the Yoast SEO plugin v27.5 - https://yoast.com/product/yoast-seo-wordpress/ -->
<title>Allermuir Bison mosterd - TheReSales</title>
<meta name="description" content="De Bison mosterd is een ontwerp van Simon Pengelly voor het merk Allermuir. Deze fauteuil is een prachtig ontworpen meubelstuk." />
<meta name="robots" content="index, follow, max-snippet:-1, max-image-preview:large, max-video-preview:-1" />
<link rel="canonical" href="https://theresales.nl/de/produkt/allermuir-buffel-senf/" />
<meta property="og:locale" content="de_DE" />
<meta property="og:type" content="article" />
<meta property="og:title" content="Allermuir Bison mosterd - TheReSales" />
<meta property="og:description" content="De Bison mosterd is een ontwerp van Simon Pengelly voor het merk Allermuir. Deze fauteuil is een prachtig ontworpen meubelstuk." />
<meta property="og:url" content="https://theresales.nl/de/produkt/allermuir-buffel-senf/" />
<meta property="og:site_name" content="TheReSales" />
<meta property="article:publisher" content="https://www.facebook.com/theresales.nl" />
<meta property="article:modified_time" content="2025-10-29T10:24:37+00:00" />
<meta property="og:image" content="https://theresales.nl/wp-content/uploads/2023/03/20230519_114447691_iOS.jpg" />
	<meta property="og:image:width" content="1200" />
	<meta property="og:image:height" content="900" />
	<meta property="og:image:type" content="image/jpeg" />
<meta name="twitter:card" content="summary_large_image" />
<meta name="twitter:label1" content="Geschätzte Lesezeit" />
	<meta name="twitter:data1" content="1 Minute" />
<!-- / Yoast SEO plugin. -->

Der Bison Senf ist ein Entwurf von Simon Pengelly für die Marke Allermuir. Dieser Sessel ist ein wunderschön gestaltetes Möbelstück.
